{"text_format":"1","workbook":"xlsx","n_sheets":4,"sheets":["Description of columns","Measures","Exchange rates to USD","selection lists"],"not_rendered":{"charts":0,"images":0,"macros":1,"external_links":1,"defined_names":4,"comments":1,"pivot_tables":0},"unopened":[],"bounds":{"document_bytes":16777216,"sheet_cells":100000,"rows_first":2000,"rows_last":500,"rows_between":2000,"halvings":0,"cell_chars":16384,"cell_head_chars":4096},"cells_cut":0,"cells_raw":0,"read":"whole","date_system":"1900"}

{"sheet":"Description of columns","index":0,"n_rows":21,"n_cols":3,"rows_kept":21,"cut":false,"hidden":false,"merged":[[10,2,12,2],[14,2,15,2],[18,2,20,2]]}
["This list describes the column headings in the main \"Measures\" sheet"]
[]
["Column letter","Column heading","Description"]
["A","Identification number","Unique identifier per line"]
["B","Country","3-letter country code"]
["C","Type of measure","Categorisatioin of policy type"]
["D","Scope","Economy-wide, sectoral, sub-national etc"]
["E","Sector","Which sector(s) covered"]
["F","Value of measure (USD or specify)","Total value of funding announced (if applicable)"]
["G","Infrastructure relevant?","Relevant to infrastructure or not"]
["H","Environmental dimension 1","Up to three environmental dimensions potentially affected by the measure (positively or negatively)"]
["I","Environmental dimension 2"]
["J","Environmental dimension 3"]
["K","Summary description","Description of measure"]
["L","Source","Online source for data"]
["M","Source 2"]
["N","Comments"]
["O","Updated on","Date that the entry was last updated"]
["P","Original currency","Currency conversion fields"]
["Q","Original value (million)"]
["R","Convert to USD millions"]

{"sheet":"Measures","index":1,"n_rows":858,"n_cols":22,"rows_kept":858,"cut":false,"hidden":false,"merged":[]}
["Identification number","Country","Type of measure","Scope","Sector","Value of measure (USD or specify)","Environmental dimension 1","Environmental dimension 2","Environmental dimension 3","Summary description","Source 1","Source 2","Environmental impact category\n","Comments","Updated on","Million original currency","Million original currency","Convert to USD millions","Country comments/\nRevisions"]
["AUS1","AUS","Grant/Loan (including interest-free loans)","Sectoral","Air transport","AUD 100m","Climate Mitigation",null,null,"Regional Airlines Funding Assistance - assist smaller regional domestic air service providers to help manage cash flow issues they may be experiencing as a result of the mpacts of the Coronavirus.","https://treasury.gov.au/sites/default/files/2020-07/Fact_Sheet-COVID-19_Relief_Fund.pdf",null,"Negative",null,null,"AUD",100,{"$f":"IFERROR(Q2/VLOOKUP(P2,'Exchange rates to USD'!$L$2:$N$225,3,FALSE()),\"\")","v":70.7021032604051}]
["AUS2","AUS","Grant/Loan (including interest-free loans)","Sectoral","Air transport","AUD 198m","Climate Mitigation",null,null,"Regional Network Air Assistance -  to assist domestic commercial airlines to maintain a basic level of connectivity across their network of regional routes. This is supporting critical air services, connecting regional Australia to freight, medical testing, supplies and essential personnel.","https://treasury.gov.au/sites/default/files/2020-07/Fact_Sheet-COVID-19_Relief_Fund.pdf",null,"Indeterminate",null,null,"AUD",198,{"$f":"IFERROR(Q3/VLOOKUP(P3,'Exchange rates to USD'!$L$2:$N$225,3,FALSE()),\"\")","v":139.990164455602}]
["AUS3","AUS","Grant/Loan (including interest-free loans)","Sectoral","Air transport","AUD 110m","Climate Mitigation",null,null,"Airfreight Support - an International Freight Assistance Mechanism (IFAM) to keep open key international freight links with trading partners for goods coming into and going out of Australia. IFAM will support the efforts of businesses trading internationally, including in the agricultural, seafood and healthcare sectors, to re-establish key global supply chains, which have been disrupted by the Coronavirus, supporting the international economic recovery. ","https://treasury.gov.au/sites/default/files/2020-07/Fact_Sheet-COVID-19_Relief_Fund.pdf",null,"Negative",null,null,"AUD",110,{"$f":"IFERROR(Q4/VLOOKUP(P4,'Exchange rates to USD'!$L$2:$N$225,3,FALSE()),\"\")","v":77.7723135864456}]
["AUS4","AUS","Tax reduction / Other subsidy","Sectoral","Multiple or economy-wide",null,"Biodiversity",null,null,"Levy Relief from Commonwealth Fisheries - The Australian Government is waiving the final two instalments of levies for Commonwealth managed fisheries, reducing levies for the 2019-20 financial year by two thirds. No estimate of revenue foregone provided","https://treasury.gov.au/sites/default/files/2020-07/Fact_Sheet-COVID-19_Relief_Fund.pdf",null,"Indeterminate",null,null,null,null,{"$f":"IFERROR(Q5/VLOOKUP(P5,'Exchange rates to USD'!$L$2:$N$225,3,FALSE()),\"\")","v":""}]
["AUS5","AUS","Tax reduction / Other subsidy","Economy-wide","Multiple or economy-wide","AUD 12m","Biodiversity",null,null,"Fee Waivers for Commonwealth National Parks plus support for businesses operating in Commonwealth National Parks","https://treasury.gov.au/sites/default/files/2020-07/Fact_Sheet-COVID-19_Relief_Fund.pdf",null,"Indeterminate",null,null,"AUD",12,{"$f":"IFERROR(Q6/VLOOKUP(P6,'Exchange rates to USD'!$L$2:$N$225,3,FALSE()),\"\")","v":8.48425239124861}]
["AUS6","AUS","Tax reduction / Other subsidy","Sectoral","Multiple or economy-wide","AUD 8.1m","Biodiversity",null,null,"Temporary waiver of environmental management change in the Great Barrier Reef Marine Park","https://treasury.gov.au/sites/default/files/2020-07/Fact_Sheet-COVID-19_Relief_Fund.pdf",null,"Negative",null,null,"AUD",8.1,{"$f":"IFERROR(Q7/VLOOKUP(P7,'Exchange rates to USD'!$L$2:$N$225,3,FALSE()),\"\")","v":5.72687036409281}]
["AUS7","AUS","Grant/Loan (including interest-free loans)","Sectoral","Multiple or economy-wide","AUD 4m","Biodiversity",null,null,"Seafood Sector COVID-19 Support - \"Eat Seafood Australia\" Campaign","https://treasury.gov.au/sites/default/files/2020-07/Fact_Sheet-COVID-19_Relief_Fund.pdf",null,"Indeterminate",null,null,"AUD",4,{"$f":"IFERROR(Q8/VLOOKUP(P8,'Exchange rates to USD'!$L$2:$N$225,3,FALSE()),\"\")","v":2.8280841304162}]
["AUS8","AUS","Grant/Loan (including interest-free loans)","Sectoral","Industry","AUD 10m","Biodiversity",null,null,"Securing forestry resources for economic recovery -  funding to Australia’s forestry industries to help manage the compounding effects of the Coronavirus crisis and the 2019-20 bushfire season. This initiative will safeguard the future timber supply by assisting with the storage of fire-affected salvage logs, processed timber products, and other forestry products. ","https://treasury.gov.au/sites/default/files/2020-07/Fact_Sheet-COVID-19_Relief_Fund.pdf",null,"Positive",null,null,"AUD",10,{"$f":"IFERROR(Q9/VLOOKUP(P9,'Exchange rates to USD'!$L$2:$N$225,3,FALSE()),\"\")","v":7.07021032604051}]
["AUS9","AUS","Tax reduction / Other subsidy","Sectoral","Energy",null,"Waste & recycling","Water",null,"Temporary oil recycling sector support -  temporarily increases the subsidy paid to oil recyclers under the Product Stewardship Oil Scheme for category one oil from 50 cents per litre to 62 cents per litre. The Australian Government established the Product Stewardship Oil Scheme in 2001 to address the mismanagement of unconsumed used oils. The Australian Government pays a benefit to oil recyclers to incentivise the collection and re-refinement of waste oil. No estimate of subsidy provided.","https://treasury.gov.au/sites/default/files/2020-07/Fact_Sheet-COVID-19_Relief_Fund.pdf",null,"Positive",null,null,null,null,{"$f":"IFERROR(Q10/VLOOKUP(P10,'Exchange rates to USD'!$L$2:$N$225,3,FALSE()),\"\")","v":""}]
["AUS10","AUS","Grant/Loan (including interest-free loans)","Sectoral","Air transport","AUD 715m","Climate Mitigation",null,null,"Support for Australian Airlines and Airports - The Government will provide initial support to our airline industry through an estimated $715 million package of relief from a range of taxes and Government charges. This will include reimbursement of aviation fuel taxes, relief of Airservices Australia charges, rebate for Domestic Aviation Security, funding Regional Aviation Security.","https://treasury.gov.au/sites/default/files/2020-03/Fact_sheet-Assistance_for_severely_affected_regions_and_sectors.pdf",null,"Negative",null,null,"AUD",715,{"$f":"IFERROR(Q11/VLOOKUP(P11,'Exchange rates to USD'!$L$2:$N$225,3,FALSE()),\"\")","v":505.520038311896}]
["AUS11","AUS","Grant/Loan (including interest-free loans)","Economy-wide","Multiple or economy-wide","AUD 1 billion","Other",null,null,"Support for Coronavirus-affected Regions, Communities and Industries","https://treasury.gov.au/sites/default/files/2020-03/Fact_sheet-Assistance_for_severely_affected_regions_and_sectors.pdf",null,"Indeterminate",null,null,"AUD",1000,{"$f":"IFERROR(Q12/VLOOKUP(P12,'Exchange rates to USD'!$L$2:$N$225,3,FALSE()),\"\")","v":707.021032604051}]
["AUS12","AUS","Grant/Loan (including interest-free loans)","City/regional","Multiple or economy-wide","AUD 51.8 billion","Climate Mitigation","Air Pollution","Other","Infrastructure guarantee fund - maintaining the current State infrastructure investment program at $51.8 billion over the next four years 2019-20 to 2022-23","https://www.covid19.qld.gov.au/government-actions/our-economic-recovery-strategy",null,"Mixed",null,null,"AUD",51800,{"$f":"IFERROR(Q13/VLOOKUP(P13,'Exchange rates to USD'!$L$2:$N$225,3,FALSE()),\"\")","v":36623.6894888898}]
["AUS13","AUS","Grant/Loan (including interest-free loans)","Sector-specific","Buildings",null,"Biodiversity",null,null,"HomeBuilder provides eligible owner-occupiers (including first home buyers) with a grant to build a new home or substantially renovate an existing home. HomeBuilder assists the residential construction sector by encouraging the commencement of new home builds and renovations.","https://treasury.gov.au/coronavirus/homebuilder","https://treasury.gov.au/sites/default/files/2020-12/HomeBuilder_extension_factsheet.pdf","Indeterminate",null,"2021-03-05",null,null,null,"changed dimension from biodiversity to climate. Change impact to mixed/No Infrast. relevant? The measure is expected to have an impact of AUD 921 million"]
["AUS14","AUS","Regulatory change","Sector-specific","Agriculture","AUD 14.4m","Other",null,null,"Improving Regulation post-COVID-19 including Targeted Interventions for Seafood and Live Animal Exporters","https://www.awe.gov.au/sites/default/files/2020-10/budget-2020-21_cultivating-profitable-and-resilient-agricultural-businesses.pdf",null,"Indeterminate",null,"2021-04-08","AUD",14.4,{"$f":"IFERROR(Q15/VLOOKUP(P15,'Exchange rates to USD'!$L$2:$N$225,3,FALSE()),\"\")","v":10.1811028694983}]
["AUS15","AUS","Other","Sector-specific","Buildings","AUD 40.6m","Biodiversity",null,null,"Protecting and restoring Sydney Harbour Federation Trust properties","https://www.awe.gov.au/sites/default/files/2020-10/budget-2020-21_protecting-our-iconic-places.pdf",null,"Indeterminate",null,"2021-04-08","AUD",40.6,{"$f":"IFERROR(Q16/VLOOKUP(P16,'Exchange rates to USD'!$L$2:$N$225,3,FALSE()),\"\")","v":28.7050539237245}]
["AUS16","AUS","Grant/Loan (including interest-free loans)","Sector-specific","Multiple or economy-wide","AUD 3.2m","Biodiversity","Water",null,"Great Barrier Reef tourism industry activation and reef protection, maintenance and monitoring.","https://www.awe.gov.au/sites/default/files/2020-10/budget-2020-21_protecting-our-iconic-places.pdf",null,"Indeterminate",null,"2021-04-08","AUD",3.2,{"$f":"IFERROR(Q17/VLOOKUP(P17,'Exchange rates to USD'!$L$2:$N$225,3,FALSE()),\"\")","v":2.26246730433296}]
["AUS17","AUS","Grant/Loan (including interest-free loans)","Sector-specific","Multiple or economy-wide","AUD 5.5m","Other","Biodiversity",null,"Supplementing GBRMPA for waiving environmental management charges","https://www.awe.gov.au/sites/default/files/2020-10/budget-2020-21_protecting-our-iconic-places.pdf",null,"Indeterminate",null,"2021-04-08","AUD",5.5,{"$f":"IFERROR(Q18/VLOOKUP(P18,'Exchange rates to USD'!$L$2:$N$225,3,FALSE()),\"\")","v":3.88861567932228}]
["AUS18","AUS","Tax reduction / other subsidy","Sector-specific","Multiple or economy-wide","AUD 6m","Other","Biodiversity",null,"Extending waiver of the GBRMPA Environment Management Charge","https://www.awe.gov.au/sites/default/files/2020-10/budget-2020-21_protecting-our-iconic-places.pdf",null,"Indeterminate",null,"2021-04-08","AUD",6,{"$f":"IFERROR(Q19/VLOOKUP(P19,'Exchange rates to USD'!$L$2:$N$225,3,FALSE()),\"\")","v":4.24212619562431}]
["AUS19","AUS","Grant/Loan (including interest-free loans)","Sector-specific","Multiple or economy-wide","AUD 11.2m","Other","Biodiversity",null,"Supplementing our National Parks for waiving park entry fees to Kakadu, Uluru Kata-Tjuta and Booderee, to provide incentives for travellers to visit after restrictions relax ","https://www.awe.gov.au/sites/default/files/2020-10/budget-2020-21_protecting-our-iconic-places.pdf",null,"Indeterminate",null,"2021-04-08","AUD",11.2,{"$f":"IFERROR(Q20/VLOOKUP(P20,'Exchange rates to USD'!$L$2:$N$225,3,FALSE()),\"\")","v":7.91863556516537}]
["AUS20","AUS","Grant/Loan (including interest-free loans)","Sector-specific","Multiple or economy-wide","AUD 5m","Other",null,null,"Support critical capital works and capital projects to refurbish and replace external structures at Reef HQ.","https://www.infrastructure.gov.au/department/statements/2020_2021/ministerial-statement/agriculture-water-environment.aspx#new",null,"Positive",null,"2021-04-08","AUD",5,{"$f":"IFERROR(Q21/VLOOKUP(P21,'Exchange rates to USD'!$L$2:$N$225,3,FALSE()),\"\")","v":3.53510516302025}]
["AUS21","AUS","Other","Sector-specific","Waste management","AUD 59.6m","Waste & recycling",null,null,"National Waste Policy Action Plan implementation","https://www.awe.gov.au/sites/default/files/2020-10/budget-2020-21_transforming-waste-recycling.pdf",null,"Positive",null,"2021-04-08","AUD",59.6,{"$f":"IFERROR(Q22/VLOOKUP(P22,'Exchange rates to USD'!$L$2:$N$225,3,FALSE()),\"\")","v":42.1384535432014}]
["AUS22","AUS","Other","Sector-specific","Waste management","AUD 190m","Waste & recycling",null,null,"Recycling Modernisation Fund - will support waste recovery and combined with the National Waste Policy Action Plan will create over 10,000 jobs over the next 10 years. ","https://www.awe.gov.au/sites/default/files/2020-10/budget-2020-21_transforming-waste-recycling.pdf",null,"Positive",null,"2021-04-08","AUD",190,{"$f":"IFERROR(Q23/VLOOKUP(P23,'Exchange rates to USD'!$L$2:$N$225,3,FALSE()),\"\")","v":134.33399619477}]
["AUS23","AUS","Other","Sector-specific","Multiple or economy-wide","AUD 2.5m","Biodiversity","Adaptation",null,"Exploring market-based solutions for habitat restoration","https://www.awe.gov.au/sites/default/files/2020-10/budget-2020-21_reforming-environmental-laws-regulations_0.pdf",null,"Positive",null,"2021-04-08","AUD",2.5,{"$f":"IFERROR(Q24/VLOOKUP(P24,'Exchange rates to USD'!$L$2:$N$225,3,FALSE()),\"\")","v":1.76755258151013}]
["AUS24","AUS","Grant/Loan (including interest-free loans)","City/regional","Multiple or economy-wide","AUD 37.6m","Biodiversity","Water",null,"Projects that will sustain South Australia Riverland environments","https://www.awe.gov.au/sites/default/files/2020-10/budget_2020-21_investing-in-communities-and-building-confidence-in-the-basin-plan.pdf",null,"Positive",null,"2021-04-08","AUD",37.6,{"$f":"IFERROR(Q25/VLOOKUP(P25,'Exchange rates to USD'!$L$2:$N$225,3,FALSE()),\"\")","v":26.5839908259123}]
["AUS25","AUS","Grant/Loan (including interest-free loans)","City/regional","Multiple or economy-wide","AUD 24.5m","Biodiversity","Water",null,"Community driven projects to improve the health of rivers and wetlands","https://www.awe.gov.au/sites/default/files/2020-10/budget_2020-21_investing-in-communities-and-building-confidence-in-the-basin-plan.pdf",null,"Positive",null,"2021-04-08","AUD",24.5,{"$f":"IFERROR(Q26/VLOOKUP(P26,'Exchange rates to USD'!$L$2:$N$225,3,FALSE()),\"\")","v":17.3220152987992}]
["AUS26","AUS","Other","City/regional","Multiple or economy-wide","AUD 4.2m","Biodiversity",null,null,"First Nations River Ranger Program","https://www.awe.gov.au/sites/default/files/2020-10/budget_2020-21_investing-in-communities-and-building-confidence-in-the-basin-plan.pdf",null,"Positive",null,"2021-04-08","AUD",4.2,{"$f":"IFERROR(Q27/VLOOKUP(P27,'Exchange rates to USD'!$L$2:$N$225,3,FALSE()),\"\")","v":2.96948833693701}]
["AUS27","AUS","Other","City/regional","Multiple or economy-wide","AUD 20m","Biodiversity","Water",null,"Reef builder - aiding the recovery of coastal communities","https://www.awe.gov.au/sites/default/files/2020-10/budget-2020-21_supporting-healthy-oceans.pdf",null,"Positive",null,"2021-04-08","AUD",20,{"$f":"IFERROR(Q28/VLOOKUP(P28,'Exchange rates to USD'!$L$2:$N$225,3,FALSE()),\"\")","v":14.140420652081}]
["AUS28","AUS","Skills training","City/regional","Multiple or economy-wide","AUD 23m","Biodiversity","Adaptation",null,"Green jobs - Employment of people with no prior skill in environmental restoration and conservation","Green Recovery Measures for Western Australia - Sustainable Recovery 2020 (iisd.org)",null,"Positive",null,"2021-04-08","AUD",23,{"$f":"IFERROR(Q29/VLOOKUP(P29,'Exchange rates to USD'!$L$2:$N$225,3,FALSE()),\"\")","v":16.2614837498932}]
["AUS29","AUS","Grant/Loan (including interest-free loans)","Sector-specific","Energy","AUD 10m","Climate Mitigation","Air Pollution",null,"Investment directed towards the Clean Energy Future Fund to invest in clean energy technologies","Green Recovery Measures for Western Australia - Sustainable Recovery 2020 (iisd.org)",null,"Positive",null,"2021-04-08","AUD",10,{"$f":"IFERROR(Q30/VLOOKUP(P30,'Exchange rates to USD'!$L$2:$N$225,3,FALSE()),\"\")","v":7.07021032604051}]
["AUS30","AUS","Other","City/regional","Energy","AUD 6m","Climate Mitigation","Air Pollution",null,"Installation of rooftop solar PV on social housing","Green Recovery Measures for Western Australia - Sustainable Recovery 2020 (iisd.org)",null,"Positive",null,"2021-04-08","AUD",6,{"$f":"IFERROR(Q31/VLOOKUP(P31,'Exchange rates to USD'!$L$2:$N$225,3,FALSE()),\"\")","v":4.24212619562431}]
["AUS31","AUS","Other","City/regional","Buildings","AUD 13m","Other","Biodiversity",null,"Upgrades at Volunteer Emergency Services stations and units across Western Australia (inclusing fire and rescue services and bush fire brigades)","Green Recovery Measures for Western Australia - Sustainable Recovery 2020 (iisd.org)",null,"Positive",null,"2021-04-08","AUD",13,{"$f":"IFERROR(Q32/VLOOKUP(P32,'Exchange rates to USD'!$L$2:$N$225,3,FALSE()),\"\")","v":9.19127342385266}]
["AUS32","AUS","Skills training","City/regional","Multiple or economy-wide","AUD 5.5m","Other","Climate Mitigation",null,"Creating jobs in Western Australia across sectors such as renewable energy, agriculture, construction and education. ","Green Recovery Measures for Western Australia - Sustainable Recovery 2020 (iisd.org)",null,"Positive",null,"2021-04-08","AUD",5.5,{"$f":"IFERROR(Q33/VLOOKUP(P33,'Exchange rates to USD'!$L$2:$N$225,3,FALSE()),\"\")","v":3.88861567932228}]
["AUS33","AUS","Grant/Loan (including interest-free loans)","Sector-specific","Energy","AUD 50m","Climate Mitigation","Air Pollution",null,"Carbon Capture Use and Storage Development Fund for piloting carbon capture projects to help cut emissions","Investment in new energy technologies | Prime Minister of Australia (pm.gov.au)",null,"Positive",null,"2021-04-08","AUD",50,{"$f":"IFERROR(Q34/VLOOKUP(P34,'Exchange rates to USD'!$L$2:$N$225,3,FALSE()),\"\")","v":35.3510516302025}]
["AUS34","AUS","Grant/Loan (including interest-free loans)","Sector-specific","Energy","AUD 95.4m","Climate Mitigation",null,null,"Technology Co-Investment Fund to support agriculture, manufacturing, industrial and transport sector businesses that adopt technologies that increase energy productivity","Clean Recovery: Australia to invest in future energy technology - Sustainable Recovery 2020 (iisd.org)",null,"Mixed",null,"2021-04-08","AUD",95,{"$f":"IFERROR(Q35/VLOOKUP(P35,'Exchange rates to USD'!$L$2:$N$225,3,FALSE()),\"\")","v":67.1669980973848}]
["AUS35","AUS","Other","City/regional","Energy","AUD 67m","Climate Mitigation",null,null,"Support for micro-grids in regional and remote communities to deliver affordable and reliable power.","Clean Recovery: Australia to invest in future energy technology - Sustainable Recovery 2020 (iisd.org)",null,"Mixed",null,"2021-04-08","AUD",67,{"$f":"IFERROR(Q36/VLOOKUP(P36,'Exchange rates to USD'!$L$2:$N$225,3,FALSE()),\"\")","v":47.3704091844714}]
["AUS36","AUS","Grant/Loan (including interest-free loans)","Sector-specific","Energy","AUD 52.2m","Climate Mitigation",null,null,"Investments in home and business energy productivity","Investment in new energy technologies | Prime Minister of Australia (pm.gov.au)",null,"Mixed",null,"2021-04-08","AUD",52.2,{"$f":"IFERROR(Q37/VLOOKUP(P37,'Exchange rates to USD'!$L$2:$N$225,3,FALSE()),\"\")","v":36.9064979019315}]
["AUS37","AUS","Other","Sector-specific","Energy","AUD 70.2m","Climate Mitigation","Air Pollution",null,"Setting up a hydrogen export hub to take advantage of the advancements in this low emissions/high powered source of energy","Investment in new energy technologies | Prime Minister of Australia (pm.gov.au)",null,"Positive",null,"2021-04-08","AUD",70.2,{"$f":"IFERROR(Q38/VLOOKUP(P38,'Exchange rates to USD'!$L$2:$N$225,3,FALSE()),\"\")","v":49.6328764888044}]
["AUS38","AUS","Grant/Loan (including interest-free loans)","Sector-specific","Energy","AUD 74.5m","Climate Mitigation",null,null,"Future Fuels Fund to help businesses and regional communities take advantage of opportunities offered by hydrogen, electric and bio-fuelled vehicles","Investment in new energy technologies | Prime Minister of Australia (pm.gov.au)",null,"Positive",null,"2021-04-08","AUD",74.5,{"$f":"IFERROR(Q39/VLOOKUP(P39,'Exchange rates to USD'!$L$2:$N$225,3,FALSE()),\"\")","v":52.6730669290018}]
["AUS39","AUS","Grant/Loan (including interest-free loans)","Sector-specific","Energy","AUD 40.2m","Climate Mitigation","Air Pollution",null,"Boosting energy and emissions data and cyber-security reporting and supporting the delivery of future Low Emissions Technology Statements under the Technology Investment Roadmap process, as well as developing an offshore clean energy project development framework.","Investment in new energy technologies | Prime Minister of Australia (pm.gov.au)",null,"Positive",null,"2021-04-08","AUD",40.2,{"$f":"IFERROR(Q40/VLOOKUP(P40,'Exchange rates to USD'!$L$2:$N$225,3,FALSE()),\"\")","v":28.4222455106828}]
["AUS40","AUS","Grant/Loan (including interest-free loans)","Sector-specific","Energy","AUD 200m","Climate Mitigation",null,null,"Clean Energy Innovation Fund for debt and equity investments in emerging clean energy projects and businesses (jointly administered with Clean Energy Finance Cooproation).","https://www.industry.gov.au/sites/default/files/2020-10/2020-21-department-of-industry-science-enery-and-resources-pbs.pdf",null,"Positive",null,"2021-04-08","AUD",200,{"$f":"IFERROR(Q41/VLOOKUP(P41,'Exchange rates to USD'!$L$2:$N$225,3,FALSE()),\"\")","v":141.40420652081}]
["AUS41","AUS","Grant/Loan (including interest-free loans)","Sector-specific","Buildings","AUD 2b","Water",null,null,"Funding for projects through the National Water Infrastructure Fund to deliver increased water security, build resilience, deliver jobs and grow agrocultural sector. I.e. National Water Grid.","https://minister.infrastructure.gov.au/mccormack/media-release/infrastructure-investment-laying-foundations-australias-economic-recovery",null,"Positive",null,"2021-04-08","AUD",2000,{"$f":"IFERROR(Q42/VLOOKUP(P42,'Exchange rates to USD'!$L$2:$N$225,3,FALSE()),\"\")","v":1414.0420652081}]
["AUS42","AUS","Other","Sector-specific","Multiple or economy-wide","AUD 33.5m","Other","Biodiversity",null,"Sustaining tourism at Australia's iconic World and National Heritage sites. Including improvements to visitor facilities and accomodation.","https://www.infrastructure.gov.au/department/statements/2020_2021/ministerial-statement/agriculture-water-environment.aspx#new",null,"Indeterminate",null,"2021-04-08","AUD",33.5,{"$f":"IFERROR(Q43/VLOOKUP(P43,'Exchange rates to USD'!$L$2:$N$225,3,FALSE()),\"\")","v":23.6852045922357}]
["AUS43","AUS","Other","Sector-specific","Air transport","AUD 100m","Climate Mitigation",null,null,"Funding for the Regional Airlines Funding Assistance Program to give direct cash flow assistance to smaller regional air operators to help them continue to provide air connectivity to regional Australia (due to downturn in aviation during Covid-19).","https://www.infrastructure.gov.au/department/statements/2020_2021/ministerial-statement/infrastructure-transport-regional-development-communications.aspx#new",null,"Negative",null,"2021-04-08","AUD",100,{"$f":"IFERROR(Q44/VLOOKUP(P44,'Exchange rates to USD'!$L$2:$N$225,3,FALSE()),\"\")","v":70.7021032604051},"change to grant?negative?"]
["AUS44","AUS","Other","City/regional",null,"AUD 200m","Other",null,null,"Murray Basin Frieght Rail Project to better connect producers in Victoria with key domestic and export markets. ","https://budget.gov.au/2020-21/content/myefo/download/myefo-2020-21.pdf",null,"Positive",null,"2021-04-08","AUD",200,{"$f":"IFERROR(Q45/VLOOKUP(P45,'Exchange rates to USD'!$L$2:$N$225,3,FALSE()),\"\")","v":141.40420652081}]
["AUT1","AUT","Other or not specified","Economy-wide","Surface transport","EUR 540 million","Climate Mitigation","Air Pollution",null,"A public transport ticket is introduced that provides country-wide affordable access to public transport (metro/bus/rail) for a flat fee (EUR 3 per day); alternatively this can be restricted to one or more selected federal states; the allocation for the ticket subsidy is 240 million; the remainder of 300 million is to be invested in climate friendly mobility (expansion of infra networks)","https://infothek.bmk.gv.at/zwei-klimaschutzmilliarden-fuer-oesterreich/","Measure discussed pre-COVID","Positive","An annual subsidy of nighttrains of EUR 10 million has been added since the initial proposal. ","17/11/2020","EUR",540,{"$f":"IFERROR(Q46/VLOOKUP(P46,'Exchange rates to USD'!$L$2:$N$225,3,FALSE()),\"\")","v":595.441228180062}]
["AUT2","AUT","Grant/Loan (including interest-free loans)","Sectoral","Buildings","EUR 750 million","Climate Mitigation","Air Pollution",null,"Improve energy efficiency of old buildings by renovation, as to lower their energy needs, and by the change of the heating system away from oil and gas to renewable sources.",null,null,"Positive","this refers in particular to the programme “Raus aus Öl” – Beyond oil; already in operation for several years, but with significantly higher budget as part of the green recovery",null,"EUR",750,{"$f":"IFERROR(Q47/VLOOKUP(P47,'Exchange rates to USD'!$L$2:$N$225,3,FALSE()),\"\")","v":827.001705805641}]
["AUT3","AUT","Grant/Loan (including interest-free loans)","Sectoral","Energy","EUR 260 million ","Climate Mitigation","Air Pollution",null,"Investment in renewable energy generation expansion. Funding for 100 million roofs covered with solar panels (to further enhance progress towards 100% renewable energy generation by 2030)",null,null,"Positive",null,"2021-03-18","EUR",260,{"$f":"IFERROR(Q48/VLOOKUP(P48,'Exchange rates to USD'!$L$2:$N$225,3,FALSE()),\"\")","v":286.693924679289}]
["AUT4","AUT","R&D subsidies","Sectoral","Surface transport","EUR 300 million ","Climate Mitigation","Air Pollution",null,"Funding for innovations for climate friendly transport  technologies of the future; this includes R&D for battery technologies in vehicles; R&D support also for private companies investing in this type of R&D;",null,null,"Positive",null,null,"EUR",300,{"$f":"IFERROR(Q49/VLOOKUP(P49,'Exchange rates to USD'!$L$2:$N$225,3,FALSE()),\"\")","v":330.800682322256}]
["AUT5","AUT","Tax reduction / Other subsidy","Economy-wide","Multiple or economy-wide","EUR 100 million ","Waste & recycling",null,null,"Funding for repairs; very vaguely phrased for now, but broadly in support of a circular economy model;This measure supports services and corresponding employment. The aim is to create incentives to have appliances repaired rather than thrown away and to stimulate companies in the repair sector through a reduced VAT rate; only small repairs are concerned; ",null,null,"Positive",null,null,"EUR",100,{"$f":"IFERROR(Q50/VLOOKUP(P50,'Exchange rates to USD'!$L$2:$N$225,3,FALSE()),\"\")","v":110.266894107419}]
["AUT 6","AUT","Other or not specified",null,"Multiple or economy-wide","EUR 200  million","Climate Mitigation","Adaptation",null,"Funding for climate action for municipalities; the 200 million are used to co-finance (50%) local climate action projects, 20% of the investment volume should flow into NbS","https://www.bmk.gv.at/service/presse/gewessler/20200731_gemeindepaket.html",null,"Positive","Projects supported: renovation, energy efficiency measures, climate-friendly local infrastructure, etc…","2021-03-18","EUR",200,{"$f":"IFERROR(Q51/VLOOKUP(P51,'Exchange rates to USD'!$L$2:$N$225,3,FALSE()),\"\")","v":220.533788214838}]
["AUT 7","AUT","Grant/Loan (including interest-free loans)","Sectoral","Multiple or economy-wide","EUR 750 million","Climate Mitigation",null,null,"Investment premium/grant of 14% that can be obtained for climate friendly investments by companies; this includes digitalisation, investments in health, investments in nature/ecosystems; energy efficiency, renewable energies. Out of a total sum of 3 bn € of grants,  750 Mio. € are specifically used for climate-friendly green investments.",null,null,"Positive",null,"2021-03-18","EUR",750,{"$f":"IFERROR(Q52/VLOOKUP(P52,'Exchange rates to USD'!$L$2:$N$225,3,FALSE()),\"\")","v":827.001705805641}]
["AUT 8","AUT","R&D subsidies","Sectoral","Forestry","EUR 350 million","Climate Mitigation","Air Pollution",null,"Forest Fund aimed at funding research projects that help enhance climate adaptation of forests; this includes measures to protect and enhance biodviersity, increase the natural forest protected areas, etc…",null,null,"Positive",null,null,"EUR",350,{"$f":"IFERROR(Q53/VLOOKUP(P53,'Exchange rates to USD'!$L$2:$N$225,3,FALSE()),\"\")","v":385.934129375966}]
["AUT 9","AUT","Grant/Loan (including interest-free loans)","Sectoral","air transport","EUR 600 million","Climate Mitigation",null,null,"The main airline, Austrian Airlines (a daughter of Lufthansa) is to receive 300 million in form of bank credits guaranteed by the state; 150  million are flowing in form of a direct grant; 150 million are transferred via Lufthansa; the one green condition: 150 million investment for climate efficinet technologies (for ultra short distances up to 350 km an addition ticket tax of EUR 30 was agreed)","https://platform2020redesign.org/countries/austria/",null,"Mixed",null,null,"EUR",600,{"$f":"IFERROR(Q54/VLOOKUP(P54,'Exchange rates to USD'!$L$2:$N$225,3,FALSE()),\"\")","v":661.601364644513}]
["BEL1","BEL","Other or not specified","City/regional","Multiple or economy-wide","700 million ","Climate Mitigation","Waste & recycling","Water","Flanders has put together a relance plan (Flemish resilience - Vlaamse veerkracht) for a total budget of 4,3 billion euro (5 billion $). It is an economy-wide plan that focuses on 7 pillars (so roughly said 700 million $ per pillar). One of the seven pillars is Climate, Sustainability and Innovation. Key focal points for innovation are: CO2 captation in harbours, biogas and bio-based products, hydrogen, blue deal for drought management, renovation of buildings, greening the modal shift (bicycle lanes, car sharing, bike sharing, ...), transition to the circular economy.","https://www.vlaanderen.be/publicaties/relanceplan-vlaamse-regering-vlaamse-veerkracht","https://www.vlaio.be/nl/nieuws/43-miljard-euro-voor-relanceplan-vlaamse-veerkracht","Mixed","Most intentions already existed before, but now more budget is shifted to the priority topics. Most practical modalities still need to be developed.","16/11/2020","EUR",700,{"$f":"IFERROR(Q55/VLOOKUP(P55,'Exchange rates to USD'!$L$2:$N$225,3,FALSE()),\"\")","v":771.868258751932}]
["BEL2","BEL","Other or not specified","City/regional","Multiple or economy-wide",null,"Climate Mitigation","Biodiversity",null,"Brussels has put together a Relance and redevelopment Plan (Relance- en herontwikkelingsplan voor Brussel - Plan de relance et de redéploiment de RBC). One out of the three pillars concerns urban planning and environment. Focal points are: cycling paths, renovation of buildings and the procurement of an area to foster biodiversity in urban context. The total budget concerns 120 million € but is mainly focused on short term relance and econmic survival measures. The medium term priorities and almost all environmental measures still need to be developed. ","https://rudivervoort.brussels/wp-content/uploads/2020/07/Plan-de-relance-Dossier-de-presse-NL.pdf","https://www.voka.be/nieuws/brussels-herstelplan-eerste-stap-relance","Mixed",null,"16/11/2020",null,null,{"$f":"IFERROR(Q56/VLOOKUP(P56,'Exchange rates to USD'!$L$2:$N$225,3,FALSE()),\"\")","v":""}]
["BEL3","BEL","Grant/Loan (including interest-free loans)","City/regional","Buildings","12 million","Climate Mitigation",null,null,"In the Relance and Redevelopment plan discussed above, there is a measure to enhance renovation of buildings: 8 million euros goes energy saving subsidies and 2 million goes to support for landlords that are planning a renovation.","https://www.voka.be/nieuws/brussels-herstelplan-eerste-stap-relance",null,"Positive",null,"16/11/2020","EUR",12,{"$f":"IFERROR(Q57/VLOOKUP(P57,'Exchange rates to USD'!$L$2:$N$225,3,FALSE()),\"\")","v":13.2320272928903}]
["BEL4","BEL","Other or not specified","City/regional","Multiple or economy-wide",null,"Climate Mitigation","Biodiversity","Waste & recycling","Wallonia has launched the 'Get Up Wallonia' plan. It has an economy-wide focus with sustainability as one of the three pillars. A processus involving a range of experts and stakeholders should lead to concrete relance measures and an analysis of the budgetary impacts in the first quarter of 2021. ","https://gouvernement.wallonie.be/files/%255BNote%20du%20Gouvernement%20de%20Wallonie%255D%20-%20Get%20up%20Wallonia%20!.pdf","https://www.lecho.be/economie-politique/belgique/wallonie/le-covid-ne-peut-servir-de-paravent-a-la-relance-de-la-wallonie/10256438.html","Positive",null,"16/11/2020",null,null,{"$f":"IFERROR(Q58/VLOOKUP(P58,'Exchange rates to USD'!$L$2:$N$225,3,FALSE()),\"\")","v":""}]
["BEL5","BEL","Other or not specified","Economy-wide","Multiple or economy-wide",null,"Climate Mitigation","Waste & recycling","Biodiversity","The new Belgian government (October 2020) has included Green Relance as one of its six pillars for its governmental agreement (Regeringsakkoord). The measures still have to be made concrete.","https://www.belgium.be/sites/default/files/Regeerakkoord_2020.pdf",null,"Indeterminate",null,"16/11/2020",null,null,{"$f":"IFERROR(Q59/VLOOKUP(P59,'Exchange rates to USD'!$L$2:$N$225,3,FALSE()),\"\")","v":""}]
["BEL6","BEL","Tax reduction / Other subsidy","Sectoral","Buildings","EUR 191 million","Climate Mitigation",null,null,"The Value Added Tax for Demolition and Reconstruction will be reduced from 21% to 6% to speed up energy savings in residential buildings in Belgium.","https://www.belgium.be/sites/default/files/Regeerakkoord_2020.pdf","https://www.tijd.be/netto/analyse/vastgoed/strikte-regels-voor-sloop-en-heropbouw-aan-6-procent-btw/10257614.html","Mixed",null,"2021-03-10","EUR",191,{"$f":"IFERROR(Q60/VLOOKUP(P60,'Exchange rates to USD'!$L$2:$N$225,3,FALSE()),\"\")","v":210.60976774517}]
["BEL7","BEL","Tax reduction / Other subsidy","Sector-specific","Forestry","EUR 23 millions","Biodiversity",null,null,"Increase with 20% of salary fraction that can be deducted for donations: from 45% to 60%. The measure applies to all registered charities including charities that purchase and restore nature. ","https://financien.belgium.be/nl/particulieren/belastingvoordelen/giften#q3",null,"Positive",null,"2021-03-10","EUR",23,{"$f":"IFERROR(Q61/VLOOKUP(P61,'Exchange rates to USD'!$L$2:$N$225,3,FALSE()),\"\")","v":25.3613856447063}]
["BEL8","BEL","Tax reduction / other subsidy",null,"Multiple or economy-wide","EUR 203 millions",null,null,null,"Increase of the investment deduction percentage to 25% for investments made between 12/03/2020 and 31/12/2022","Loi-programme du 20/12/2020 \nhttps://finances.belgium.be/fr/loi-programme/augmentation-deduction-investissement",null,"Indeterminate",null,"2021-03-10","EUR",203,{"$f":"IFERROR(Q62/VLOOKUP(P62,'Exchange rates to USD'!$L$2:$N$225,3,FALSE()),\"\")","v":223.84179503806}]
["BEL9","BEL","Other or not specified","City/regional","Waste management","EUR 40 millions","Waste & recycling",null,null,"Asbestos removal policy in Flanders (subsidies for removal & treatment)",null,null,"Positive",null,"2021-03-10","EUR",40,{"$f":"IFERROR(Q63/VLOOKUP(P63,'Exchange rates to USD'!$L$2:$N$225,3,FALSE()),\"\")","v":44.1067576429675}]
["BEL10","BEL","Other or not specified","City/regional","Waste management","EUR 30 millions","Waste & recycling",null,null,"Development of Flanders as a recycling hub (Investment subsidy)",null,null,"Positive",null,"2021-03-10","EUR",30,{"$f":"IFERROR(Q64/VLOOKUP(P64,'Exchange rates to USD'!$L$2:$N$225,3,FALSE()),\"\")","v":33.0800682322256}]
["BEL11","BEL","Other or not specified","City/regional","Waste management","EUR 1.95 millions","Waste & recycling",null,null,"Digital mapping of material flows in Flanders",null,null,"Indeterminate",null,"2021-03-10","EUR","1.95",{"$f":"IFERROR(Q65/VLOOKUP(P65,'Exchange rates to USD'!$L$2:$N$225,3,FALSE()),\"\")","v":2.15020443509467}]
["BEL12","BEL","Other or not specified","City/regional","Buildings","EUR 10 millions","Other",null,null,"Circular construction in Flanders (Subsidies for R&D, innovation, pilots, demos living labs)",null,null,"Positive",null,"2021-03-10","EUR",10,{"$f":"IFERROR(Q66/VLOOKUP(P66,'Exchange rates to USD'!$L$2:$N$225,3,FALSE()),\"\")","v":11.0266894107419}]
["BEL13","BEL","Other or not specified","City/regional","Industry","EUR 15 millions","Other",null,null,"Circular manufacturing in Flanders (Subsidies for R&D, innovation, pilots, demos living labs)",null,null,"Positive",null,"2021-03-10","EUR",15,{"$f":"IFERROR(Q67/VLOOKUP(P67,'Exchange rates to USD'!$L$2:$N$225,3,FALSE()),\"\")","v":16.5400341161128}]
["CAN1","CAN","Other or not specified","Sectoral","Energy","CAD 1.72 billion","Other",null,null,"Cleaning up orphan and inactive oil and gas wells\nSpecific to the Covid-19 economic response plan, the Canadian federal government is providing up to CAD 1.72 billion to the governments of Alberta, Saskatchewan and BC and to the AB orphan well association to clean up orphan and inactive oil and gas wells, helping to maintain approximately 5 200 jobs in AB alone. \n","https://www.canada.ca/en/department-finance/economic-response-plan.html#energy",null,"Positive",null,null,"CAD",1720,{"$f":"IFERROR(Q68/VLOOKUP(P68,'Exchange rates to USD'!$L$2:$N$225,3,FALSE()),\"\")","v":1313.159867257}]
["CAN2","CAN","Grant/Loan (including interest-free loans)","Sectoral","Multiple or economy-wide","CAD 65 billion (up to)",null,null,null,"On 21 April, the Canadian Federal Government also launched the Business Credit Availability Program for medium-sized businesses, including those in the energy sector, to help maintain operations and keep employees on the job. The program will provide up to CAD 65 billion in direct lending but in market terms (no preferential rate). ","https://www.fasken.com/en/knowledge/2020/04/17-covid-19-aid-package-to-the-canadian-oil-and-gas-industry/",null,"Indeterminate",null,null,"CAD",65000,{"$f":"IFERROR(Q69/VLOOKUP(P69,'Exchange rates to USD'!$L$2:$N$225,3,FALSE()),\"\")","v":49625.2275416888}]
["CAN3","CAN","Grant/Loan (including interest-free loans)","Sectoral","Energy","Up to CAD 750 million","Climate Mitigation","Air Pollution",null,"Up to $750 million to create a new Emissions Reduction Fund to support workers and reduce emissions in Canada's oil and gas sector, with a focus on methane.\nThis fund will provide primarily repayable contributions to conventional and offshore oil and gas firms to support their investments to reduce greenhouse gas emissions. Of this amount, $75 million will be allocated to the offshore sector.","https://www.nrcan.gc.ca/science-data/funding-partnerships/funding-opportunities/current-funding-opportunities/emissions-reduction-fund/22781",null,"Positive",null,null,"CAD",750,{"$f":"IFERROR(Q70/VLOOKUP(P70,'Exchange rates to USD'!$L$2:$N$225,3,FALSE()),\"\")","v":572.598779327178}]
["CAN4","CAN","Other or not specified","Sectoral","Agriculture","50 million (initially)","Waste & recycling","Climate Mitigation",null,"We launched the Surplus Food Purchase Program with an initial $50 million fund designed to help redistribute existing and unsold inventories, which could include products such as potatoes and poultry, to local food organizations who are serving vulnerable Canadians.","https://www.agr.gc.ca/eng/agricultural-programs-and-services/surplus-food-rescue-program/?id=1591298974329",null,"Positive",null,null,"CAD",50,{"$f":"IFERROR(Q71/VLOOKUP(P71,'Exchange rates to USD'!$L$2:$N$225,3,FALSE()),\"\")","v":38.1732519551452}]
["CAN5","CAN","Tax reduction / Other subsidy","Sectoral","Air transport","CAD 330 million","Climate Mitigation","Air Pollution",null,"We are waiving ground lease rents from March 2020 through to December 2020 for the 21 airport authorities that pay rent to the federal government. We are also providing comparable treatment for PortsToronto, which operates Billy Bishop Toronto City Airport and pays a charge to the federal government.","https://www.canada.ca/en/department-finance/economic-response-plan.html","https://climateactiontracker.org/countries/canada/","Negative",null,null,"CAD",330,{"$f":"IFERROR(Q72/VLOOKUP(P72,'Exchange rates to USD'!$L$2:$N$225,3,FALSE()),\"\")","v":251.943462903958}]
["CAN6","CAN","Grant/Loan (including interest-free loans)","City/regional","Air transport","Up to CAD 22.7 million","Climate Mitigation",null,null,"We are providing up to $17.3 million to the governments of Yukon, Northwest Territories, and Nunavut to support critical air services to Northern and remote communities, in partnership with investments by the territorial governments, to ensure the continued supply of food, medical supplies, and other essential goods and services to remote and fly-in communities.","https://www.canada.ca/en/department-finance/economic-response-plan.html",null,"Negative",null,null,"CAD",22.7,{"$f":"IFERROR(Q73/VLOOKUP(P73,'Exchange rates to USD'!$L$2:$N$225,3,FALSE()),\"\")","v":17.3306563876359}]
["CAN7","CAN","Tax reduction / Other subsidy","Sectoral","Multiple or economy-wide",null,"Biodiversity",null,null,"We will work with tourism operators in national parks, historic sites, and marine conservation areas to defer payments on commercial leases and licences of occupation without interest until September 1, 2020.\n\nIn addition, we will waive up to 75 percent of eligible commercial rents for the months of April, May and June 2020 or equivalent amounts of annual rents.","https://www.canada.ca/en/department-finance/economic-response-plan.html",null,"Indeterminate",null,null,"CAD",null,{"$f":"IFERROR(Q74/VLOOKUP(P74,'Exchange rates to USD'!$L$2:$N$225,3,FALSE()),\"\")","v":0}]
["CAN8","CAN","Grant/Loan (including interest-free loans)","Economy-wide","Multiple or economy-wide","CAD 2.2 billion","Climate Mitigation","Air Pollution",null,"We are accelerating $2.2 billion in annual federal infrastructure funding for communities through the Gas Tax Fund. The funding will be delivered in one payment in June will help communities quickly move forward with infrastructure projects that will improve our quality of life and help restart local economies. Communities have flexibility to use the funding to meet their local needs. Projects could include access to high-speed broadband, improvements to water and road systems, and the building of cycling and walking paths.","https://www.infrastructure.gc.ca/plan/gtf-fte-eng.html",null,"Mixed",null,null,"CAD",2200,{"$f":"IFERROR(Q75/VLOOKUP(P75,'Exchange rates to USD'!$L$2:$N$225,3,FALSE()),\"\")","v":1679.62308602639}]
["CAN9","CAN","Tax reduction / Other subsidy","City/regional","Energy","CAD 113 million","Climate Mitigation","Air Pollution",null,"(Alberta-specific) Alberta Energy Regulator industry levy for a 6 months, achieving $113 million in industry relief.","https://www.alberta.ca/relief-for-the-energy-sector.aspx",null,"Mixed",null,null,"CAD",113,{"$f":"IFERROR(Q76/VLOOKUP(P76,'Exchange rates to USD'!$L$2:$N$225,3,FALSE()),\"\")","v":86.2715494186282}]
["CAN10","CAN","Regulatory change","City/regional","Energy",null,"Climate Mitigation","Air Pollution",null,"(Alberta-specific) Extending the term of mineral agreements expiring between March 20, 2020 and March 31, 2021 by 1 year to provide increased certainty for industry by allowing additional time to raise capital and plan future activities.","https://www.alberta.ca/relief-for-the-energy-sector.aspx",null,"Negative",null,null,"CAD",null,{"$f":"IFERROR(Q77/VLOOKUP(P77,'Exchange rates to USD'!$L$2:$N$225,3,FALSE()),\"\")","v":0}]
["CAN11","CAN","Grant/Loan (including interest-free loans)","City/regional","Surface transport","CAD 1 billion","Climate Mitigation","Air Pollution",null,"(Alberta-specific, with federal funding) Advancing strategic infrastructure investments, including participation in the Canada Infrastructure Bank’s potential $1 billion project that would develop high-speed rail between Calgary and Banff.","https://www.alberta.ca/recovery-plan.aspx#economy",null,"Positive",null,null,"CAD",1000,{"$f":"IFERROR(Q78/VLOOKUP(P78,'Exchange rates to USD'!$L$2:$N$225,3,FALSE()),\"\")","v":763.465039102904}]
["CAN12","CAN","Other or not specified","City/regional","Air transport",null,"Climate Mitigation",null,null,"(Alberta-specific) Support to air transport:\n- Seeking partnerships to grow and expand remotely piloted aircraft systems by leveraging assets such as the aircraft testing range in Foremost\n- Promoting Alberta’s position as a growing hub for logistics, including the significant scope to grow services in both Edmonton and Calgary\n- Enacting regulatory changes that  permit increased airline traffic and services in Alberta, including expansion by WestJet, and other airlines that have a significant presence and focus in Alberta, such as Swoop and Flair\n- Working with post-secondary institutions and private sector investors to address the massive shortage in trained pilots and maintenance personnel within the aviation sector","https://www.alberta.ca/recovery-plan.aspx#economy",null,"Negative",null,null,"CAD",null,{"$f":"IFERROR(Q79/VLOOKUP(P79,'Exchange rates to USD'!$L$2:$N$225,3,FALSE()),\"\")","v":0}]
["CAN13","CAN","Other or not specified","City/regional","Energy",null,"Climate Mitigation","Air Pollution",null,"(Saskatchewan) Provincial relief measures by the Government of Saskatchewan include:\n\nExtending a series of filing and other deadlines to assist the oil and gas sector in stabilizing operations, as their employees transition to working from home.  These extensions do not impact health or environmental safety and apply to routine reporting activities, which will be addressed when the sector returns to normal operations.\nExtending mineral rights, scheduled to expire in 2020, by one year.  This includes rights granted under the terms of an oil and gas lease, exploration license or permit.  The extension will provide oil and gas disposition holders with the time necessary to properly evaluate their properties once the current situation stabilizes.\nReducing the industry portion of the Oil and Gas Administrative Levy by 50 per cent this fiscal year and delaying the invoicing of the remaining balance until October 1, 2020.  This will provide the sector with relief of $11.4 million to address immediate liquidity challenges. (It is important to note that unlike other sectors, the oil and gas sector pays for 90 per cent of its own regulatory costs).","https://www.saskatchewan.ca/government/news-and-media/2020/april/14/oil-industry-support",null,"Negative",null,null,"CAD",null,{"$f":"IFERROR(Q80/VLOOKUP(P80,'Exchange rates to USD'!$L$2:$N$225,3,FALSE()),\"\")","v":0}]
["CAN14","CAN","Other or not specified","Sectoral","Agriculture","CAD 200 million","Climate Mitigation","Waste & recycling",null,"We have increased the Canadian Dairy Commission’s borrowing limit by $200 million to support costs associated with the temporary storage of cheese and butter to avoid food waste.","https://www.canada.ca/en/department-finance/economic-response-plan.html",null,"Mixed",null,"2020-11-16","CAD",200,{"$f":"IFERROR(Q81/VLOOKUP(P81,'Exchange rates to USD'!$L$2:$N$225,3,FALSE()),\"\")","v":152.693007820581}]
["CAN15","CAN","Grant/Loan (including interest-free loans)","Sectoral","Agriculture","CAD 62.5 million","Climate Mitigation","Waste & recycling",null,"We are providing $62.5 million of new assistance to the fish and seafood processing sector through the Canadian Seafood Stabilization Fund.\n\nThis will help businesses:\n\nadd storage capacity for unsold product;\ncomply with new health and safety measures for workers;\nsupport new manufacturing/automated technologies to improve productivity and quality of finished seafood products; and,\nadapt products to respond to changing requirements and new market demands.\nRegional Development Agencies are now accepting applications to the Fund.","https://www.canada.ca/en/department-finance/economic-response-plan.html",null,"Mixed",null,"2020-11-16","CAD",62.5,{"$f":"IFERROR(Q82/VLOOKUP(P82,'Exchange rates to USD'!$L$2:$N$225,3,FALSE()),\"\")","v":47.7165649439315}]
["CAN16","CAN","Grant/Loan (including interest-free loans)","Sectoral","Multiple or economy-wide","CAD 3 billion","Climate Mitigation","Air Pollution","Adaptation","The new stream will support the following types of projects:\nRetrofits, repairs and upgrades for municipal, territorial, provincial and Indigenous buildings, health infrastructure and schools;\nCOVID-19 response infrastructure, including measures to support physical distancing;\nActive transportation infrastructure, including parks, trails, foot bridges, bike lanes and multi-use paths; and\nDisaster mitigation and adaptation projects, including natural infrastructure, flood and fire mitigation, and tree planting and related infrastructure.\nThe stream supports near-term, quick- start projects and  projects must respect the following timeframes:\nConstruction must start no later than September 30, 2021; and,\nProjects must be completed by the end of 2021, or by the end of 2022 in the territories and in remote communities.","https://www.canada.ca/en/department-finance/economic-response-plan.html","https://www.infrastructure.gc.ca/plan/covid-19-resilience-eng.html","Positive",null,"2020-11-16","CAD",3000,{"$f":"IFERROR(Q83/VLOOKUP(P83,'Exchange rates to USD'!$L$2:$N$225,3,FALSE()),\"\")","v":2290.39511730871}]
["CAN17","CAN","Grant/Loan (including interest-free loans)","City/regional","Energy","CAD 320 million","Climate Mitigation","Air pollution","Biodiversity","We are providing $320 million in funding, towards an agreement with the Newfoundland and Labrador government, to support Canadians with offshore energy jobs. This agreement will allow the province to support workers through activities such as safety improvements, maintenance and upgrades of existing facilities, and research and development.","https://www.canada.ca/en/department-finance/economic-response-plan.html","https://www.cbc.ca/news/canada/newfoundland-labrador/offshore-announcement-o-regan-furey-1.5738954","Indeterminate","The impacts of this federal funding are unclear - could be spent to reduce emissions, or to increase exploration in the Atlantic region, or fix equipment that is currently not operational. ","2020-11-16","CAD",320,{"$f":"IFERROR(Q84/VLOOKUP(P84,'Exchange rates to USD'!$L$2:$N$225,3,FALSE()),\"\")","v":244.308812512929}]
["CAN18","CAN","Grant/Loan (including interest-free loans)","City/regional","Surface transport","CAD 2.3 billion","Climate Mitigation","Air Pollution",null,"the Government of Canada will also cost-match more than $2.3 billion to support any additional provincial/territorial contributions for public transit.","https://www.canada.ca/en/intergovernmental-affairs/services/safe-restart-agreement.html","https://montreal.ctvnews.ca/provincial-federal-governments-announce-2-3-billion-for-cities-and-public-transit-1.5120417","Positive",null,"2020-11-16","CAD",2300,{"$f":"IFERROR(Q85/VLOOKUP(P85,'Exchange rates to USD'!$L$2:$N$225,3,FALSE()),\"\")","v":1755.96958993668}]
["CAN19","CAN","Tax reduction / Other subsidy","Sector-specific","Agriculture","CAD 469 million","Biodiversity",null,null,"Support for Canada’s Fish Harvesters","https://www.canada.ca/en/department-finance/economic-response-plan/fiscal-summary.html",null,"Mixed",null,"2020-11-20","CAD",469,{"$f":"IFERROR(Q86/VLOOKUP(P86,'Exchange rates to USD'!$L$2:$N$225,3,FALSE()),\"\")","v":358.065103339262}]
["CAN20","CAN","Tax reduction / Other subsidy","Sectoral","Forestry","CAD 30 million","Biodiversity","Biodiversity",null,"Emergency Funding for Safety Measures in Forest Operations","Energy Policy Tracker",null,"Mixed",null,"2020-11-20","CAD",30,{"$f":"IFERROR(Q87/VLOOKUP(P87,'Exchange rates to USD'!$L$2:$N$225,3,FALSE()),\"\")","v":22.9039511730871}]
["CAN21","CAN","Grant/Loan (including interest-free loans)","Sectoral","Multiple or economy-wide","CAD 53 million","Biodiversity",null,null,"Develop and implement the National Ecosystem Fund to support Black-led business organizations across the country","https://www.canada.ca/en/department-finance/economic-response-plan.html",null,"Mixed",null,"2020-11-20","CAD",53,{"$f":"IFERROR(Q88/VLOOKUP(P88,'Exchange rates to USD'!$L$2:$N$225,3,FALSE()),\"\")","v":40.4636470724539}]
["CAN22","CAN","Tax reduction / Other subsidy","City/regional","Energy","CAD 141.5 million","Climate Mitigation","Climate Mitigation",null,"(Alberta) Investments from the Technology Innovation and Emissions Reduction (TIER) fund for carbon capture and storage and emissions reductions projects. Objective: Reduce methane emissions, cut costs for industry and get Albertans back to work.","Energy Policy Tracker","https://www.alberta.ca/release.cfm?xID=7329228BE88D1-0322-5F49-C6C11B795F47B4C0\nhttps://www.alberta.ca/release.cfm?xID=73318C6591C57-0E3B-1147-1811898B8A0131A5 Accessed 28 September 2020","Positive","Government of Alberta","2020-11-20","CAD",141.5,{"$f":"IFERROR(Q89/VLOOKUP(P89,'Exchange rates to USD'!$L$2:$N$225,3,FALSE()),\"\")","v":108.030303033061}]
["CAN23","CAN","Tax reduction / Other subsidy","City/regional","Surface transport","CAD 64.4 million","Climate Mitigation",null,null,"(Ontario) Provincial investment in modern, green public transit for residents of Oakville, Brampton, and Sault Ste-Marie","Energy Policy Tracker","https://www.canada.ca/en/office-infrastructure/news/2020/07/backgrounder-canada-and-ontario-invest-in-modern-green-public-transit-for-residents-of-oakville.htm, , https://www.canada.ca/en/office-infrastructure/news/2020/07/backgrounder-canada-and-ontario-invest-in-sustainable-public-transit-to-support-residents-of-sault-ste-marie.html Accessed 1 August 2020; https://www.canada.ca/en/office-infrastructure/news/2020/07/backgrounder-canada-and-ontario-invest-in-sustainable-public-transit-for-brampton-residents.html Accessed 1 August 2020","Mixed","Government of Ontario","2020-11-20","CAD",64.4,{"$f":"IFERROR(Q90/VLOOKUP(P90,'Exchange rates to USD'!$L$2:$N$225,3,FALSE()),\"\")","v":49.1671485182271}]
["CAN24","CAN","Tax reduction / Other subsidy","City/regional","Energy","CAD 58 million","Climate Mitigation","Air Pollution",null,"(Alberta) Incent investment in innovation for methane emissions reductions - Exploration or production or processing or storage or transportation","Energy Policy Tracker","https://www.alberta.ca/release.cfm?xID=728627405CE2F-953D-C71A-39908B074E8213CE Accessed 21 July 2020","Mixed","Government of Alberta","2020-11-20","CAD",58,{"$f":"IFERROR(Q91/VLOOKUP(P91,'Exchange rates to USD'!$L$2:$N$225,3,FALSE()),\"\")","v":44.2809722679685}]
["CAN25","CAN","Grant/Loan (including interest-free loans)","City/regional","Energy","CAD 50 million","Climate Mitigation","Air Pollution",null,"(Alberta) Grants for energy efficiency projects and emissions reduction`(research, innovation in technologies to reduce methane emissions and improve industrial energy efficiency)","Energy Policy Tracker","https://www.alberta.ca/release.cfm?xID=745642FF8ABED-9314-3005-E8D65AF4E905EAB2 Accessed 3 November 2020","Mixed",null,"2020-11-20","CAD",50,{"$f":"IFERROR(Q92/VLOOKUP(P92,'Exchange rates to USD'!$L$2:$N$225,3,FALSE()),\"\")","v":38.1732519551452}]
["CAN26","CAN","Tax reduction / Other subsidy","City/regional","Energy","CAD 2.9 billion","Climate Mitigation",null,null,"(Ontario) Securing power plant ownership under the provincial crown corporation in order to provide electricity","Energy Policy Tracker","https://www.opg.com/media_release/opg-subsidiary-atura-power-finalizes-acquisition-of-natural-gas-assets/ Accessed 11 May 2020","Mixed",null,"2020-11-20","CAD",2900,{"$f":"IFERROR(Q93/VLOOKUP(P93,'Exchange rates to USD'!$L$2:$N$225,3,FALSE()),\"\")","v":2214.04861339842}]
["CAN27","CAN","Tax reduction / Other subsidy","City/regional","Surface transport","CAD 295 million","Climate Mitigation","Air Pollution",null,"(Ontario) Provincial funding for battery electric vehicle production at Ford Canada&#8217;s Oakville Assembly Complex","Energy Policy Tracker","https://news.ontario.ca/en/release/58736/historic-ford-canada-investment-transforming-ontario-into-global-electric-vehicle-manufacturing-hub Accessed 13 October 2020","Positive","Provincial contribution to a $1.8 billion total public and private investment into Ford's Oakville, Ontario plant. The plant directly employs over 3,000 people and will be updated with a flexible manufacturing system able to accommodate multiple battery electric vehicle (BEV) models. It will also include the installation of a battery-pack assembly line. With this funding, the Oakville Assembly Complex is expected to become one of Ford's highest volume BEV plants in North America, with the first electric vehicles forecasted to roll off the production line in 2025.","2020-11-20","CAD",295,{"$f":"IFERROR(Q94/VLOOKUP(P94,'Exchange rates to USD'!$L$2:$N$225,3,FALSE()),\"\")","v":225.222186535357}]
["CAN28","CAN","Tax reduction / Other subsidy","City/regional","Energy","CAD 70 million","Climate Mitigation",null,null,"(Quebec) Support for production and distribution of renewable natural gas-Reduce GHG emissions in natural gas networks and support local industry","Energy Policy Tracker","https://mern.gouv.qc.ca/gouvernement-quebec-attribue-70-m-soutenir-gaz-naturel-renouvelable-2020-07-07/ Accessed 15  July 2020","Mixed","Earmarked CAD 70 million over three years for renewable natural gas (RNG) projects. The 2020 budget sets aside CAD 45 million for eight RNG production projects, including for construction and for connection of production sites to the natural gas distribution network. Terms and conditions for the allocation of the remaining $25 million will be announced at a later date.","2020-11-20","CAD",70,{"$f":"IFERROR(Q95/VLOOKUP(P95,'Exchange rates to USD'!$L$2:$N$225,3,FALSE()),\"\")","v":53.4425527372033}]
["CAN29","CAN","Tax reduction / Other subsidy","City/regional","Energy","CAD 16.67 million","Climate Mitigation",null,null,"(Prince Edward Island) Supporting clean electricity investments in the western part of the island","Energy Policy Tracker","https://www.canada.ca/en/office-infrastructure/news/2020/07/canada-and-prince-edward-island-invest-in-new-transmission-line-to-support-wind-energy-production.html Accessed 1 August 2020","Positive",null,"2020-11-20","CAD",16.67,{"$f":"IFERROR(Q96/VLOOKUP(P96,'Exchange rates to USD'!$L$2:$N$225,3,FALSE()),\"\")","v":12.7269622018454}]
["CAN30","CAN","Tax reduction / Other subsidy","City/regional","Energy","CAD 18 million","Climate Mitigation",null,null,"(British Columbia) Green energy infrastructure and transportation investment matching funding","Energy Policy Tracker","https://www.canada.ca/en/office-infrastructure/news/2020/09/backgrounder-canada-and-british-columbia-invest-in-green-energy-solutions.html Accessed 28 September 2020","Mixed","The Government of British Columbia is contributing nearly $18 million through the CleanBC Communities Fund, part of the federal Investing in Canada planâ€™s Green Infrastructure Stream. This announcement includes funding for 11 projects to help B.C. communities save energy and reduce pollution, including through renewable energy and energy efficiency projects for select buildings.  Funding is also going towards expanding the network of Level-2 electric vehicle (EV) charging stations across the province. The Government of Canada is investing more than $28.5 million in these projects through the Green Infrastructure Stream (GIS) of the Investing in Canada plan, and local and Indigenous communities are contributing more than $13 million. ","2020-11-20","CAD",18,{"$f":"IFERROR(Q97/VLOOKUP(P97,'Exchange rates to USD'!$L$2:$N$225,3,FALSE()),\"\")","v":13.7423707038523}]
["CAN31","CAN","Tax reduction / Other subsidy","City/regional","Energy","CAD 6 billion","Climate Mitigation",null,null,"(Alberta) Increasing Alberta's takeaway capacity and access to international markets","Energy Policy Tracker","https://www.alberta.ca/investing-in-keystone-xl-pipeline.aspx Accessed 8 July 2020","Negative","The Keystone XL pipeline was proposed in 2008. With this investment and project, the Albertan government anticipates material benefits (through taxes and royalties) to provincial government revenues and the wider Canadian economy, including jobs.","2020-11-20","CAD",6000,{"$f":"IFERROR(Q98/VLOOKUP(P98,'Exchange rates to USD'!$L$2:$N$225,3,FALSE()),\"\")","v":4580.79023461743}]
["CAN32","CAN","Tax reduction / Other subsidy","City/regional","Energy","CAD 80 million","Climate Mitigation",null,null,"(Alberta) Reduce fiscal burdens for energy sector. ","Energy Policy Tracker","https://www.alberta.ca/release.cfm?xID=7450191EACDD1-D715-3078-59DF6480E106FC9E Accessed 26 October 2020 ","Negative","A series of measures to reduce fiscal burdens for oil and gas companies, including elimination of the Well Drilling Equipment Tax, extending a 35% assessment reduction on shallow gas wells, lowering tax assessments for less productive wells, and a 3-year tax exemption for companies building new pipelines or drilling new wells.","2020-11-20","CAD",80,{"$f":"IFERROR(Q99/VLOOKUP(P99,'Exchange rates to USD'!$L$2:$N$225,3,FALSE()),\"\")","v":61.0772031282324}]
["CAN33","CAN","Tax reduction / Other subsidy","City/regional","Energy","CAD 32 million","Climate Mitigation",null,null,"(Newfoundland and Labrador) Support initiatives to develop the province's oil and gas industry","Energy Policy Tracker","https://www.gov.nl.ca/budget/2020/wp-content/uploads/sites/3/2020/09/Innovation-Industry-Development.pdf Accessed 5 October 2020","Negative","Budget 2020 allocates CAD 26 million for exploration activities to systematically evaluate offshore basins and image prospects to capture global investment offshore Newfoundland and Labrador. It also allocates CAD 6 million to help supply-and-service companies in the oil and gas sector through the Innovation and Business Development Fund.","2020-11-20","CAD",32,{"$f":"IFERROR(Q100/VLOOKUP(P100,'Exchange rates to USD'!$L$2:$N$225,3,FALSE()),\"\")","v":24.4308812512929}]
["CAN34","CAN","Regulatory change","City/regional","Multiple or economy-wide",null,"Climate Mitigation",null,null,"(Saskatchewan): I) Postponed deadline for companies to report GHG emissions; ii) deferral environmental reporting requirements; iii) suspension of penaltities for oils/gas companis; iv) enforcement flexibility for companies breaching environmental regulations","Energy Policy Tracker","https://www.saskatchewan.ca/government/health-care-administration-and-provider-resources/treatment-procedures-and-guidelines/emerging-public-health-issues/2019-novel-coronavirus/covid-19-information-for-businesses-and-workers Accessed 17 June 2020","Negative","Reducing burdens for industry during COVID-19","2020-11-20",null,null,{"$f":"IFERROR(Q101/VLOOKUP(P101,'Exchange rates to USD'!$L$2:$N$225,3,FALSE()),\"\")","v":""}]
["CAN35","CAN","Regulatory change","City/regional","Multiple or economy-wide",null,"Climate Mitigation","Air Pollution",null,"(Nova Scotia) Fee deferrals for air pollution and onshore petroleum drilling applications until June 30","Energy Policy Tracker","https://novascotia.ca/coronavirus/fees/ Accessed 17 June 2020","Negative","Reducing burdens for industry during COVID-19","2020-11-20",null,null,{"$f":"IFERROR(Q102/VLOOKUP(P102,'Exchange rates to USD'!$L$2:$N$225,3,FALSE()),\"\")","v":""}]
["CAN36","CAN","Regulatory change","City/regional","Multiple or economy-wide",null,"Climate Mitigation",null,null,"(British Columbia): i) Increased flexibility in environmental reporting; ii) Decrease in natural gas levy; III) Deferral of carbon tax and fuel tax payments; iv) Delay in British Columbia carbon tax increase","Energy Policy Tracker","https://www2.gov.bc.ca/gov/content/environment/natural-resource-stewardship/natural-resource-law-enforcement/environmental-compliance/compliance-covid-19 Accessed 17 June 2020; https://www.bcogc.ca/news/natural-gas-levy-rate-change-indb-2020-13/ Accessed 17 June 2020","Negative","Reducing burdens for industry during COVID-19. BC Hydro introduced deferrals for a portion of electricity bill payments for a variety of customers, including industry and coal mines. The change was originally introduced for March to May 2020. About 8% of BC Hydro's energy sources is natural gas or oil.The Province of British Columbia delayed implementation dates for changes to B.C.â€™s carbon tax. On 2 Sep 2020 it was announced that a scheduled increase in April 2020 from $40 to $45 per tonne of carbon dioxide equivalent (tCO2e) had been paused until at least October as part of the COVID-19 Action Plan. Upon review, the B.C. government has decided the carbon tax rate will remain at its current level of $40 per tCO2e until April 2021, when it will increase from $40 to $45 per tCO2e. The carbon tax will increase to $50 per tCO2e in April 2022.","2020-11-20",null,null,{"$f":"IFERROR(Q103/VLOOKUP(P103,'Exchange rates to USD'!$L$2:$N$225,3,FALSE()),\"\")","v":""}]
["CAN37","CAN","Regulatory change","City/regional","Multiple or economy-wide",null,"Air Pollution","Climate Mitigation",null,"(Alberta): i) Temporary suspension of reporting requirement for companies exceeding certain air quality guidelines; ii) Deadline extension for large, industrial GHG emitters to submit compliance reports and emissions reduction plans; iii) Reduction of environmental protections to prevent coal mining in the Foothills and Rockies; iv) Suspension of additional reporting requirements for oil, gas and coal companies; v) Utility bill payment deferral for electricity and natural gas for select consumers; vi) Extensions for oil and gas tenures by one year; vii) Temporary 90% reduction of the operating budget of Canadian Energy Centre; viii) Suspension of certain environmental reporting requirements for the Environmental Protection and Enhancement Act (EPEA), the Water Act and the Public Lands Act","Energy Policy Tracker","https://open.alberta.ca/publications/ministerial-order-15-2020-environment-and-parks  Accessed 17 June 2020; https://web.archive.org/web/20200704000544/, https://www.alberta.ca/release.cfm?xID=72670D5511C29-EB2E-3C4B-BAF86938580C3532; https://www.aer.ca/documents/news-releases/IndustryMeasures_Table.pdf Accessed 16 June 2020\n","Negative","Reducing burden for industry during COVID19; Facilitate coal industry activity in Alberta","2020-11-20",null,null,{"$f":"IFERROR(Q104/VLOOKUP(P104,'Exchange rates to USD'!$L$2:$N$225,3,FALSE()),\"\")","v":""}]
["CAN38","CAN","Regulatory change","City/regional","Multiple or economy-wide",null,"Climate Mitigation","Air Pollution",null,"(Newfoundland and Labrador): Extension of fuel tax exemption permits","Energy Policy Tracker","https://www.gov.nl.ca/releases/2020/fin/0330n03/ Accessed 16 June 2020","Negative","The expiry date for Fuel Tax Exemption Permits, which allows permit holders to purchase tax-exempt marked gasoline and light fuel oil, which was set to expire on March 31, 2020 has been extended to June 30, 2020. Gasoline and carbon product retailers throughout the province are authorized to accept such permits and continue to sell marked diesel and light fuel oil exempt of gasoline and carbon tax to these permit holders up to and including June 30, 2020","2020-11-20",null,null,{"$f":"IFERROR(Q105/VLOOKUP(P105,'Exchange rates to USD'!$L$2:$N$225,3,FALSE()),\"\")","v":""}]
["CAN39","CAN","Regulatory change","City/regional","Multiple or economy-wide",null,"Climate Mitigation",null,null,"(Ontario): Fixed electricity price for all time-of-use electricity customers; Deferral of Global Adjustment charges for industrial and commercial electricity consumers","Energy Policy Tracker","https://news.ontario.ca/mndmf/en/2020/05/ontario-provides-consumers-with-greater-stability-and-predictability-with-their-electricity-bills.html Accessed 1 June 2020; https://news.ontario.ca/mndmf/en/2020/05/ontario-providing-support-for-industrial-and-commercial-electricity-consumers-during-covid-19.html Accessed 6 May 2020\n, http://www.ieso.ca/en/Learn/Electricity-Pricing/What-is-Global-Adjustment Accessed 6 May 2020","Negative","Ontario has introduced a fixed electricity price, known as the COVID-19 Recovery Rate, of 12.8 cents per kWh, which will be automatically applied to all time-of-use customers 24 hours a day, 7 days a week. This follows previous announcements related to cost relief for electricity in Ontario for residential, farm, and small business consumers announced on March 24, 2020. Defers a portion of Global Adjustment electricity charges for industrial and commercial electricity consumers that do not participate in Ontario's Regulated Price Plan. This change applies to over 50,000 companies and is estimated to prevent bill increases for Class B electricity consumers by at least 15%. Large industrial and commercial Class A consumers will receive the same percentage reduction. Global adjustment rates will be held in line with pre-COVID-19 levels. Ontario's electricity grid is mixed; only a portion of this change would represent deferrals for fossil fuel or nuclear-based energy. The government plans to recover deferred costs starting in January 2021 over a period of 12 months","2020-11-23",null,null,{"$f":"IFERROR(Q106/VLOOKUP(P106,'Exchange rates to USD'!$L$2:$N$225,3,FALSE()),\"\")","v":""}]
["CAN40","CAN","Grant/Loan (including interest-free loans)","Sector-specific","Energy","CAD 2.5 billion","Climate Mitigation","Air Pollution",null,"Within the framework of the Canada Infrastructure  Bank’s (CIB) Growth Plan, this initiative focuses on clean power to support renewable generation and storage and to  transmit clean electricity between provinces, territories, and regions, including to  northern and Indigenous communities. ","https://cib-bic.ca/en/the-canada-infrastructure-bank-announces-a-plan-to-create-jobs-and-grow-the-economy/",null,"Positive","On 1 October, the government announced $10 billion in new major infrastructure initiatives. The Canada Infrastructure  Bank’s (CIB) Growth Plan is expected to stimulate economic growth and create approximately 60,000 jobs. The three-year plan will connect  more households and small businesses to high-speed Internet, strengthen Canadian  agriculture, and help build a low-carbon economy. ","2020-11-23","CAD",2500,{"$f":"IFERROR(Q107/VLOOKUP(P107,'Exchange rates to USD'!$L$2:$N$225,3,FALSE()),\"\")","v":1908.66259775726}]
["CAN41","CAN","Grant/Loan (including interest-free loans)","Sector-specific","Energy","CAD 2 billion","Climate Mitigation","Air Pollution",null,"Investment  in large-scale building retrofits to increase energy efficiency  and help make communities more sustainable (Financing from the Canada's Infrastructure Bank's (CIB) Growth Plan)  ","https://cib-bic.ca/en/the-canada-infrastructure-bank-announces-a-plan-to-create-jobs-and-grow-the-economy/",null,"Positive","On 1 October, the government announced $10 billion in new major infrastructure initiatives. The Canada Infrastructure  Bank’s (CIB) Growth Plan is expected to stimulate economic growth and create approximately 60,000 jobs. The three-year plan will connect  more households and small businesses to high-speed Internet, strengthen Canadian  agriculture, and help build a low-carbon economy. ","2020-11-23","CAD",2000,{"$f":"IFERROR(Q108/VLOOKUP(P108,'Exchange rates to USD'!$L$2:$N$225,3,FALSE()),\"\")","v":1526.93007820581}]
["CAN42","CAN","Grant/Loan (including interest-free loans)","Sector-specific","Agriculture","CAD 1.5 billion","Water",null,null,"Agriculture irrigation projects to help the agriculture sector enhance production, strengthen Canada’s food security, and expand export  opportunities (Financing from the Canada's Infrastructure Bank's (CIB) Growth Plan)  .","https://cib-bic.ca/en/the-canada-infrastructure-bank-announces-a-plan-to-create-jobs-and-grow-the-economy/",null,"Mixed","On 1 October, the government announced $10 billion in new major infrastructure initiatives. The Canada Infrastructure  Bank’s (CIB) Growth Plan is expected to stimulate economic growth and create approximately 60,000 jobs. The three-year plan will connect  more households and small businesses to high-speed Internet, strengthen Canadian  agriculture, and help build a low-carbon economy. ","2020-11-23","CAD",1500,{"$f":"IFERROR(Q109/VLOOKUP(P109,'Exchange rates to USD'!$L$2:$N$225,3,FALSE()),\"\")","v":1145.19755865436}]
["CAN43","CAN","Grant/Loan (including interest-free loans)","Sector-specific","Surface transport","CAD 1.5 billion","Climate Mitigation","Air Pollution",null,"Accelerate the adoption of zero-emission buses and charging  infrastructure so Canadians can have cleaner commutes (Financing from the Canada's Infrastructure Bank's (CIB) Growth Plan).","https://cib-bic.ca/en/the-canada-infrastructure-bank-announces-a-plan-to-create-jobs-and-grow-the-economy/",null,"Mixed","On 1 October, the government announced $10 billion in new major infrastructure initiatives. The Canada Infrastructure  Bank’s (CIB) Growth Plan is expected to stimulate economic growth and create approximately 60,000 jobs. The three-year plan will connect  more households and small businesses to high-speed Internet, strengthen Canadian  agriculture, and help build a low-carbon economy. ","2020-11-23","CAD",1500,{"$f":"IFERROR(Q110/VLOOKUP(P110,'Exchange rates to USD'!$L$2:$N$225,3,FALSE()),\"\")","v":1145.19755865436}]
["CAN44","CAN","Grant/Loan (including interest-free loans)","Sectoral","Energy","CAD 300 million","Climate Mitigation","Air Pollution",null,"Second phase of Community Efficiency Financing initiative. Help homeowners cut their energy bills and emissions and keep the local economy moving","https://www.canada.ca/en/office-infrastructure/news/2020/06/new-initiative-to-help-homeowners-cut-their-energy-bills-and-emissions-and-keep-the-local-economy-moving.html Accessed 10  July 2020",null,"Mixed","Second phase of the new Community Efficiency Financing initiative funded by the Government of Canada and delivered by the Federation of Canadian Municipalities (FCM). The $300-million Community Efficiency Financing initiative helps municipalities and their partners implement innovative local financing programs that help homeowners cut their greenhouse gas emissions and make homes more comfortable and affordable. Bottom-up approach to local program design, offering applicants the opportunity to study and design programs tailored to local priorities and contexts. These programs for low-rise residential properties may build on approaches such as Property Assessed Clean Energy (PACE) and utility on-bill financing.","2020-11-23","CAD",300,{"$f":"IFERROR(Q111/VLOOKUP(P111,'Exchange rates to USD'!$L$2:$N$225,3,FALSE()),\"\")","v":229.039511730871}]
["CAN45","CAN","Grant/Loan (including interest-free loans)","City/regional","Surface transport","CAD 295 million","Climate Mitigation","Air Pollution",null,"Federal contribution to a $1.8 billion total public and private investment into Ford's Oakville, Ontario plant. The plant directly employs over 3,000 people and will be updated with a flexible manufacturing system able to accommodate multiple battery electric vehicle (BEV) models. It will also include the installation of a battery-pack assembly line. ","Energy Policy Tracker","https://news.ontario.ca/en/release/58736/historic-ford-canada-investment-transforming-ontario-into-global-electric-vehicle-manufacturing-hub Accessed 13 October 2020","Mixed","With this funding, the Oakville Assembly Complex is expected to become one of Ford's highest volume BEV plants in North America, with the first electric vehicles forecasted to roll off the production line in 2025.","2020-11-23","CAD",295,{"$f":"IFERROR(Q112/VLOOKUP(P112,'Exchange rates to USD'!$L$2:$N$225,3,FALSE()),\"\")","v":225.222186535357}]
["CAN46","CAN","Tax reduction / Other subsidy","Sector-specific","Surface transport","CAD 251.1 million","Climate Mitigation","Air Pollution",null,"Infrastructure Canada - Funding infrastructure projects for Canadians","Energy Policy Tracker","https://open.canada.ca/data/en/dataset/beee0771-dab9-4be8-9b80-f8e8b3fdfd9d Last accessed 5 October 2020","Indeterminate","Through the Investing in Canada plan (developed prior to COVID-19), the Government of Canada is investing over $180 billion over 12 years in infrastructure projects across Canada. This line item reflects federal investments made in public transit since the start of the pandemic.","2020-11-23","CAD",251.1,{"$f":"IFERROR(Q113/VLOOKUP(P113,'Exchange rates to USD'!$L$2:$N$225,3,FALSE()),\"\")","v":191.706071318739}]
["CAN47","CAN","Grant/Loan (including interest-free loans)","Sectoral","Energy","CAD 57.128","Climate Mitigation","Air Pollution",null,"Infrastructure Canada project funding for renewable green energy projects since March 2020","Energy Policy Tracker","https://open.canada.ca/data/en/dataset/beee0771-dab9-4be8-9b80-f8e8b3fdfd9d Last accessed 1 September 2020","Mixed","Through the Investing in Canada plan (developed prior to COVID-19), the Government of Canada is investing over $180 billion over 12 years in infrastructure projects across Canada. This line item reflects federal investments made in renewable energy projects (classified by government as \"Green Energy\") since the start of the pandemic.","2020-11-23","CAD",57.128,{"$f":"IFERROR(Q114/VLOOKUP(P114,'Exchange rates to USD'!$L$2:$N$225,3,FALSE()),\"\")","v":43.6152307538707}]
["CAN48","CAN","Grant/Loan (including interest-free loans)","Sector-specific","Surface transport","CAD 26.5 million","Climate Mitigation","Air Pollution",null,"Infrastructure Canada project funding for active transportation since March 2020","Energy Policy Tracker","https://open.canada.ca/data/en/dataset/beee0771-dab9-4be8-9b80-f8e8b3fdfd9d Last accessed 1 September 2020","Mixed","Through the Investing in Canada plan (developed prior to COVID-19), the Government of Canada is investing over $180 billion over 12 years in infrastructure projects across Canada. This line item reflects federal investments made in active transportation since the start of the pandemic.","2020-11-23","CAD",26.5,{"$f":"IFERROR(Q115/VLOOKUP(P115,'Exchange rates to USD'!$L$2:$N$225,3,FALSE()),\"\")","v":20.231823536227}]
["CAN49","CAN","Grant/Loan (including interest-free loans)","Sector-specific","Surface transport","CAD 100 million","Climate Mitigation","Air Pollution",null,"Natural Resources Canada - Low Carbon Economy Fund investment in Alberta","Energy Policy Tracker","https://www.canada.ca/en/environment-climate-change/news/2020/11/government-of-canada-announces-over-100m-to-spur-job-creation-in-alberta-and-fight-climate-change.html Accessed 10 November 2020. ","Mixed","A total of CAD 280 million in federal and provincial funding for three new funds have been announced: the Shovel-Ready Challenge will use up to CAD 150 million to support a call for proposals for leading-edge technologies at large industrial sites to reduce emissions; the Energy Savings for Business Program will use up to CAD 55 million to help Alberta's small and medium-sized facilities benefit from industrial and commercial projects that can be installed quickly to cut emissions; the Partnership Intake Program will use up to CAD 75 million to continue supporting emissions reduction projects that stimulate Alberta's economy. Funding comes from the industry-supported Technology Innovation and Emissions Reduction (TIER) system and the federal Low Carbon Economy Leadership Fund (LCELF). It is not currently clear what projects will be supported, although in the past, similar funding has supported projects in the oil and gas industry.   As of November 9, 2020, no breakdown of how the funding will be applied is available. CAD 100 million is provided through the Low Carbon Economy Fund.","2020-11-23","CAD",100,{"$f":"IFERROR(Q116/VLOOKUP(P116,'Exchange rates to USD'!$L$2:$N$225,3,FALSE()),\"\")","v":76.3465039102904}]
["CAN50","CAN","R&D subsidies","Sectoral","Surface transport","CAD 100 million","Climate Mitigation","Air Pollution",null,"Support oil and gas sector to rebound, create good jobs for workers and reduce its carbon footprint. ","Energy Policy Tracker","https://www.canada.ca/en/innovation-science-economic-development/news/2020/10/government-of-canada-invests-in-clean-technology-ecosystems.html Accessed 27 October 2020.","Positive","The investment will help the Clean Resource Innovation Network (CRIN) accelerate the development and adoption of innovative technologies and processes that seek to lower the oil and gas industry's environmental impacts. Through this investment, CRIN aims to reduce the sectorâ€™s greenhouse gas emissions by 100 megatons by 2033.economy. ","2020-11-23","CAD",100,{"$f":"IFERROR(Q117/VLOOKUP(P117,'Exchange rates to USD'!$L$2:$N$225,3,FALSE()),\"\")","v":76.3465039102904}]
["CAN51","CAN","Grant/Loan (including interest-free loans)","City/regional","Energy","CAD 93 million","Climate Mitigation","Air Pollution",null,"Government of Alberta - Loan guarantee for investment in Clean Resource Innovation Network, exploration or production or processing or storage or transportation","Energy Policy Tracker","https://www.theaioc.com/about/news/alberta-indigenous-opportunities-corporation-announces-first-participation-in-cascade-power-project/\n","Mixed","The Alberta Indigenous Opportunities Corporation (AIOC) announced its first commitment: a loan guarantee to a consortium of six Alberta First Nations to enable their participation in the Cascade Power Project (Cascade). Cascade is a 900MW combined cycle natural gas fired power plant located near Edson, AB.","2020-11-23","CAD",93,{"$f":"IFERROR(Q118/VLOOKUP(P118,'Exchange rates to USD'!$L$2:$N$225,3,FALSE()),\"\")","v":71.0022486365701}]
["CAN52","CAN","Grant/Loan (including interest-free loans)","City/regional","Energy","CAD 18.3 million","Climate Mitigation","Air Pollution",null,"Funding for South Baffin Energy Management Project","Energy Policy Tracker","https://www.canada.ca/en/environment-climate-change/news/2020/08/government-of-canada-partners-with-nunavut-for-renewable-and-energy-efficiency-projects.html Accessed 25 August 2020","Positive","This project, funded through the Low Carbon Economy Fund, will help improve energy efficiency and introduce renewable energy in 45 buildings owned by the Government of Nunavut in the six communities that make up the South Baffin region. The South Baffin Energy Management Project will receive approximately $18.3 million through the Low Carbon Economy Leadership Fund. The Government of Nunavuta's Department of Community and Government Services is also contributing $8.6 million.","2020-11-23","CAD",18.3,{"$f":"IFERROR(Q119/VLOOKUP(P119,'Exchange rates to USD'!$L$2:$N$225,3,FALSE()),\"\")","v":13.9714102155832}]
["CAN53","CAN","Tax reduction / Other subsidy","City/regional","Energy","CAD 17 million","Climate Mitigation","Air Pollution",null,"(Manitoba&Saskatchewan - Funding for school energy efficiency and retrofits-Environment and Climate Change Canada","Energy Policy Tracker","https://www.canada.ca/en/environment-climate-change/news/2020/09/canada-supports-energy-efficiency-projects-in-saskatchewan-schools.html\n, https://www.canada.ca/en/environment-climate-change/news/2020/09/canada-supports-energy-efficiency-projects-in-manitoba-schools.html\n, https://www.canada.ca/en/environment-climate-change/services/climate-change/carbon-pollution-pricing-proceeds-programming/climate-action-incentive-fund/municipalities-universities-schools-hospitals.html Accessed 21 September 2020","Positive","On June 25, 2019, the Minister of Environment and Climate Change announced the Municipalities, Universities, Schools and Hospitals (MUSH) Retrofit stream of the Climate Action Incentive Fund. The first round of funding, announced in September, includes approximately CAD 12 million for Saskatchewan and CAD 5 million for Manitoba.","2020-11-23","CAD",17,{"$f":"IFERROR(Q120/VLOOKUP(P120,'Exchange rates to USD'!$L$2:$N$225,3,FALSE()),\"\")","v":12.9789056647494}]
["CAN54","CAN","R&D subsidies","Sectoral","Multiple or economy-wide","CAD 16.2 million","Climate Mitigation","Air Pollution",null,"SDTC funding for cleantech projects for energy efficiency and low-emissions vehicle cleantech projects","Energy Policy Tracker","https://www.canada.ca/en/innovation-science-economic-development/news/2020/09/list-of-cleantech-projects-receiving-funding-from-sustainable-development-technology-canada-sdtc.html Accessed 21 September 2020","Positive","As part of a series of funding announcements for Sustainable Development Technology Canada, this includes funding for several cleantech projects that support energy efficiency in water treatement, mining operations, and electric vehicles. (CAD 2.8 million to Pani Energy, CAD 5.6 million to Motion Metrics International Corp, CAD 1.4 million to Swirltex Inc., CAD 2.4 mmillion in Inmotive Inc., CAD 4 million to Soleco Energie Inc.)","2020-11-23","CAD",16.2,{"$f":"IFERROR(Q121/VLOOKUP(P121,'Exchange rates to USD'!$L$2:$N$225,3,FALSE()),\"\")","v":12.3681336334671}]
["CAN55","CAN","Tax reduction / Other subsidy","Sector-specific","Energy","CAD 15.7 milllion","Climate Mitigation","Air Pollution",null,"Funding for the conversion of the aluminum plant's anode baking furnaces (Aluminerie Alouette) from fuel oil to liquefied natural gas.","Energy Policy Tracker","http://www.fil-information.gouv.qc.ca/Pages/Article.aspx?Page=2&idArticle=2810232141 Accessed 26 October 2020. ","Mixed",null,"2020-11-23","CAD",15.7,{"$f":"IFERROR(Q122/VLOOKUP(P122,'Exchange rates to USD'!$L$2:$N$225,3,FALSE()),\"\")","v":11.9864011139156}]
["CAN56","CAN","Tax reduction / Other subsidy","City/regional","Surface transport","CAD 12 million","Climate Mitigation",null,null,"(BC and/or Alberta) Indigenous Natural Resources Partnership in the field of exploration or production or processing or storage or transportation- Increase the participation of Indigenous communities and organizations in oil and gas infrastructure development. ","Energy Policy Tracker","https://www.canada.ca/en/natural-resources-canada/news/2020/11/government-of-canada-extends-funding-to-increase-indigenous-participation-in-oil-and-gas-infrastructure-development.html\n, https://www.nrcan.gc.ca/our-natural-resources/indigenous-natural-resources/indigenous-natural-resource-partnerships/22197","Mixed","For Indigenous communities and organizations in British Columbia and Alberta to further increase their participation in economic opportunities related to oil and gas infrastructure development. This announcement extends the 2019â€“20 Indigenous Natural Resource Partnerships program","2020-11-23","CAD",12,{"$f":"IFERROR(Q123/VLOOKUP(P123,'Exchange rates to USD'!$L$2:$N$225,3,FALSE()),\"\")","v":9.16158046923485}]
["CAN57","CAN","Grant/Loan (including interest-free loans)","City/regional","Multiple or economy-wide","CAD 10 million","Climate Mitigation",null,null,"(Ontario) FedDev Ontario investment in biodiesel - exploration or production or processing or storage or transportation","Energy Policy Tracker","https://www.canada.ca/en/economic-development-southern-ontario/news/2020/07/two-renewable-fuel-producers-scale-up-to-increase-productivity-and-economic-growth-in-rural-southwestern-ontario.html","Mixed","Support the scale-up and growth of two renewable fuel producers in the Ontario: FORGE Hydrocarbons and IGPC Ethanol Inc.","2020-11-23","CAD",10,{"$f":"IFERROR(Q124/VLOOKUP(P124,'Exchange rates to USD'!$L$2:$N$225,3,FALSE()),\"\")","v":7.63465039102904}]
["CAN58","CAN","R&D subsidies","Sectoral","Energy","CAD 9.4 million","Climate Mitigation",null,null,"Funding for four tidal energy projects through NRCan's Energy Innovation, Clean Growth, and Emerging Renewables Power programs","Energy Policy Tracker","https://www.canada.ca/en/natural-resources-canada/news/2020/09/government-invests-in-canadas-tidal-power-industry","Positive","$4 million to Nova Innovation to build a tidal turbine array using sub-sea tidal technology in Petit Passage in the Bay of Fundy. $1.58 million to the University of Manitoba, in partnership with SOAR's Sustainable Oceans Applied Research, to advance research on river hydrokinetic and in-stream tidal energy technologies in the Canadian context. $2 million to Offshore Energy Research Association of Nova Scotia to research an environmental effects monitoring solution for the instream tidal energy industry in Canada, including fish and marine mammal interactions with tidal devices. $2 million to Fundy Ocean Research Centre for Energy to outline a plan to assess the encounter risk for fish with tidal devices and create a tool to support the regulatory authorization process for tidal energy projects. ","2020-11-23","CAD",9.4,{"$f":"IFERROR(Q125/VLOOKUP(P125,'Exchange rates to USD'!$L$2:$N$225,3,FALSE()),\"\")","v":7.1765713675673}]
["CAN59","CAN","Tax reduction / Other subsidy","City/regional","Energy","CAD 8 million","Climate Mitigation","Air Pollution",null,"(Northern Territories) This funding will support communities in their efforts to build a cleaner future and reduce their reliance on diesel fuel for heat and power while creating jobs","Energy Policy Tracker","https://www.canada.ca/en/natural-resources-canada/news/2020/09/canada-invests-in-clean-energy-projects-in-the-northwest-territories.html","Positive",null,"2020-11-23","CAD",8,{"$f":"IFERROR(Q126/VLOOKUP(P126,'Exchange rates to USD'!$L$2:$N$225,3,FALSE()),\"\")","v":6.10772031282324}]
["CAN60","CAN","R&D subsidies","City/regional","Energy","CAD 7.348 million","Air Pollution","Climate Mitigation",null,"(Québec)-Investment in 30 projects relating to the adoption and development of clean technologies in Quebec.","Energy Policy Tracker","https://www.canada.ca/en/economic-development-quebec-regions/news/2020/07/investment-in-clean-technologies-for-a-sustainable-future.html ","Positive",null,"2020-11-23","CAD",7.348,{"$f":"IFERROR(Q127/VLOOKUP(P127,'Exchange rates to USD'!$L$2:$N$225,3,FALSE()),\"\")","v":5.60994110732814}]
["CAN61","CAN","R&D subsidies","City/regional","Energy","CAD 6 million","Climate Mitigation",null,null,"(Alberta) Support R&D on the detection and mitigation of methane emissions from oil and gas","Energy Policy Tracker","https://www.canada.ca/en/natural-resources-canada/news/2020/07/canada-invests-in-clean-technology-for-albertas-natural-resources-sectors.html","Positive","An investment of $6 million, as part of the Canadian Emissions Reduction Innovation Network (CERIN) initiative, to the Petroleum Technology Alliance of Canada (PTAC) and Canadian Gas Association (CGA), through their Natural Gas Innovation Fund, to support their work in the oil and gas sector. These investments will inform protocols and standards for the detection and mitigation of methane emissions that will become the benchmark for Canada and the world. Through strong industry collaboration these investments will help Canada better understand and reduce methane emissions.","2020-11-23","CAD",6,{"$f":"IFERROR(Q128/VLOOKUP(P128,'Exchange rates to USD'!$L$2:$N$225,3,FALSE()),\"\")","v":4.58079023461743}]
["CAN62","CAN","Tax reduction / Other subsidy","City/regional","Energy","CAD 5.1 million","Climate Mitigation",null,null,"(Ontario) Smart Grid technology investment in London Hydro","Energy Policy Tracker","https://www.canada.ca/en/natural-resources-canada/news/2020/07/canada-invests-in-smart-grid-technology-for-london-net-zero-energy-community.html ","Positive","To develop and deploy a smart microgrid in the West 5 net-zero energy community in London, Ontario. The microgrid will integrate monitoring, data management and communications, electric vehicle infrastructure, distributed energy resource management, solar power generation and batteries to reduce grid use.","2020-11-23","CAD",5.1,{"$f":"IFERROR(Q129/VLOOKUP(P129,'Exchange rates to USD'!$L$2:$N$225,3,FALSE()),\"\")","v":3.89367169942481}]
["CAN63","CAN","Tax reduction / Other subsidy","Sectoral","Energy","CAD 5 million","Climate Mitigation",null,null,"Federal Funding for Biocarbon Briquettes for Ferroalloy Production","Energy Policy Tracker","https://www.canada.ca/en/natural-resources-canada/news/2020/09/canada-invests-in-clean-technology-solutions-in-quebec.html","Positive","Federal government funding for the manufacturing of biocarbon briquettes, a renewable alternative to metallurgical coal that can reduce the environmental impact of foundries and steelworks. Elkem MÃ©tal Canada Inc. intends to replace 43,000 tonnes of metallurgical coal per year, used at its Chicoutimi plant in Quebec, with 37,000 tonnes of bio-briquette (biocarbon) for a potential reduction of 100 ktonnes of CO2 eq/yr for Elkem MÃ©tal Canada. Elkem is a company specializing in the manufacturing of a ferroalloy used in the foundry and steel mill industry, and the briquettes will be made from forest biomass, reducing waste in the forestry sector. This is a second generation biofuel. ","2020-11-23","CAD",5,{"$f":"IFERROR(Q130/VLOOKUP(P130,'Exchange rates to USD'!$L$2:$N$225,3,FALSE()),\"\")","v":3.81732519551452}]
["CAN64","CAN","Tax reduction / Other subsidy","City/regional","Energy","CAD 4.5 million","Climate Mitigation",null,null,"Federal investment in Quebec Bioenergy","Energy Policy Tracker","https://www.canada.ca/en/natural-resources-canada/news/2020/09/canada-invests-in-bioenergy-in-quebec.html ","Mixed","$4.5 million federal government spending in CRB Innovations for second generation forest-based bioenergy, with the aim of energy efficiency and GHG reduction by converting forest residues to biofuels and bioplastics. Through Natural Resources Canada Clean Growth Program. ","2020-11-23","CAD",4.5,{"$f":"IFERROR(Q131/VLOOKUP(P131,'Exchange rates to USD'!$L$2:$N$225,3,FALSE()),\"\")","v":3.43559267596307}]
["CAN65","CAN","Tax reduction / Other subsidy","Sectoral","Energy","CAD 4 million","Climate Mitigation",null,null,"Funding for Algoma Steel's climate action initiatives","Energy Policy Tracker","https://www.canada.ca/en/environment-climate-change/news/2020/08/government-of-canada-announces-support-for-algoma-steels-climate-action-initiatives.html","Mixed","The integrated steel producer Algoma Steel will use the funding to improve both the tar-removal and light-oil-recovery areas of its coke-making plant in Sault Ste. Marie, Ontario. This project is funded through the Low Carbon Economy Fund. The coke-making process of steel production generates a variety of by-products including coke-oven gas, various tars, and light oil. By using updated equipment to capture and remove by-products suspended in coke-oven gas, a steel manufacturer can reduce its greenhouse gas emissions, reduce local air pollution, and re-use captured fuel. ","2020-11-23","CAD",4,{"$f":"IFERROR(Q132/VLOOKUP(P132,'Exchange rates to USD'!$L$2:$N$225,3,FALSE()),\"\")","v":3.05386015641162}]
["CAN66","CAN","R&D subsidies","City/regional","Energy","CAD 3 million","Climate Mitigation",null,null,"(Alberta) Support SMEs to adopt clean tech","Energy Policy Tracker","https://www.canada.ca/en/western-economic-diversification/news/2020/09/government-of-canada-invests-in-albertas-construction-industry-to-help-strengthen-energy-efficiency-and-green-building-practices.html ","Mixed","To help Alberta's construction and engineering industry by supporting small and medium-sized businesses adopt new products and technologies that improve the energy efficiency of buildings and reduce greenhouse gas emissions","2020-11-23","CAD",3,{"$f":"IFERROR(Q133/VLOOKUP(P133,'Exchange rates to USD'!$L$2:$N$225,3,FALSE()),\"\")","v":2.29039511730871}]
["CAN67","CAN","Tax reduction / Other subsidy","City/regional","Energy","CAD 2 milion","Climate Mitigation",null,null,"(City of Calgary) Support of Natural Resources Canada to biomass production and carbon sequestration project","Energy Policy Tracker","https://www.canada.ca/en/environment-climate-change/news/2020/08/government-of-canada-reducing-emissions-in-calgary-by-expanding-the-willow-plantation.html ","Mixed","To support the City of Calgary's biomass production and carbon sequestration project. This initiative will reduce emissions by planting 300 new hectares of trees over three years at the City's successful willow plantation. The plantation will use municipal biosolids as fertilizer and will help create a carbon-storage sink that leads to fewer greenhouse gas emissions. Funding provided through the Low Carbon Economy Fund.","2020-11-23","CAD",2,{"$f":"IFERROR(Q134/VLOOKUP(P134,'Exchange rates to USD'!$L$2:$N$225,3,FALSE()),\"\")","v":1.52693007820581}]
["CAN68","CAN","R&D subsidies","Sectoral","Energy","CAD 1.717 milion","Climate Mitigation",null,null,"Funding for research for electric and alternative fuel vehicles","Energy Policy Tracker","https://www.canada.ca/en/natural-resources-canada/news/2020/09/investing-in-canadas-zero-emission-vehicle-sector","Positive","Investment to the CSA Group to support a project to research, develop, adapt and update codes and standards for electric and alternative fuel vehicles and infrastructure.","2020-11-23","CAD",1.717,{"$f":"IFERROR(Q135/VLOOKUP(P135,'Exchange rates to USD'!$L$2:$N$225,3,FALSE()),\"\")","v":1.31086947213969}]
["CAN69","CAN","R&D subsidies","Sectoral","Surface transport","CAD 0.57 million","Air Pollution",null,null,"Encourage economic growth and climate action through investment for the development of electric vehicles","Energy Policy Tracker","https://www.canada.ca/en/natural-resources-canada/news/2020/11/new-electric-vehicle-chargers-coming-to-york-region.html ; https://www.canada.ca/en/natural-resources-canada/news/2020/08/new-electric-vehicle-chargers-coming-to-oakville.html","Positive","Electric vehicles: i) 0.35 CAD million for the York Municipality (build 70 electric vehicle level 2 chargers); ii) 0.22 CAD million in in high-traffic spaces of Oakville (EV charges), project funded by Natural Resources Canada's Zero-Emission Vehicle Infrastructure Program.","2020-11-23","CAD",0.57,{"$f":"IFERROR(Q136/VLOOKUP(P136,'Exchange rates to USD'!$L$2:$N$225,3,FALSE()),\"\")","v":0.435175072288655}]
["CAN70","CAN","R&D subsidies","Sectoral","Energy","CAD 1.1 million","Climate Mitigation",null,null,"Funding to reduce emissions from Toront's emergency response vehicles","Energy Policy Tracker","https://www.canada.ca/en/environment-climate-change/news/2020/08/government-of-canada-supports-innovative-climate-action-by-the-city-of-toronto.html","Mixed","This investment, through the Low Carbon Economy Fund, will go toward installing solar panels on the roofs of 215 ambulances and more than 60 emergency paramedic response units, which will power and recharge critical on-board medical equipment. The funding will also help install a hybrid electric drivetrain system in more than 100 ambulances to save fuel and reduce emissions. This will allow the City of Toronto to reduce its greenhouse gas emissions by an amount equivalent to removing approximately 2,900 passenger cars off the road for one year.","2020-11-23","CAD",1,{"$f":"IFERROR(Q137/VLOOKUP(P137,'Exchange rates to USD'!$L$2:$N$225,3,FALSE()),\"\")","v":0.763465039102904}]
["CAN71","CAN","Regulatory change","City/regional","Energy",null,"Climate Mitigation",null,null,"(Alberta) Approval of NOVA Gas Transmission Ltd. expansion project: create jobs, support recovery and help phase out coal-powered electricity.","Energy Policy Tracker","https://www.canada.ca/en/natural-resources-canada/news/2020/10/government-of-canada-approves-the-nova-gas-transmission-ltd-2021-system-expansion-project.html","Mixed","The Government of Canada has approved the NOVA Gas Transmission Ltd. (NGTL) 2021 System Expansion Project with 35 conditions, and amendments to the Canada Energy Regulator's conditions for approval related to caribou and Indigenous engagement. The $2.3-billion project has been touted for creating 2,920 jobs and giving natural gas producers better access to markets for their products.","2020-11-24","CAD",1,{"$f":"IFERROR(Q138/VLOOKUP(P138,'Exchange rates to USD'!$L$2:$N$225,3,FALSE()),\"\")","v":0.763465039102904}]
["CAN72","CAN","Tax reduction / Other subsidy","City/regional","Energy","CAD 5.4 million","Climate Mitigation",null,null,"(Yukon) Support for clean energy projects and job creation","Energy Policy Tracker","https://www.canada.ca/en/natural-resources-canada/news/2020/09/government-invests-in-clean-energy-initiatives-in-yukon.html","Mixed","Five community-led clean energy projects from the Clean Energy for Rural and Remote Communities program supporting communities reducing their reliance on diesel fuel for heat and power while creating jobs.","2020-11-24","CAD",5.4,{"$f":"IFERROR(Q139/VLOOKUP(P139,'Exchange rates to USD'!$L$2:$N$225,3,FALSE()),\"\")","v":4.12271121115568}]
["CAN73","CAN","Regulatory change","Sectoral","Multiple or economy-wide",null,"Climate Mitigation",null,null,"Delay of publication and implementation of the Clean Fuel Standard","Energy Policy Tracker","https://www.canada.ca/en/environment-climate-change/services/managing-pollution/energy-production/fuel-regulations/clean-fuel-standard.html ","Negative","The Clean Fuel Standard will contribute to reduce GHG emissions through the increased use of lower-carbon fuels, energy sources, and technologies. ","2020-11-24","CAD",null,{"$f":"IFERROR(Q140/VLOOKUP(P140,'Exchange rates to USD'!$L$2:$N$225,3,FALSE()),\"\")","v":0}]
["CAN74","CAN","Regulatory change","Sectoral","Industry",null,"Air Pollution","Climate Mitigation",null,"Extension of deadline for pollution data reporting by industry to reduce burdens for industry during COVID-19.","Energy Policy Tracker","https://www.canada.ca/en/services/environment/pollution-waste-management/national-pollutant-release-inventory.html; https://www.canada.ca/en/environment-climate-change/services/climate-change/greenhouse-gas-emissions/facility-reporting/reporting.html","Negative","The deadlines for industry reporting on: i) National Pollutant Release Inventory data and ii) GHG emissions have been extended to July 31, 2020 ","2020-11-24","CAD",null,{"$f":"IFERROR(Q141/VLOOKUP(P141,'Exchange rates to USD'!$L$2:$N$225,3,FALSE()),\"\")","v":0}]
["CHL1","CHL","Grant/Loan (including interest-free loans)","Economy-wide","Multiple or economy-wide","USD 4.5 million","Climate Mitigation","Water","Adaptation","As a part of the programme \"Paso a paso Chile se recupera\", Chile intends to add USD 4.5 million to the Ministries' regular budget. This sum will raise total public investment to USD 34 million, which will be spent within 24 months. The plan seeks to respond to several social and environmental challenges. 30% of the projects (not necessarily of the funds) will be invested to accelerate Chile's climate mitigation and adaptation efforts and to support sustainable development, on the basis of the country's new NDC and of the Climate Bond Initiative (CBI) classification (that corresponds to the green investment framework of Chilean sovereign green bonds). The projects will enhance (1) water management (focusing on the modernization of irrigation plants, rainwater conservation, flood control, drought resilience, improved water treatment, improved access to drinking water, etc.), (2) green urban mobility (extension of the metro system, railways, electric buses, public transport routes, bicycle lanes), (3) reforestation (reforesting 24.1 ha with a focus on wildfire management), (4) urban greening, (5) public infrastructure (focus on coastal and fluvial climate-resilient infrastructure and on the energy efficiency of public buildings) and (6) sustainable local development (including local strategic plans for water resources; energy efficiency of housing). ","https://www.gob.cl/chileserecupera/",null,"Positive","The implementation of the plan will involve the Ministry of Public works and infrastructure, the Ministry of Transport and telecommunications, the Ministry of Housing and Urbanism, the Ministry of Agriculture, the Interior Ministry and the Ministry of Sports.","2020-11-08","USD",4500,{"$f":"IFERROR(Q142/VLOOKUP(P142,'Exchange rates to USD'!$L$2:$N$225,3,FALSE()),\"\")","v":4500}]
["CHL2","CHL","Tax reduction / Other subsidy",null,"Multiple or economy-wide","Minimum USD 35 millon in 2020 and USD 75 millons in 2021","Other",null,null,"Corporate income tax (CIT) rate reduction to incentivise environmentally-friendly investments: 1% regional contribution to new investment in fixed assets above USD 10 millons, if approved by the System of Environmental Impact Assessment (Sistema de Evaluación de Impacto Ambiental). Valid for projects submitted until 31 December 2021. ","Ley de Modernización Tributaria: https://modernizaciontributaria.hacienda.cl/mas-recursos-para-chile ",null,"Positive",null,"2020-11-05","USD",75,{"$f":"IFERROR(Q143/VLOOKUP(P143,'Exchange rates to USD'!$L$2:$N$225,3,FALSE()),\"\")","v":75}]
["CHL3","CHL","Regulatory change","Sectoral","Energy",null,"Climate Mitigation","Air Pollution",null,"Suspension of peak hour charge for electricity bills",null,null,"Indeterminate",null,"2020-11-05",null,null,{"$f":"IFERROR(Q144/VLOOKUP(P144,'Exchange rates to USD'!$L$2:$N$225,3,FALSE()),\"\")","v":""}]
["CHL4","CHL","Regulatory change","Sectoral","Surface transport",null,"Air Pollution","Climate Mitigation",null,"Postponement of the otherwise mandatory annual vehicle inspection and circulation permit","https://www.chileatiende.gob.cl/fichas/23978-revision-tecnica-de-vehiculos-motorizados",null,"Negative",null,"2020-11-05",null,null,{"$f":"IFERROR(Q145/VLOOKUP(P145,'Exchange rates to USD'!$L$2:$N$225,3,FALSE()),\"\")","v":""}]
["CHL5","CHL","Grant/Loan (including interest-free loans)","Sectoral","Surface transport","CLP 5 million","Climate Mitigation","Air Pollution",null,"National Mobility Plan: Work with Municipalities to implement tactical urbanism initiatives",null,null,"Positive",null,"2021-01-07","CLP",5000,{"$f":"IFERROR(Q146/VLOOKUP(P146,'Exchange rates to USD'!$L$2:$N$225,3,FALSE()),\"\")","v":8.03137018685191}]
["CHL6","CHL","Grant/Loan (including interest-free loans)","Sectoral","Surface transport","CLP 26 million",null,null,null,"State Support Bonus and Solidarity Loan: Economic benefit to owners of buses, minibuses, cabs (urban and rural)",null,null,"Indeterminate",null,"2021-01-07","CLP",26000,{"$f":"IFERROR(Q147/VLOOKUP(P147,'Exchange rates to USD'!$L$2:$N$225,3,FALSE()),\"\")","v":41.7631249716299}]
["CHL7","CHL","Other or not specified","Economy-wide","Agriculture","USD 455 million","Water","Adaptation","Climate Mitigation","Hydraulic Projects: Irrigation works that will benefit more than 125 thousand hectares, conservation of rainwater in cities and alluvial controls. ","https://www.gob.cl/chileserecupera/",null,"Positive","These projects contemplate the improvement of irrigation systems to increase water use efficiency and water savings. Likewise, this will increase the country's resilience or capacity to face the impacts of climate change, in the context of a mega drought that has affected Chile for over a decade.","2021-01-07","USD",455,{"$f":"IFERROR(Q148/VLOOKUP(P148,'Exchange rates to USD'!$L$2:$N$225,3,FALSE()),\"\")","v":455}]
["CHL8","CHL","Other or not specified","Economy-wide","Multiple or economy-wide","USD 481 million","Water","Adaptation","Climate Mitigation","Rural Drinking Water systems: 75 new systems, 69 improvements and extensions of systems, and minor conservation of another 44 systems.","https://www.gob.cl/chileserecupera/",null,"Indeterminate","These projects will provide or improve access to water for vulnerable families in our country, particularly in rural areas.","2021-01-07","USD",481,{"$f":"IFERROR(Q149/VLOOKUP(P149,'Exchange rates to USD'!$L$2:$N$225,3,FALSE()),\"\")","v":481}]
["CHL9","CHL","Other or not specified","Economy-wide","Surface transport","USD 376 million","Adaptation","Climate Mitigation","Water","Roads: Construction, replacement and improvement of 93 bridges, and construction of 62 kilometers of bicycle lanes.","https://www.gob.cl/chileserecupera/",null,"Mixed","The design and implementation of these projects considering sustainable engineering, materials, and location aspects, among others, will contribute to climate change adaptation measures in facing events of river flooding, intensity of rainfalls, and probability of floodings, among others.","2021-01-07","USD",376,{"$f":"IFERROR(Q150/VLOOKUP(P150,'Exchange rates to USD'!$L$2:$N$225,3,FALSE()),\"\")","v":376}]
["CHL10","CHL","Other or not specified","Economy-wide","Multiple or economy-wide","USD 235 million","Adaptation","Climate Mitigation","Water","Coastal and riverside projects: Construction, conservation, improvement and extension of more than 35 works on coastal and riversides.","https://www.gob.cl/chileserecupera/",null,"Positive","The design and implementation of these projects considering sustainable engineering, materials, and location aspects, among others; will allow adaptation to the effects of climate change such as the frequency and intensity of storm surges, sea level, intensity of rainfall, etc; allowing to increase the resilience or reaction capacity of the communities and activities that will be affected.","2021-01-07","USD",235,{"$f":"IFERROR(Q151/VLOOKUP(P151,'Exchange rates to USD'!$L$2:$N$225,3,FALSE()),\"\")","v":235}]
["CHL11","CHL","Other or not specified","Economy-wide","Multiple or economy-wide","USD 39 million","Water","Adaptation","Climate Mitigation","Water Management: Development of 50 strategic plans for the management of water resources, of which 30 will be ready between 2020-2022; and strengthening of the national hydrometric and glaciological network.","https://www.gob.cl/chileserecupera/",null,"Positive","The design and implementation of these plans and tools will consider the effects of climate change with respect to temperatures, drought, intensity of rainfall, among others; allowing to increase the resilience or reaction capacity of the communities and activities that will be affected.","2021-01-07","USD",39,{"$f":"IFERROR(Q152/VLOOKUP(P152,'Exchange rates to USD'!$L$2:$N$225,3,FALSE()),\"\")","v":39}]
["CHL12","CHL","Other or not specified","Economy-wide","Buildings","USD 403 million","Adaptation","Other",null,"Public Buildings: Construction, replacement and improvement of more than 280.000 m2 in public building projects such as police stations, schools, health centers, museums, theaters, and town hall buildings, among others.","https://www.gob.cl/chileserecupera/",null,"Indeterminate","These projects contemplate energy efficiency standards contributing to the reduction in the consumption of electrical energy or fuel, contributing to the mitigation of climate change.","2021-01-07","USD",403,{"$f":"IFERROR(Q153/VLOOKUP(P153,'Exchange rates to USD'!$L$2:$N$225,3,FALSE()),\"\")","v":403}]
["COL1","COL","Other or not specified","Economy-wide","Multiple or economy-wide",null,"Water",null,null,"Water pricing frozen, and reconnecting the water service to people who had it suspended for non-payment (benefits more than 1 million people), collection of water purification and wastewater treatment fees suspended until 30 May.","https://coronaviruscolombia.gov.co/Covid19/acciones/acciones-de-servicios-publicos.html",null,"Indeterminate","In addition, in cities with more that 5 000 users, disinfection will be carried out once a weekto prevent the spread of the vrus.","2020-11-19",null,null,{"$f":"IFERROR(Q154/VLOOKUP(P154,'Exchange rates to USD'!$L$2:$N$225,3,FALSE()),\"\")","v":""}]
["COL2","COL","Tax reduction / Other subsidy",null,"Multiple or economy-wide",null,null,null,null,"Increasing the budget (USD 375 thousand) for all the existing subsidies to poor families (Elderly, Youth in Action, and Families in Action programmes) and additional and extraordinary non-conditional payments",null,null,"Indeterminate",null,null,null,null,{"$f":"IFERROR(Q155/VLOOKUP(P155,'Exchange rates to USD'!$L$2:$N$225,3,FALSE()),\"\")","v":""}]
["COL3","COL","Tax reduction / Other subsidy",null,"Multiple or economy-wide",null,null,null,null,"New and temporal (until June 2021) subsidy for informal workers not receiving other types of existing subsidies (Ingreso Solidario) in place until the end of 2020,",null,null,"Indeterminate",null,null,null,null,{"$f":"IFERROR(Q156/VLOOKUP(P156,'Exchange rates to USD'!$L$2:$N$225,3,FALSE()),\"\")","v":""}]
["COL4","COL","Other or not specified",null,"Multiple or economy-wide",null,null,null,null,"Evictions are suspended and rental payments cannot be increased; poorest households can differ the payment of public services in 36 months without interests",null,null,"Indeterminate",null,null,null,null,{"$f":"IFERROR(Q157/VLOOKUP(P157,'Exchange rates to USD'!$L$2:$N$225,3,FALSE()),\"\")","v":""}]
["COL5","COL","Tax reduction / Other subsidy",null,"Multiple or economy-wide",null,null,null,null,"Goverment finances the salaries of workers in SMEs for three months  (for worker up to 5 minimum wages) since 13 April; subsidy of 40% of the minimum wage for firms with at least 20% reduction in turnover from May",null,null,"Indeterminate",null,null,null,null,{"$f":"IFERROR(Q158/VLOOKUP(P158,'Exchange rates to USD'!$L$2:$N$225,3,FALSE()),\"\")","v":""}]
["COL6","COL","Tax reduction / Other subsidy",null,"Multiple or economy-wide",null,"Climate Mitigation","Biodiversity",null,"A period of grace and refinancing of credits for companies and individuals; change in the calendar for PIT payments (delayed until the end of 2020); extension of payment deadlines of CIT; extension of VAT deadline payment for taxpayers providing hotel and commercial passenger air transport services, theatrical activities and live shows; for taxpayers providing hotel and commercial passenger air transport services, theatrical activities and live shows extension of payment deadlines of parafiscal contribution for the promotion of tourism; a financial relief to SMEs having difficulties with their credits in the next 2 months;eliminating VAT and import tariffs on health equipment and aviation; suspension of social contributions (employer and employee) for 3 monthss; specific measures to support the culture and creativity sectors (orange economy);",null,null,"Indeterminate",null,null,null,null,{"$f":"IFERROR(Q159/VLOOKUP(P159,'Exchange rates to USD'!$L$2:$N$225,3,FALSE()),\"\")","v":""}]
["COL7","COL","Grant/Loan (including interest-free loans)",null,"Multiple or economy-wide","COP 60 billion","Climate Mitigation","Biodiversity",null,"New subsidized credit line with a capped quota of COP 250 billion aimed at the tourism, aviation and public events sectors and additional COP 350 billion for other sectors;  ",null,null,"Negative",null,null,"COP",60000,{"$f":"IFERROR(Q160/VLOOKUP(P160,'Exchange rates to USD'!$L$2:$N$225,3,FALSE()),\"\")","v":20.8308417156931}]
["COL8","COL","Other or not specified","Economy-wide","Surface transport",null,"Climate Mitigation",null,null,"reduction of the gasoline price;",null,null,"Negative",null,null,null,null,{"$f":"IFERROR(Q161/VLOOKUP(P161,'Exchange rates to USD'!$L$2:$N$225,3,FALSE()),\"\")","v":""}]
["COL9","COL","Tax reduction / Other subsidy",null,"Multiple or economy-wide","COP 70 billion",null,null,null,"the Government injected 70 billion pesos (7% of GDP) into the National Guarantee Fund to channel loans to the companies and people most affected by the fall in their income",null,null,"Indeterminate",null,null,"COP",70000,{"$f":"IFERROR(Q162/VLOOKUP(P162,'Exchange rates to USD'!$L$2:$N$225,3,FALSE()),\"\")","v":24.3026486683086}]
["COL10","COL","Grant/Loan (including interest-free loans)",null,"Multiple or economy-wide",null,null,null,null," guarantees to finance 3 months salaries of MSMEs up to 5 minimum wages, as long as no worker is fired; and special credit line to own accountant workers.                   ",null,null,"Indeterminate",null,null,null,null,{"$f":"IFERROR(Q163/VLOOKUP(P163,'Exchange rates to USD'!$L$2:$N$225,3,FALSE()),\"\")","v":""}]
["COL11","COL","Other or not specified","Economy-wide","Multiple or economy-wide",null,null,null,null,"Increased quotas of the daily auctions to increase liquidity in the market and announced an asset purchase program (public or corporate debt securities);  the Central Bank cut the policy rate by 150 basic points to 2.75% during march, april and may meetings",null,null,"Indeterminate",null,null,null,null,{"$f":"IFERROR(Q164/VLOOKUP(P164,'Exchange rates to USD'!$L$2:$N$225,3,FALSE()),\"\")","v":""}]
["COL12","COL","Other or not specified","Economy-wide","Multiple or economy-wide",null,null,null,null,"On April 15th, reduced required reserves, injecting liquidity by COP 9 trillion",null,null,"Indeterminate",null,null,null,null,{"$f":"IFERROR(Q165/VLOOKUP(P165,'Exchange rates to USD'!$L$2:$N$225,3,FALSE()),\"\")","v":""}]
["COL13","COL","Other or not specified",null,"Multiple or economy-wide",null,null,null,null,"Vulnerable families can suspend the payment of public services for the month of April.",null,null,"Indeterminate",null,null,null,null,{"$f":"IFERROR(Q166/VLOOKUP(P166,'Exchange rates to USD'!$L$2:$N$225,3,FALSE()),\"\")","v":""}]
["COL14","COL","Other or not specified","Sectoral","Energy","COP 16 billion","Climate Mitigation",null,null,"Commitment to invest in 9 wind, 5 solar, 3 thermal and 1 hydropower projects, as well as 9 transmission lines. The investment is part of the \"commitment to clean and sustainable growth\"",null,"https://id.presidencia.gov.co/Paginas/prensa/2020/COMPROMISO-POR-COLOMBIA-Transicion-energetica-y-crecimiento-limpio-en-el-foco-del-Gobierno-para-proximos-dos-anios-200807.aspx","Mixed",null,"2020-11-05","COP",16000,{"$f":"IFERROR(Q167/VLOOKUP(P167,'Exchange rates to USD'!$L$2:$N$225,3,FALSE()),\"\")","v":5.55489112418482}]
["COL15","COL","Other or not specified","Sectoral","Agriculture",null,"Biodiversity","Climate Mitigation",null,"Goal to plant 180 million trees through incentives for silvopastoralism and agroforestry with community support",null,"https://id.presidencia.gov.co/Paginas/prensa/2020/Nace-el-nuevo-Compromiso-por-el-Futuro-de-Colombia-200807.aspx","Positive","Goal was announced in January at Davos and I believe independent of COVID-19. It has now been reaffirmed in the new Compromiso por el Futuro de Colombia","2020-11-06",null,null,{"$f":"IFERROR(Q168/VLOOKUP(P168,'Exchange rates to USD'!$L$2:$N$225,3,FALSE()),\"\")","v":""}]
["COL16","COL","Other or not specified","Economy-wide","Multiple or economy-wide","COP 1.5 trillion","Climate Mitigation","Biodiversity",null,"Accelerate infrastructure projects including ports, airports, aqueducts and treatment plants and fourth and fifth generation highways. Conclude development of 14 national roads, 8 regional ones and initiate 22 highway projects",null,"https://id.presidencia.gov.co/Paginas/prensa/2020/Nace-el-nuevo-Compromiso-por-el-Futuro-de-Colombia-200807.aspx","Negative","Linear infrastructure often has biodiversity impacts and if facilitates increased commuting then potential GHG emissions increase?  Note this is another commitment outlined by President in the Compromiso por el Futuro de Colombia","2020-11-07","COP",1500000,{"$f":"IFERROR(Q169/VLOOKUP(P169,'Exchange rates to USD'!$L$2:$N$225,3,FALSE()),\"\")","v":520.771042892327}]
["COL17","COL","Regulatory change","Economy-wide","Multiple or economy-wide",null,"Climate Mitigation","Biodiversity","Water","Accelerate ratification of Escazu Agreement: Regional Agreement on Access to Information, Public Participation and Justice in Environmental Matters in Latin America and the Caribbean",null,"https://id.presidencia.gov.co/Paginas/prensa/2020/Nace-el-nuevo-Compromiso-por-el-Futuro-de-Colombia-200807.aspx","Indeterminate"," another commitment outlined by President in the Compromiso por el Futuro de Colombia","2020-11-08",null,null,{"$f":"IFERROR(Q170/VLOOKUP(P170,'Exchange rates to USD'!$L$2:$N$225,3,FALSE()),\"\")","v":""}]
["COL18","COL","Regulatory change","Sectoral","Industry",null,"Biodiversity","Water","Climate Mitigation","Proposal for new legislation to combat illegal mining",null,"https://id.presidencia.gov.co/Paginas/prensa/2020/Nace-el-nuevo-Compromiso-por-el-Futuro-de-Colombia-200807.aspx","Positive",null,"2020-11-09",null,null,{"$f":"IFERROR(Q171/VLOOKUP(P171,'Exchange rates to USD'!$L$2:$N$225,3,FALSE()),\"\")","v":""}]
["COL19","COL","Other or not specified","Economy-wide",null,null,"Climate Mitigation","Adaptation",null,"Accelerate construction of Dique canal to adapt to flood risk and improve navigation",null,"https://id.presidencia.gov.co/Paginas/prensa/2020/Nace-el-nuevo-Compromiso-por-el-Futuro-de-Colombia-200807.aspx","Mixed",null,"2020-11-10",null,null,{"$f":"IFERROR(Q172/VLOOKUP(P172,'Exchange rates to USD'!$L$2:$N$225,3,FALSE()),\"\")","v":""}]
["COL20","COL","Other or not specified","Sectoral","Multiple or economy-wide",null,"Biodiversity","Climate Mitigation",null,"Commitment to improve the sustainability of mining and energy sectors (although also plan to continue exploration)",null,"https://id.presidencia.gov.co/Paginas/prensa/2020/Nace-el-nuevo-Compromiso-por-el-Futuro-de-Colombia-200807.aspx","Mixed",null,"2020-11-11",null,null,{"$f":"IFERROR(Q173/VLOOKUP(P173,'Exchange rates to USD'!$L$2:$N$225,3,FALSE()),\"\")","v":""}]
["COL21","COL","Grant/Loan (including interest-free loans)","Sectoral","Agriculture",null,"Biodiversity","Other",null,"\"Colombia Agro Produce credit\", allowing farmers to benefit from lower interest rates (3.5% small producers; 4.5% medium-large producers) up to a3 years, one year grace. Finacial aid will be provided for farmers over 70s not covered by other government programs.",null,"https://coronaviruscolombia.gov.co/Covid19/acciones/acciones-de-agricultura.html","Mixed","Goal announced on 01/04/2020","2020-11-19",null,null,{"$f":"IFERROR(Q174/VLOOKUP(P174,'Exchange rates to USD'!$L$2:$N$225,3,FALSE()),\"\")","v":""}]
["COL22","COL","Tax reduction / Other subsidy",null,"Multiple or economy-wide",null,"Water",null,null,"Direct subsidies to rural and community aqueducts (COP 14 400/month per user) guaranteeing access to drinking water and basic sanitation and reducing related bills. The 1,621 rural operators registered with the Superintendency of Public Services may apply to this subsidy",null,"https://coronaviruscolombia.gov.co/Covid19/acciones/acciones-de-servicios-publicos.html","Positive","Decree 819, 4 June 2020","2020-11-20",null,null,{"$f":"IFERROR(Q175/VLOOKUP(P175,'Exchange rates to USD'!$L$2:$N$225,3,FALSE()),\"\")","v":""}]
["CZE1","CZE","Grant/Loan (including interest-free loans)","Sectoral","Agriculture","3.3 billion CZK",null,null,null,"The Government has released 3.3 billion CZK for the 2020 Rural Development Program. This funding should help entrepreneurs in agriculture, food and forestry while fighting coronavirus crisis. The main reason for this support is to secure Czech food self-sufficiency.","https://www.vlada.cz/en/media-centrum/aktualne/measures-adopted-by-the-czech-government-against-coronavirus-180545/",null,"Indeterminate",null,null,"CZK",3300,{"$f":"IFERROR(Q176/VLOOKUP(P176,'Exchange rates to USD'!$L$2:$N$225,3,FALSE()),\"\")","v":146.596912937392}]
["CZE2","CZE","Tax reduction / Other subsidy","Sectoral","Surface transport",null,"Climate Mitigation",null,null,"A bill on an anti-crisis tax package to help the most affected sectors has been adopted, which includes the reduction to 25 percent in road tax on lorries over 3.5 tonnes, shortens the deadline for refunding the overpayment of excise duty on so-called \"green diesel\"",null,null,"Negative"]
["CZE3","CZE","Grant/Loan (including interest-free loans)","Sectoral","Multiple or economy-wide","6.5 billion CZK",null,null,null,"The preparation of state orders for transport infrastructure - for maintenance, repairs or new investments has been approved. Through the State Fund for Transport Infrastructure, the state will spend 6.5 billion CZK in excess of the current budget. The contractual deadlines for these contracts were also extended.",null,null,"Indeterminate",null,null,"CZK",6500,{"$f":"IFERROR(Q178/VLOOKUP(P178,'Exchange rates to USD'!$L$2:$N$225,3,FALSE()),\"\")","v":288.751495179711}]
["DNK1","DNK","Tax reduction / Other subsidy","Sectoral","Buildings",72000000,"Climate Mitigation",null,null,"Green transition of individual heating further by increasing the phasing out of oil and gas boilers","Agreement between the government and the Radical Left, the Socialist People's Party, the Unity List and the Alternative on: Finance Act for 2021 (December 6, 2020)\nAftale mellem regeringen og Radikale Venstre, Socialistisk Folkeparti, Enhedslisten og Alternativet om: Finansloven for 2021 (6. december 2020)\n\n",null,"Positive","A total of DKK 225 million is set aside. in 2021, DKK 225 million. in 2022, DKK 145 million. DKK in 2023, DKK 155 million. DKK in 2024 and DKK 60 million. DKK in 2025 for the subsidy pools for phasing out oil and gas boilers, which were agreed with the Climate Agreement for energy and industry, etc. 2020 and the follow-up agreement of 30 October 2020.","2020-12-09","DKK",450,{"$f":"IFERROR(Q179/VLOOKUP(P179,'Exchange rates to USD'!$L$2:$N$225,3,FALSE()),\"\")","v":66.3943591855653}]
["DNK2","DNK","Tax reduction / Other subsidy","Sectoral","Transport",32000000,"Climate Mitigation","Air Pollution",null,"Strengthen the transition to green transport by setting aside a pool to support initiatives that can contribute to the green transition of the transport sector, eg electric ferries, the spread of charging infrastructure, conversion of heavy transport, etc.","Agreement between the government and the Radical Left, the Socialist People's Party, the Unity List and the Alternative on: Finance Act for 2021 (December 6, 2020)\nAftale mellem regeringen og Radikale Venstre, Socialistisk Folkeparti, Enhedslisten og Alternativet om: Finansloven for 2021 (6. december 2020)\n\n",null,"Positive","A total of DKK 150 million is set aside. DKK 2021, DKK 50 million. DKK in 2022 and DKK 10 million. DKK annually in 2023-2025. The allocated funds include derived tax losses.","2020-12-09","DKK",200,{"$f":"IFERROR(Q180/VLOOKUP(P180,'Exchange rates to USD'!$L$2:$N$225,3,FALSE()),\"\")","v":29.5086040824735}]
["DNK3","DNK","Tax reduction / Other subsidy","Sectoral","Buildings",8000000,"Climate Mitigation",null,null,"The pool for sustainable construction must go to concrete efforts that help to support a greener and more sustainable and quality-conscious construction that is at the same time financially sustainable.","Agreement between the government and the Radical Left, the Socialist People's Party, the Unity List and the Alternative on: Finance Act for 2021 (December 6, 2020)\nAftale mellem regeringen og Radikale Venstre, Socialistisk Folkeparti, Enhedslisten og Alternativet om: Finansloven for 2021 (6. december 2020)\n\n",null,"Positive","DKK 25 million is set aside. DKK annually in 2021 and in 2022.","2020-12-09","DKK",50,{"$f":"IFERROR(Q181/VLOOKUP(P181,'Exchange rates to USD'!$L$2:$N$225,3,FALSE()),\"\")","v":7.37715102061836}]
["DNK4","DNK","R&D subsidies","Sectoral","Energy",32000000,"Climate Mitigation",null,null,"The purpose is, among other things, to promote the development of safe storage of CO2 in the North Sea as early as 2025.","Agreement between the government and the Radical Left, the Socialist People's Party, the Unity List and the Alternative on: Finance Act for 2021 (December 6, 2020)\nAftale mellem regeringen og Radikale Venstre, Socialistisk Folkeparti, Enhedslisten og Alternativet om: Finansloven for 2021 (6. december 2020)\n\n",null,"Positive",null,"2020-12-09","DKK",200,{"$f":"IFERROR(Q182/VLOOKUP(P182,'Exchange rates to USD'!$L$2:$N$225,3,FALSE()),\"\")","v":29.5086040824735}]
["DNK5","DNK","Tax reduction / Other subsidy","Economy-wide","Multiple or economy-wide",32000000,"Adaptation","Biodiversity",null,"To increase and extend the state pool for coastal protection projects and expand the criteria for relevant applicants. Several projects will thus be eligible for the pool.","Agreement between the government and the Radical Left, the Socialist People's Party, the Unity List and the Alternative on: Finance Act for 2021 (December 6, 2020)\nAftale mellem regeringen og Radikale Venstre, Socialistisk Folkeparti, Enhedslisten og Alternativet om: Finansloven for 2021 (6. december 2020)\n\n",null,"Positive","A total of DKK 50 million is set aside. DKK in 2021, which will bring the total pool in 2021 to 90 mill. DKK in 2021. 150 mill. DKK annually in 2022 and 2023.","2020-12-09","DKK",200,{"$f":"IFERROR(Q183/VLOOKUP(P183,'Exchange rates to USD'!$L$2:$N$225,3,FALSE()),\"\")","v":29.5086040824735}]
["DNK6","DNK","Tax reduction / Other subsidy","City/regional","Surface transport",56000000,"Climate Mitigation","Air Pollution",null,"The construction of cycle paths along the state roads. It must support the citizens' access to a more coherent cycle path and thereby better opportunities to choose the bicycle over other modes of transport.\nIn addition, DKK 150 million will be set aside. DKK in 2021 for a pool of targeted municipal bicycle projects. Municipal co-financing of 50 per cent is assumed. of the construction cost. The municipal contribution will have to be prioritized within the municipalities' construction framework.","Agreement between the government and the Radical Left, the Socialist People's Party, the Unity List and the Alternative on: Finance Act for 2021 (December 6, 2020)\nAftale mellem regeringen og Radikale Venstre, Socialistisk Folkeparti, Enhedslisten og Alternativet om: Finansloven for 2021 (6. december 2020)\n\n",null,"Positive","A total of DKK 180 million is set aside. DKK in 2021 and 170 mill. DKK annually in 2022-2023 for cycling.","2020-12-09","DKK",350,{"$f":"IFERROR(Q184/VLOOKUP(P184,'Exchange rates to USD'!$L$2:$N$225,3,FALSE()),\"\")","v":51.6400571443285}]
["DNK7","DNK","Tax reduction / Other subsidy","City/regional","Buildings",48000000,"Climate Mitigation",null,null,"strengthen municipalities and regions' ability to make their buildings more energy efficient","Agreement between the government and the Radical Left, the Socialist People's Party, the Unity List and the Alternative on: Finance Act for 2021 (December 6, 2020)\nAftale mellem regeringen og Radikale Venstre, Socialistisk Folkeparti, Enhedslisten og Alternativet om: Finansloven for 2021 (6. december 2020)\n\n",null,"Positive","A total of DKK 150 million is set aside. DKK annually in 2021-2022 and 5 mill. DKK annually from 2023.","2020-12-09","DKK",300,{"$f":"IFERROR(Q185/VLOOKUP(P185,'Exchange rates to USD'!$L$2:$N$225,3,FALSE()),\"\")","v":44.2629061237102}]
["DNK8","DNK","R&D subsidies","Sectoral","Agriculture",32000000,"Climate Mitigation",null,null,"The pool will contribute to the promotion and demonstration of new technologies that aim to reduce greenhouse gas emissions from agriculture, for example in brown biorefining. With the technology \"brown\" biorefining, residual and waste products from agriculture and the waste sector are utilized, such as manure, straw, sewage sludge and residual fibers from biogas production. Through the use of thermal pyrolysis technology, the biomass can be converted into gas and oil that can be refined into liquid fuels such as aviation fuel. The pool must target cost-effective technologies with great reduction potential in the agricultural sector.","Agreement between the government and the Radical Left, the Socialist People's Party, the Unity List and the Alternative on: Finance Act for 2021 (December 6, 2020)\nAftale mellem regeringen og Radikale Venstre, Socialistisk Folkeparti, Enhedslisten og Alternativet om: Finansloven for 2021 (6. december 2020)\n\n",null,"Mixed","DKK 100 million is set aside. DKK annually in 2021 and 2022 for the pool.\nEnvironmental impact mix. Does this create land use changes? In addition, it is unclear if these technologies reduce GHG emissions significantly. They might be substitute for fossil based fuels which means GHG saving on the production phase of the feedstock but not on the consumption phase.","2020-12-09","DKK",200,{"$f":"IFERROR(Q186/VLOOKUP(P186,'Exchange rates to USD'!$L$2:$N$225,3,FALSE()),\"\")","v":29.5086040824735}]
["DNK9","DNK","Tax reduction / Other subsidy","Sectoral","Buildings",52000000,"Climate Mitigation",null,null,"The funds strengthen the green transition by supporting energy efficiency improvements in year-round homes. Public housing, ie. public housing associations, can apply for funds from the Building Fund on the basis of objective criteria and on an equal footing with other building owners, so that tenants can also benefit from energy renovations.","Agreement between the government and the Radical Left, the Socialist People's Party, the Unity List and the Alternative on: Finance Act for 2021 (December 6, 2020)\nAftale mellem regeringen og Radikale Venstre, Socialistisk Folkeparti, Enhedslisten og Alternativet om: Finansloven for 2021 (6. december 2020)\n\n",null,"Positive","A total of DKK 300 million is set aside. DKK in 2021 and 25 mill. DKK annually from 2022. The funds are incl. derived from poison loss.","2020-12-09","DKK",325,{"$f":"IFERROR(Q187/VLOOKUP(P187,'Exchange rates to USD'!$L$2:$N$225,3,FALSE()),\"\")","v":47.9514816340194}]
["DNK10","DNK","Tax reduction / Other subsidy","Sectoral","Agriculture","Between 26 million and 106 million","Climate Mitigation",null,null,"By removing lowland soils and restoring natural water levels in the areas, greenhouse gas emissions are reduced. For the allocated funds, approx. 5,000 hectares of agricultural land, which is estimated to contribute to a total climate effect of almost 75,000 tonnes of CO2e in 2030.","Agreement between the government and the Radical Left, the Socialist People's Party, the Unity List and the Alternative on: Finance Act for 2021 (December 6, 2020)\nAftale mellem regeringen og Radikale Venstre, Socialistisk Folkeparti, Enhedslisten og Alternativet om: Finansloven for 2021 (6. december 2020)\n\n",null,"Positive","to set aside a total of DKK 660 million. DKK in the period 2021-2024 for extraction of carbon-rich agricultural land. A total of DKK 165 million is set aside. DKK annually in 2021-2024 for set-aside of agricultural land.","2020-12-09","DKK","Between 165 million and 660 million",26]
["DNK11","DNK","Tax reduction / Other subsidy","Sectoral","Energy",960000,"Climate Mitigation",null,null,"agree to support the development of geothermal energy as a technology in the district heating sector of the future by setting up a geothermal task force. The task force will be tasked with carrying out an analysis work to uncover the socio-economic potential for fitting geothermal heat into the district heating sector. can obtain state aid approval under EU state aid rules","Agreement between the government and the Radical Left, the Socialist People's Party, the Unity List and the Alternative on: Finance Act for 2021 (December 6, 2020)\nAftale mellem regeringen og Radikale Venstre, Socialistisk Folkeparti, Enhedslisten og Alternativet om: Finansloven for 2021 (6. december 2020)\n\n",null,"Positive","total of DKK 3 million is set aside. DKK annually in 2021 and 2022 for the task force. The parties to the agreement will be presented with the results of the task force's work in 2022.","2020-12-09","DKK",6,{"$f":"IFERROR(Q189/VLOOKUP(P189,'Exchange rates to USD'!$L$2:$N$225,3,FALSE()),\"\")","v":0.885258122474204}]
["DNK12","DNK","Tax reduction / Other subsidy","City/regional","Multiple or economy-wide",16000000,"Climate Mitigation",null,null,"to support the fact that more households and companies across the country have access to fast broadband. The COVID-19 crisis has also highlighted the importance of fast broadband. In this connection, the broadband pool can contribute to improved broadband coverage in those areas where the market does not by itself ensure sufficient rollout.","Agreement between the government and the Radical Left, the Socialist People's Party, the Unity List and the Alternative on: Finance Act for 2021 (December 6, 2020)\nAftale mellem regeringen og Radikale Venstre, Socialistisk Folkeparti, Enhedslisten og Alternativet om: Finansloven for 2021 (6. december 2020)\n\n",null,"Mixed","Access to broadband increase the volume of data which ultimatly increase GHG emission. On the other hand, digitalisation can save GHG emissions by decreasing travel demand.","2020-12-09","DKK",100,{"$f":"IFERROR(Q190/VLOOKUP(P190,'Exchange rates to USD'!$L$2:$N$225,3,FALSE()),\"\")","v":14.7543020412367}]
["DNK13","DNK","Tax reduction / Other subsidy","Economy-wide","Multiple or economy-wide",40000000,"Climate Mitigation",null,null,"It can contribute to the development of new digital solutions, partly by supporting a more cohesive and efficient public sector, which holds potential in supporting Denmark's ambitions in the climate area. And partly by supporting the digitalisation and automation of the business community to strengthen the competitiveness of Danish companies and for the benefit of growth, employment and export opportunities.","Agreement between the government and the Radical Left, the Socialist People's Party, the Unity List and the Alternative on: Finance Act for 2021 (December 6, 2020)\nAftale mellem regeringen og Radikale Venstre, Socialistisk Folkeparti, Enhedslisten og Alternativet om: Finansloven for 2021 (6. december 2020)\n\n",null,"Mixed","Digitalisation increase the volume of data which ultimatly increase GHG emission. On the other hand, digitalisation can save GHG emissions by decreasing travel demand or the use of material resources.","2020-12-09","DKK",250,{"$f":"IFERROR(Q191/VLOOKUP(P191,'Exchange rates to USD'!$L$2:$N$225,3,FALSE()),\"\")","v":36.8857551030918}]
["DNK14","DNK","Tax reduction / Other subsidy","Sectoral","Industry",133280000,"Climate Mitigation","Waste & recycling","Air Pollution","The program will enable SMEs to receive funding for advice on green and digital transformation, growth advice and business development, as well as the purchase of specific technology, production equipment, software, etc., which can contribute to the transformation of the company, including green transformation. ","Agreement between the government and the Radical Left, the Socialist People's Party, the Unity List and the Alternative on: Finance Act for 2021 (December 6, 2020)\nAftale mellem regeringen og Radikale Venstre, Socialistisk Folkeparti, Enhedslisten og Alternativet om: Finansloven for 2021 (6. december 2020)\n\n",null,"Positive","A total of DKK 825 million is set aside. DKK distributed with 300 mill. DKK in 2021 and 525 mill. DKK in 2022 and associated administrative funds. In addition, DKK 8 million is set aside. DKK distributed with 4 mill. DKK in 2021 and 4 mill. DKK in 2022 to the green entrepreneurship panel.","2020-12-09","DKK",833,{"$f":"IFERROR(Q192/VLOOKUP(P192,'Exchange rates to USD'!$L$2:$N$225,3,FALSE()),\"\")","v":122.903336003502}]
["DNK15","DNK","Regulatory change","Economy-wide","Multiple or economy-wide",16320000,"Climate Mitigation","Waste & recycling","Air Pollution","insured unemployed people over the age of 30, who are unskilled or skilled with an outdated education, will have the right to start a SOSU assistant basic education in 2021 with 110 pct. of their previous unemploymenC16t benefit rate. At the same time, the positive list is expanded by 6 per cent. for educations that support a green transition in the labor market.","Agreement between the government and the Radical Left, the Socialist People's Party, the Unity List and the Alternative on: Finance Act for 2021 (December 6, 2020)\nAftale mellem regeringen og Radikale Venstre, Socialistisk Folkeparti, Enhedslisten og Alternativet om: Finansloven for 2021 (6. december 2020)\n\n",null,"Positive","The impact will be positive. If labor with green skill is available, green sector will thrive more. A total of DKK 120 million is set aside DKK for strengthened recruitment of SOSU assistants and for green jobs in 2021-2022. Of this, the extension of the right to 110 per cent. unemployment benefit rate additional expenses of DKK 84 million. DKK in 2021 and 18 mill. in 2022 after tax, setbacks and behavior. The measure has less positive qualifying effects in the following years.","2020-12-09","DKK",102,{"$f":"IFERROR(Q193/VLOOKUP(P193,'Exchange rates to USD'!$L$2:$N$225,3,FALSE()),\"\")","v":15.0493880820615}]
["DNK16","DNK","Tax reduction / Other subsidy","Economy-wide","Multiple or economy-wide",4800000,null,null,null,"to raise the grant for the regional education pool and initiate a one-year trial with a right for the individual unemployed to a job-oriented course from the first day of unemployment via the regional education pool.","Agreement between the government and the Radical Left, the Socialist People's Party, the Unity List and the Alternative on: Finance Act for 2021 (December 6, 2020)\nAftale mellem regeringen og Radikale Venstre, Socialistisk Folkeparti, Enhedslisten og Alternativet om: Finansloven for 2021 (6. december 2020)\n\n",null,"Indeterminate","It is not targeted at green jobs. DKK 30 million is set aside. DKK in 2021 for the regional education pool. Thereby, the pool will amount to a total of 285 million. DKK in 2021 and will contribute to more people being able to quickly and flexibly be transferred to new jobs and industries","2020-12-09","DKK",30,{"$f":"IFERROR(Q194/VLOOKUP(P194,'Exchange rates to USD'!$L$2:$N$225,3,FALSE()),\"\")","v":4.42629061237102}]
["DNK17","DNK","Tax reduction / Other subsidy","Economy-wide","Multiple or economy-wide",16000000,null,null,null,"need to strengthen the warning efforts in 2021 as a result of the COVID-19 crisis, so that dismissed employees can quickly be helped into new employment with an early and focused effort.","Agreement between the government and the Radical Left, the Socialist People's Party, the Unity List and the Alternative on: Finance Act for 2021 (December 6, 2020)\nAftale mellem regeringen og Radikale Venstre, Socialistisk Folkeparti, Enhedslisten og Alternativet om: Finansloven for 2021 (6. december 2020)\n\n",null,"Indeterminate","It is not targeted at green jobs. DKK 100 million is set aside. DKK in 2021 for the purpose. Thus, the warning pool will amount to DKK 106 million. in 2021.","2020-12-09","DKK",100,{"$f":"IFERROR(Q195/VLOOKUP(P195,'Exchange rates to USD'!$L$2:$N$225,3,FALSE()),\"\")","v":14.7543020412367}]
["DNK18","DNK","Tax reduction / Other subsidy","City/regional","Multiple or economy-wide",4000000,"Climate Mitigation","Biodiversity","Plastics"," to set aside DKK 25 million. DKK in 2021 for green conversion of ports and conversion efforts within, for example, fishing and related ancillary activities. The Danish ports have set a goal of becoming CO2-neutral by 2030, at the same time as 90 per cent. of all waste in the ports will be recycled in 2030. In order to support restructuring and development efforts within the fishing industry and related follow-up industries, a pool will be created that can be applied for by ports, fishing and follow-up industries to co-finance projects concerning eg conversion and green development.","Agreement between the government and the Radical Left, the Socialist People's Party, the Unity List and the Alternative on: Finance Act for 2021 (December 6, 2020)\nAftale mellem regeringen og Radikale Venstre, Socialistisk Folkeparti, Enhedslisten og Alternativet om: Finansloven for 2021 (6. december 2020)\n\n",null,"Positive",null,"2020-12-09","DKK",25,{"$f":"IFERROR(Q196/VLOOKUP(P196,'Exchange rates to USD'!$L$2:$N$225,3,FALSE()),\"\")","v":3.68857551030918}]
["DNK19","DNK","Tax reduction / Other subsidy","City/regional","Multiple or economy-wide",4000000,null,null,null,"contribute to good living conditions for citizens in the villages by, for example, maintaining local jobs, local leisure activities, etc. In addition, the pool can also support the villages and smaller urban communities where the mink industry has been of particular importance.","Agreement between the government and the Radical Left, the Socialist People's Party, the Unity List and the Alternative on: Finance Act for 2021 (December 6, 2020)\nAftale mellem regeringen og Radikale Venstre, Socialistisk Folkeparti, Enhedslisten og Alternativet om: Finansloven for 2021 (6. december 2020)\n\n",null,"Indeterminate","It is not targeted at green activites.","2020-12-09","DKK",25,{"$f":"IFERROR(Q197/VLOOKUP(P197,'Exchange rates to USD'!$L$2:$N$225,3,FALSE()),\"\")","v":3.68857551030918}]
["DNK20","DNK","Tax reduction / Other subsidy","City/regional","Multiple or economy-wide",4000000,null,null,null,"to support village renewal, which i.a. may include the renewal of streets, squares and squares, the initiation of social or cultural activities, the renovation of dilapidated dwellings or town halls, and the demolition and removal of scrap on residential properties. The village renewal is implemented in the municipalities eligible for application.","Agreement between the government and the Radical Left, the Socialist People's Party, the Unity List and the Alternative on: Finance Act for 2021 (December 6, 2020)\nAftale mellem regeringen og Radikale Venstre, Socialistisk Folkeparti, Enhedslisten og Alternativet om: Finansloven for 2021 (6. december 2020)\n\n",null,"Indeterminate","It is not targeted at green activites.","2020-12-09","DKK",25,{"$f":"IFERROR(Q198/VLOOKUP(P198,'Exchange rates to USD'!$L$2:$N$225,3,FALSE()),\"\")","v":3.68857551030918}]
["DNK21","DNK","Tax reduction / Other subsidy","Economy-wide","Multiple or economy-wide",32000000,"Climate Mitigation","Biodiversity","Plastics","DKK 100 million is therefore set aside. DKK annually in 2021-2022 for an application pool for upskilling and continuing education within climate adaptation and green change in a broad sense. The funds can be applied for by educational institutions, possibly. after dialogue with continuing education committees and the professional committees for either a quality and equipment boost of existing qualification and continuing education offers or the development of new educations targeted at job functions and industries within green conversion as well as initiatives with a view to increased sustainability.","Agreement between the government and the Radical Left, the Socialist People's Party, the Unity List and the Alternative on: Finance Act for 2021 (December 6, 2020)\nAftale mellem regeringen og Radikale Venstre, Socialistisk Folkeparti, Enhedslisten og Alternativet om: Finansloven for 2021 (6. december 2020)\n\n",null,"Positive","DKK 100 million is therefore set aside. DKK annually in 2021-2022","2020-12-09","DKK",200,{"$f":"IFERROR(Q199/VLOOKUP(P199,'Exchange rates to USD'!$L$2:$N$225,3,FALSE()),\"\")","v":29.5086040824735}]
["DNK22","DNK","Other or not specified","Economy-wide","Multiple or economy-wide",16000000,"Biodiversity",null,null,"Strengthened public efforts are targeted as far as possible in areas where, for a period of time, benefits can be achieved through an upscaled effort, and where there are good preconditions for using temporary resources. As a starting point, the strengthening will aim at strengthened infection detection and extra efforts under the Danish Nature Agency, including strengthening outdoor facilities in nature areas, nature conservation tasks with a view to strengthening nature and biodiversity and green building initiatives on the Danish Nature Agency's properties.","Agreement between the government and the Radical Left, the Socialist People's Party, the Unity List and the Alternative on: Finance Act for 2021 (December 6, 2020)\nAftale mellem regeringen og Radikale Venstre, Socialistisk Folkeparti, Enhedslisten og Alternativet om: Finansloven for 2021 (6. december 2020)\n\n",null,"Positive",null,"2020-12-09","DKK",100,{"$f":"IFERROR(Q200/VLOOKUP(P200,'Exchange rates to USD'!$L$2:$N$225,3,FALSE()),\"\")","v":14.7543020412367}]
["DNK23","DNK","Other or not specified","Economy-wide","Multiple or economy-wide",608000,"Waste & recycling","Plastics",null,"The Government and the Radical Left, the Socialist People's Party, the Unity List and the Alternative are\nagreed to continue working on a green national account in order to support\nthe green agenda.\nIn this connection, it is agreed to add an additional DKK 1.9 million. DKK annually in the period 2021-\n2024 with a view to extending the green national accounts to include in detail\nmaterial flow accounting and resource footprint as well as supporting the work with green calculation models.","Agreement between the government and the Radical Left, the Socialist People's Party, the Unity List and the Alternative on: Finance Act for 2021 (December 6, 2020)\nAftale mellem regeringen og Radikale Venstre, Socialistisk Folkeparti, Enhedslisten og Alternativet om: Finansloven for 2021 (6. december 2020)\n\n",null,"Positive",null,"2020-12-09","DKK",3.8,{"$f":"IFERROR(Q201/VLOOKUP(P201,'Exchange rates to USD'!$L$2:$N$225,3,FALSE()),\"\")","v":0.560663477566996}]
["DNK24","DNK","Other or not specified","Economy-wide","Multiple or economy-wide",24000000,"Other","Water",null,"cleaning up the major generational pollutions in Denmark. It is pollution that threatens nature and the environment - also locally. Therefore, it is important that the pollutants are not left to future generations.","Agreement between the government and the Radical Left, the Socialist People's Party, the Unity List and the Alternative on: Finance Act for 2021 (December 6, 2020)\nAftale mellem regeringen og Radikale Venstre, Socialistisk Folkeparti, Enhedslisten og Alternativet om: Finansloven for 2021 (6. december 2020)\n\n",null,"Positive","DKK 50 million is set aside. in 2021, DKK 100 million. DKK in 2022, DKK 155 million. DKK in 2023, 150 million. DKK in 2024 and 175 mill. DKK in 2025. A total of DKK 630 million has thus been set aside. DKK for generational pollution up to 2025.\nThe parties to the agreement agree that the generational pollution at Himmark Strand, Kærgård Klit plantation, the former Grindsted power plant, Høfde 42 and Cheminova's old factory site must be prioritized, cf. the regions' plan.\nThe work will start in 2021 and is expected to continue until 2033. \n\nIt was on the shelf before but the covid crisis accelerated this.","2020-12-09","DKK",150,{"$f":"IFERROR(Q202/VLOOKUP(P202,'Exchange rates to USD'!$L$2:$N$225,3,FALSE()),\"\")","v":22.1314530618551}]
["DNK25","DNK","Other or not specified","Economy-wide","Multiple or economy-wide",71040000,"Biodiversity",null,null,"The nature and biodiversity package must promote nature and biodiversity in Denmark and help to slow down the decline of nature.\nThe government and the Radical Left, the Socialist People's Party, the Unity List and the Alternative have agreed on a nature and biodiversity package of a total of DKK 888 million. DKK in the period 2021-2024 to i.a. laying of untouched forest, establishment of new nature national parks and preparation of a strategy for the management of endangered species. The parties to the agreement agree that untouched forests and nature parks must be given priority in the implementation of the funds between the parties to the agreement.\nThe nature and biodiversity package gives biodiversity better conditions in Denmark. Untouched forest creates favorable conditions for different species and benefits biodiversity, while with the establishment of nature national parks, cohesive nature areas will be created where plant and animal life can unfold on more natural terms.","Agreement between the government and the Radical Left, the Socialist People's Party, the Unity List and the Alternative on: Finance Act for 2021 (December 6, 2020)\nAftale mellem regeringen og Radikale Venstre, Socialistisk Folkeparti, Enhedslisten og Alternativet om: Finansloven for 2021 (6. december 2020)\n\n",null,"Positive","The government and the Radical Left, the Socialist People's Party, the Unity List and the Alternative have agreed on a nature and biodiversity package of a total of DKK 888 million. DKK in the period 2021-2024 to i.a. laying of untouched forest, establishment of new nature national parks and preparation of a strategy for the management of endangered species. The OECD environmental performance review, the mink crisis and the relationship between biodiversity and covid led to this ambitious plan.","2020-12-09","DKK",444,{"$f":"IFERROR(Q203/VLOOKUP(P203,'Exchange rates to USD'!$L$2:$N$225,3,FALSE()),\"\")","v":65.5091010630911}]
["DNK26","DNK","Tax reduction / Other subsidy","Sectoral","Agriculture",14400000,"Biodiversity",null,null,"The government and the Radical Left, the Socialist People's Party, the Unity List and the Alternative will support a continued market-driven development of ecology in Denmark.\nThe parties to the agreement therefore agree to set aside DKK 45 million. DKK annually in 2021 to 2024 for the promotion of ecology. Among these, priority is given to DKK 20 million. DKK 2021 to 2024 annually under the auspices of the Foundation for Organic Agriculture, while DKK 25 million. DKK is set aside as a framework for strengthened ecology, including conversion of public kitchens, strengthened innovation efforts in the field of ecology, etc.","Agreement between the government and the Radical Left, the Socialist People's Party, the Unity List and the Alternative on: Finance Act for 2021 (December 6, 2020)\nAftale mellem regeringen og Radikale Venstre, Socialistisk Folkeparti, Enhedslisten og Alternativet om: Finansloven for 2021 (6. december 2020)\n\n",null,"Positive","The parties to the agreement therefore agree to set aside DKK 45 million. DKK annually in 2021 to 2024 for the promotion of ecology. Among these, priority is given to DKK 20 million. DKK 2021 to 2024 annually under the auspices of the Foundation for Organic Agriculture, while DKK 25 million. DKK is set aside as a framework for strengthened ecology, including conversion of public kitchens, strengthened innovation efforts in the field of ecology, etc.","2020-12-09","DKK",90,{"$f":"IFERROR(Q204/VLOOKUP(P204,'Exchange rates to USD'!$L$2:$N$225,3,FALSE()),\"\")","v":13.2788718371131}]
["DNK27","DNK","Tax reduction / Other subsidy","Sectoral","Industry",112000000,"Climate Mitigation","Waste & recycling","Air Pollution","The government and the parties to the agreement also agreed to encourage the necessary investments in green technology with e.g. a green investment window up to and including 2022 with increased depreciation on green investments and almost DKK 700 million. DKK further in direct grants for green investments. At the same time, the relaxation of the R&D deduction is extended by 130 per cent. to include 2022. This gives Danish companies a better opportunity to adapt to greener production and a greater incentive to invest in research and development.","Broad agreement on green tax reform paves the way for green transformation in business\n\n",null,"Positive",null,"2020-12-09","DKK",700,{"$f":"IFERROR(Q205/VLOOKUP(P205,'Exchange rates to USD'!$L$2:$N$225,3,FALSE()),\"\")","v":103.280114288657}]
["EST1","EST","Other or not specified",null,null,null,"Climate Mitigation","Other",null,"According to Prime Minister Jüri Ratas: \"By 2050, Estonia will support the goal of climate neutrality across the European Union. The green agreement gives us a way to reach this goal. It is a framework that covers almost all policy areas, with a strong emphasis on social and economic issues in addition to environmental issues.\" According to the Minister of the Environment Rene Koka, the green agreement will bring several opportunities for Estonia. “It is in our interest to move with innovation and find new perspectives for increasing the competitiveness of Estonian companies, increasing the volume of investments and opportunities for the transition to renewable energy. One important area for Estonia is the development of hydrogen and other renewable energy and fuel-based technologies. In my opinion, hydrogen is definitely one of the solutions of the future, and I believe that in ten years' time, hydrogen solutions could work very successfully both in Estonia and in Europe, \"said Kokk. Estonia supports the establishment of a long-term climate neutrality framework across the European Union in 2050 in European climate law. At the same time, increasing the European Union's 2030 climate target must be preceded by a thorough analysis of Member States and sectors. According to Estonia, the energy and transport sectors need the most investments, as it is important to ensure energy security and security of supply in the transition to climate neutrality. Estonia sees great potential, for example, in offshore wind farms, which is a good opportunity for greater use of renewable energy in the Nordic-Baltic region. There is also a need to support the development of innovative solutions, the development of green technologies and basic and applied research. The focus should also be on the implementation and use of future technologies and the development of the necessary skills. Estonia also emphasizes the importance of environmental education and the fact-based treatment of green issues. Estonia's position also points out that the initial European Green Agreement action plan published in December would also take into account the crisis caused by the COVID-19 pandemic and its effects. However, exit activities must be in line with the EU's long-term climate goals and the principles of the circular economy. At the moment, the EU and International Co-operation Department of Ministry of Environment of Estonia cannot point to a more detailed action plan. There is coherence at EU level and these effects are likely to be taken into account in future legislative proposals. But no changes to the current legislation are currently known on this subject.","https://www.valitsus.ee/et/uudised/valitsus-kinnitas-eesti-seisukohad-euroopa-rohelise-kokkuleppe-kohta     ",null,"Positive","Green Agreement still to be defined","2020-11-06",null,null,{"$f":"IFERROR(Q206/VLOOKUP(P206,'Exchange rates to USD'!$L$2:$N$225,3,FALSE()),\"\")","v":""}]
["EST2","EST","Skills training","Sector-specific","Multiple or economy-wide","EUR 150 000 ","Other",null,null,"Support for nature and environmental education centres.The purpose of the grant is to support non-profit organisations and foundations active in the field of environmental education in mitigating the effects of the spread of the coronavirus, which causes COVID-19, in association with the cancellation of active environmental education programmes due to emergency situation-related restrictions on movement.  The purpose of the support is for the nature and environmental education centers to continue to operate and provide services even after the crisis.","https://kik.ee/en/supported-activity/support-nature-and-environmental-education-centres","https://kik.ee/et/toetatav-tegevus/loodus-ja-keskkonnahariduskeskuste-toetus  ","Positive",null,"2020-11-06","EUR",0.15,{"$f":"IFERROR(Q207/VLOOKUP(P207,'Exchange rates to USD'!$L$2:$N$225,3,FALSE()),\"\")","v":0.165400341161128}]
["EST3","EST","Grant/Loan (including interest-free loans)","City/regional","Waste management","EUR 1 400 000","Waste & recycling",null,null,"Support to separate waste collection solutions in local regional governments (municipalities). Since the COVID-19 outbreak, it has been decided to increase the maximum rate of support from 75% to 90%. The purpose of the grant is to increase the use of secondary raw materials and reduce the extraction of primary raw materials by increasing the capacity for the separate collection of waste within local governments.","https://kik.ee/en/supported-activity/supporting-solutions-separate-collection-waste-within-local-governments ","https://kik.ee/et/toetatav-tegevus/jaatmete-liigiti-kogumise-lahenduste-toetamine-kohalikes-omavalitsustes  ","Positive",null,"2020-11-06","EUR",1.4,{"$f":"IFERROR(Q208/VLOOKUP(P208,'Exchange rates to USD'!$L$2:$N$225,3,FALSE()),\"\")","v":1.54373651750386}]
["EST4","EST","Grant/Loan (including interest-free loans)","Economy-wide","Industry","EUR 9 500 000 ","Other",null,null,"Simplification of the application for resource efficiency support for businesses in the COVID-19 crisis.The amount of support is up to 200,000 euros and the maximum share of eligible costs per project is up to 50%.","https://www.kik.ee/en/supported-activity/energy-and-resource-efficiency-undertakings","https://www.kik.ee/et/toetatav-tegevus/ettevotete-ressursitohusus ","Positive",null,"2020-11-06","EUR",9.5,{"$f":"IFERROR(Q209/VLOOKUP(P209,'Exchange rates to USD'!$L$2:$N$225,3,FALSE()),\"\")","v":10.4753549402048}]
["EST 5","EST","Grant/Loan (including interest-free loans)","Sectoral","Agriculture","EUR 200 500 000 ","Other",null,null,"Alleviation of the unexpected liquidity shortage of rural businesses through loans and loan guarantees. The financial lease of agricultural land is intended to improve farmers' access to additional funding, and this measure will continue after the crisis. The budget for the farmer replacement aid will be increased by 0.5 million to ensure that not only livestock farmers but also growers are provided with a replacement service due to absence from work under COVID-19. The aim is to ensure the continuation of food production and thus the security of food supply in Estonia. Target group: organic and rural farms depending on the measures. For example: primary agricultural producers, processors and / or distributors of agricultural products; entrepreneurs engaged in fishing, food industry, rural economy (incl. accommodation and catering or rural tourism); savings and loan associations belonging to the Estonian Association of Savings and Loan Associations; foundations and non-profit associations in these fields. Support for farmer replacement is targeted at crop and livestock farmers.","https://www.kriis.ee/et/uudised/valitsuse-liikmed-kiitsid-heaks-covid-19-lisaeelarvega-seotud-kriisimeetmed ",null,"Mixed",null,"2020-11-06","EUR",200.5,{"$f":"IFERROR(Q210/VLOOKUP(P210,'Exchange rates to USD'!$L$2:$N$225,3,FALSE()),\"\")","v":221.085122685375}]
["EST 6","EST","Grant/Loan (including interest-free loans)","Sectoral","Buildings","EUR 73 000 000 ","Climate Mitigation","Adaptation",null,"Renovation loan and housing loan guarantee to improve the energy efficiency of single and multi-family houses.The objective of the extraordinary apartment building reconstruction grant is to facilitate the reconstruction of apartment buildings to be energy-efficient, to improve indoor climate and safety, and to mitigate the effects of the COVID-19 related emergency situation that was announced on 12 March 2020, in the construction sector.The aim is to alleviate the impact of the crisis on the construction sector so that the situation on the construction market can begin to stabilize. The construction sector is an important economic driver with high employment, which also helps other sectors out of the downturn, which is why work on construction sites must recover as soon as possible.\n\nTarget group: The direct target group is housing associations, small house owners and local governments, through whose orders the money goes to construction companies, construction consulting companies, logistics companies, building material manufacturers and other construction-related companies.","https://www.kriis.ee/et/uudised/valitsuse-liikmed-kiitsid-heaks-covid-19-lisaeelarvega-seotud-kriisimeetmed ","https://kredex.ee/en/node/2051 ","Positive",null,"2020-11-06","EUR",73,{"$f":"IFERROR(Q211/VLOOKUP(P211,'Exchange rates to USD'!$L$2:$N$225,3,FALSE()),\"\")","v":80.4948326984158}]
["EST 7","EST","Grant/Loan (including interest-free loans)","Sector-specific","Surface transport","EUR 400 000 ","Air Pollution","Climate Mitigation",null,"Support for purchase of new, fully-electric M1 and N1 category vehicles.","https://www.kik.ee/en/supported-activity/purchasing-fully-electric-vehicles","https://www.kik.ee/et/toetatav-tegevus/elektriliste-soidukite-soetamine ","Positive",null,"2020-11-06","EUR",0.4,{"$f":"IFERROR(Q212/VLOOKUP(P212,'Exchange rates to USD'!$L$2:$N$225,3,FALSE()),\"\")","v":0.441067576429675}]
["EST8","EST","Grant/Loan (including interest-free loans)",null,"Surface transport","EUR 4 000 000","Air Pollution","Climate Mitigation",null,"Funding the purchase of electric buses and charging posts","https://news.err.ee/1135630/government-to-fund-purchase-of-electric-buses-and-charging-posts","https://www.err.ee/1135503/riik-hakkab-toetama-elektribusside-ostu-ja-laadimistaristu-ehitamist ","Positive",null,"2020-11-06","EUR",4,{"$f":"IFERROR(Q213/VLOOKUP(P213,'Exchange rates to USD'!$L$2:$N$225,3,FALSE()),\"\")","v":4.41067576429675}]
["EST9","EST","Tax reduction / other subsidy","Sectoral","Energy",null,"Air Pollution","Climate Mitigation",null,"Temporary (01.05.20-30.04.22) reduction of rates of excise duty of liquid fuels and electricity in order to mitigate the impact of the COVID crises","https://www.emta.ee/et/ariklient/aktsiisid-vara-hasartmang/kutus-ja-elektrienergia/aktsiisimaarade-ajutine-vahendamine","https://www.emta.ee/eng/business-client/excise-duties-assets-gambling/about-excise-duties/rates-excise-duty#liquid-fuels-and-electricity","Negative",null,"2021-03-10"]
["EUR1","EUR","Grant/Loan (including interest-free loans)","Economy-wide","Multiple or economy-wide","EUR 202 billion","Climate Mitigation",null,null,"30% climate part of NGEU: Recovery and Resilience Facility - Member States shall prepare national recovery and resilience plans setting out the reform and investment agenda of the Member State concerned for the years 2021-23. Effective contribution to the green and digital transition shall be a prerequisite for a positive assessment by Commission. An overall climate spending target of 30% will apply to the total amount of expenditure from the NGEU (which encompasses the Recovery and Resilience Facility) and the MFF and be reflected in appropriate targets in sectoral legislation.","https://www.consilium.europa.eu/media/45109/210720-euco-final-conclusions-en.pdf",null,"EU - Positive","An overall climate spending target of 30% will apply to the total amount of expenditure from the NGEU and the MFF (i.e. EUR 550 billion from 2021-2027 from a total of EUR 1.074 trillion) and be reflected in appropriate targets in sectoral legislation. ",null,"EUR",202000,{"$f":"IFERROR(Q215/VLOOKUP(P215,'Exchange rates to USD'!$L$2:$N$225,3,FALSE()),\"\")","v":222739.126096986}]
["EUR2","EUR","Grant/Loan (including interest-free loans)","Sectoral","Multiple or economy-wide","EUR 14.25 billion","Climate Mitigation",null,null,"30% climate part of NGEU: ReactEU - cohesion policy. An overall climate spending target of 30% will apply to the total amount of expenditure from the NGEU (which encompasses the ReactEU) and the MFF and be reflected in appropriate targets in sectoral legislation.","https://www.consilium.europa.eu/media/45109/210720-euco-final-conclusions-en.pdf",null,"EU - Positive","An overall climate spending target of 30% will apply to the total amount of expenditure from the NGEU and the MFF (i.e. EUR 550 billion from 2021-2027 from a total of EUR 1.074 trillion) and be reflected in appropriate targets in sectoral legislation. ",null,"EUR",14250,{"$f":"IFERROR(Q216/VLOOKUP(P216,'Exchange rates to USD'!$L$2:$N$225,3,FALSE()),\"\")","v":15713.0324103072}]
["EUR13","EUR","Grant/Loan (including interest-free loans)","Economy-wide","Multiple or economy-wide","EUR 471 billion",null,null,null,"70% non-climate part of NGEU: Recovery and Resilience Facility - Member States shall prepare national recovery and resilience plans setting out the reform and investment agenda of the Member State concerned for the years 2021-23. Effective contribution to the green and digital transition shall be a prerequisite for a positive assessment by Commission. An overall climate spending target of 30% will apply to the total amount of expenditure from the NGEU (which encompasses the Recovery and Resilience Facility) and the MFF and be reflected in appropriate targets in sectoral legislation.",null,null,"EU - Indeterminate",null,null,"EUR",471000,{"$f":"IFERROR(Q217/VLOOKUP(P217,'Exchange rates to USD'!$L$2:$N$225,3,FALSE()),\"\")","v":519357.071245943}]
["EUR14","EUR","Grant/Loan (including interest-free loans)","Sectoral","Multiple or economy-wide","EUR 33.75 billion",null,null,null,"70% non-climate part of ReactEU - cohesion policy. An overall climate spending target of 30% will apply to the total amount of expenditure from the NGEU (which encompasses the ReactEU) and the MFF and be reflected in appropriate targets in sectoral legislation.",null,null,"EU - Indeterminate",null,null,"EUR",33750,{"$f":"IFERROR(Q218/VLOOKUP(P218,'Exchange rates to USD'!$L$2:$N$225,3,FALSE()),\"\")","v":37215.0767612539}]
["EUR3","EUR","Grant/Loan (including interest-free loans)","Economy-wide","Multiple or economy-wide","EUR 5 billion","Climate Mitigation","Waste & recycling","Biodiversity","NGEU: Horizon Europe - reinforce science and innovation. Potentially science and innovation relevant to various environmental issues. An overall climate spending target of 30% will apply to the total amount of expenditure from the NGEU (which encompasses Horizon Europe) and the MFF and be reflected in appropriate targets in sectoral legislation.","https://www.consilium.europa.eu/media/45109/210720-euco-final-conclusions-en.pdf",null,"Positive","An overall climate spending target of 30% will apply to the total amount of expenditure from the NGEU and the MFF (i.e. EUR 550 billion from 2021-2027 from a total of EUR 1.074 trillion) and be reflected in appropriate targets in sectoral legislation. ",null,"EUR",5000,{"$f":"IFERROR(Q219/VLOOKUP(P219,'Exchange rates to USD'!$L$2:$N$225,3,FALSE()),\"\")","v":5513.34470537094}]
["EUR4","EUR","Other or not specified","Economy-wide","Multiple or economy-wide","EUR 5.6 billion",null,null,null,"NGEU: InvestEU - will act as a single EU investment support mechanism for internal action, replacing all existing financial instruments. Its overall objective is to support the policy objectives of the Union by mobilising public and private investment within the EU that fulfil the criterion of additionality, thereby addressing market failures and sub-optimal investment situations that hamper the achievement of EU goals regarding sustainability, competitiveness and inclusive growth. An overall climate spending target of 30% will apply to the total amount of expenditure from the NGEU (which encompasses the InvestEU) and the MFF and be reflected in appropriate targets in sectoral legislation.","https://www.consilium.europa.eu/media/45109/210720-euco-final-conclusions-en.pdf",null,"Positive","An overall climate spending target of 30% will apply to the total amount of expenditure from the NGEU and the MFF (i.e. EUR 550 billion from 2021-2027 from a total of EUR 1.074 trillion) and be reflected in appropriate targets in sectoral legislation. ",null,"EUR",5600,{"$f":"IFERROR(Q220/VLOOKUP(P220,'Exchange rates to USD'!$L$2:$N$225,3,FALSE()),\"\")","v":6174.94607001545}]
["EUR5","EUR","Other or not specified","Sectoral","Agriculture","EUR 7.5 billion","Climate Mitigation","biodiversity","Water","NGEU: Rural Development - part of EU rural development policy and linked to CAP (pillar 2). Understood to have environmental focus but does not appear to have specific environmental targets. An overall climate spending target of 30% will apply to the total amount of expenditure from the NGEU (which encompasses the Rural Dev fund) and the MFFand be reflected in appropriate targets in sectoral legislation.","https://www.consilium.europa.eu/media/45109/210720-euco-final-conclusions-en.pdf",null,"Positive","An overall climate spending target of 30% will apply to the total amount of expenditure from the NGEU and the MFF (i.e. EUR 550 billion from 2021-2027 from a total of EUR 1.074 trillion) and be reflected in appropriate targets in sectoral legislation. ",null,"EUR",7500,{"$f":"IFERROR(Q221/VLOOKUP(P221,'Exchange rates to USD'!$L$2:$N$225,3,FALSE()),\"\")","v":8270.01705805641}]
["EUR6","EUR","Skills training","Economy-wide","Multiple or economy-wide","EUR 10 billion","Climate Mitigation",null,null,"NGEU: Just Transition Fund - address social and economic consequences of the objective of reaching EU climate neutrality by 2050. An overall climate spending target of 30% will apply to the total amount of expenditure from the NGEU (which encompasses the Just Transition Fund) and the MFF and be reflected in appropriate targets in sectoral legislation.","https://www.consilium.europa.eu/media/45109/210720-euco-final-conclusions-en.pdf",null,"Positive","An overall climate spending target of 30% will apply to the total amount of expenditure from the NGEU and the MFF (i.e. EUR 550 billion from 2021-2027 from a total of EUR 1.074 trillion) and be reflected in appropriate targets in sectoral legislation. ",null,"EUR",10000,{"$f":"IFERROR(Q222/VLOOKUP(P222,'Exchange rates to USD'!$L$2:$N$225,3,FALSE()),\"\")","v":11026.6894107419}]
["EUR7","EUR","Other or not specified","Economy-wide","Multiple or economy-wide","EUR 1.9 billion","Climate Mitigation",null,null,"NGEU: RescEU - civil protection response to disasters. An overall climate spending target of 30% will apply to the total amount of expenditure from the NGEU (which encompasses the RescuEU) and the MFF and be reflected in appropriate targets in sectoral legislation.\n","https://www.consilium.europa.eu/media/45109/210720-euco-final-conclusions-en.pdf",null,"Positive","An overall climate spending target of 30% will apply to the total amount of expenditure from the NGEU and the MFF (i.e. EUR 550 billion from 2021-2027 from a total of EUR 1.074 trillion) and be reflected in appropriate targets in sectoral legislation. ",null,"EUR",1900,{"$f":"IFERROR(Q223/VLOOKUP(P223,'Exchange rates to USD'!$L$2:$N$225,3,FALSE()),\"\")","v":2095.07098804096}]
["EUR8","EUR","Tax reduction / Other subsidy","Economy-wide","Multiple or economy-wide",null,"Plastics","Climate Mitigation",null,"MFF: Part of the complementary Multiannual Financial Framework (MFF) focusses on filling EU coffers to offset increased spending on COVID-19 recovery.  As a first step, a new own resource based on non-recycled plastic waste will be introduced and apply as of 1 January 2021. Commission will put forward in the first semester of 2021 proposals on a carbon border adjustment mechanism for introduction by 1 January 2023. The Commission will put also forward a proposal on a revised ETS scheme, possibly extending it to aviation and maritime.  The proceeds of the new own resources introduced after 2021 will be used for early repayment of NGEU borrowing.","https://www.consilium.europa.eu/media/45109/210720-euco-final-conclusions-en.pdf",null,"Positive","An overall climate spending target of 30% will apply to the total amount of expenditure from the NGEU and the MFF (i.e. EUR 550 billion from 2021-2027 from a total of EUR 1.074 trillion) and be reflected in appropriate targets in sectoral legislation. ",null,"EUR",0,{"$f":"IFERROR(Q224/VLOOKUP(P224,'Exchange rates to USD'!$L$2:$N$225,3,FALSE()),\"\")","v":0}]
["EUR9","EUR","Grant/Loan (including interest-free loans)","Economy-wide","Multiple or economy-wide","EUR 240 billion",null,null,null,"EU rescue package: European Stability Mechanism (ESM) to provide Pandemic Crisis Support (based on existing precautionary credit lines) up to 2 percent of 2019 GDP for each euro area country (up to €240 billion in total) to finance health related spending","https://www.consilium.europa.eu/en/policies/coronavirus/covid-19-economy/",null,"Indeterminate","Earlier rescue package not recovery package",null,"EUR",240000,{"$f":"IFERROR(Q225/VLOOKUP(P225,'Exchange rates to USD'!$L$2:$N$225,3,FALSE()),\"\")","v":264640.545857805}]
["EUR10","EUR","Grant/Loan (including interest-free loans)","Economy-wide","Multiple or economy-wide","EUR 200 billion",null,null,null,"EU rescue package: providing €25 billion in government guarantees to the European Investment Bank (EIB) to support up to €200 billion to finance to companies, with a focus on SMEs, in form o floans","https://www.consilium.europa.eu/en/policies/coronavirus/covid-19-economy/",null,"Indeterminate","Earlier rescue package not recovery package",null,"EUR",200000,{"$f":"IFERROR(Q226/VLOOKUP(P226,'Exchange rates to USD'!$L$2:$N$225,3,FALSE()),\"\")","v":220533.788214838}]
["EUR11","EUR","Grant/Loan (including interest-free loans)","Economy-wide","Multiple or economy-wide","EUR 240 billion",null,null,null,"EU rescue package: The EU is putting forward temporary support to mitigate unemployment risks in an emergency (SURE) to help people keep their job during the crisis. The scheme provides loans to member states of up to €100 billion to cover part of the costs related to the creation or extension of national short-time work schemes.","https://www.consilium.europa.eu/en/policies/coronavirus/covid-19-economy/",null,"Indeterminate","Earlier rescue package not recovery package",null,"EUR",240000,{"$f":"IFERROR(Q227/VLOOKUP(P227,'Exchange rates to USD'!$L$2:$N$225,3,FALSE()),\"\")","v":264640.545857805}]
["EUR12","EUR","R&D subsidies","EConomy-wide","Multiple or economy-wide","EUR 1 billion","Climate Mitigation","Air Pollution","Waste & recycling","First call for proposals under the EU Innovation Fund for demonstration of innovative low-carbon technologies (\"Boosting EU green recovery\" )","https://ec.europa.eu/clima/news/boosting-eu-green-recovery-commission-invests-1-billion-innovative-clean-technology_en",null,"Positive",null,null,"EUR",1000,{"$f":"IFERROR(Q228/VLOOKUP(P228,'Exchange rates to USD'!$L$2:$N$225,3,FALSE()),\"\")","v":1102.66894107419}]
["FIN1","FIN","Other or not specified","Economy-wide","Multiple or economy-wide","EUR 5.5 billion","Climate Mitigation","Biodiversity",null,"The Government  of Finland announced a EUR 5.5 billion supplementary budget on 2 June 2020 to support the economic recovery in light of the COVID-19 pandemic. \nThe Government of Finland  is committed to choosing economic stimulus measures that also support its objective of making Finland the world's first carbon-neutral welfare state and halting the decline in biodiversity. Being a frontrunner in climate solutions will support job creation and exports.  More details as follows:","https://valtioneuvosto.fi/-/10616/hallitus-paatti-vuoden-2020-neljannesta-lisatalousarvioesityksesta?languageId=en_US",null,"Positive",null,null,"EUR",5500,{"$f":"IFERROR(Q229/VLOOKUP(P229,'Exchange rates to USD'!$L$2:$N$225,3,FALSE()),\"\")","v":6064.67917590804}]
["FIN2","FIN","Grant/Loan (including interest-free loans)","Sectoral","Buildings","EUR 45 million  ","Climate Mitigation","Air Pollution",null,"Budget appropriations are proposed for grants to phase out oil heating in both households and municipal buildings, EUR 45 million in total for 2020. Grants of EUR 15 million will be allocated to phase out oil heating in municipal real estates and EUR 30 million to phase out oil heating in detached dwellings.",null,null,"Positive",null,"2021-01-07","EUR",45,{"$f":"IFERROR(Q230/VLOOKUP(P230,'Exchange rates to USD'!$L$2:$N$225,3,FALSE()),\"\")","v":49.6201023483385}]
["FIN3","FIN","R&D subsidies","Sectoral","Energy","EUR 40 million","Climate Mitigation","Air Pollution",null,"Budget authority of EUR 20 million will be allocated to major energy-subsidy pilot projects to promote energy efficiency and EUR 20 million for energy aid. These is investment support for future energy solutions in order  to achieve the 2030 national and EU goals.",null,null,"Positive",null,"2021-01-07","EUR",{"$f":"20+20","v":40},{"$f":"IFERROR(Q231/VLOOKUP(P231,'Exchange rates to USD'!$L$2:$N$225,3,FALSE()),\"\")","v":44.1067576429675}]
["FIN4","FIN","Grant/Loan (including interest-free loans)","Sectoral","Forestry","EUR 33.9 million","Biodiversity","Water",null,"EUR 10 million is proposed for “Metsähallitus” (the Finnish Forest Administration) for the rehabilitation of nature sites and the development of their infrstructure. A sum of EUR 13 million is proposed for projects involving green areas, water services and forest conservation. Funding is also proposed for the development of nature and wildlife tourism (EUR 3.1 million); for the renotation of wetland (EUR million 1.8); to promote flood protection, water renovation and migratory fish (EUR 6 million).  ",null,null,"Positive",null,"2021-01-07","EUR",33.9,{"$f":"IFERROR(Q232/VLOOKUP(P232,'Exchange rates to USD'!$L$2:$N$225,3,FALSE()),\"\")","v":37.380477102415}]
["FIN5","FIN","Other or not specified","Sectoral","Buildings","EUR 5 million","Climate Mitigation",null,null,"Additional funding for the Wood Building Programme. Use of timber in the construction process would be promoted with grants in government-supported housing production and with increased funding for the wood construction programme. The wood construction programme promotes the use of timber by enhancing industry expertise, developing legislation and the building regulations, and providing factual information.","https://ym.fi/en/wood-building",null,"Mixed",null,"2021-01-07","EUR",5,{"$f":"IFERROR(Q233/VLOOKUP(P233,'Exchange rates to USD'!$L$2:$N$225,3,FALSE()),\"\")","v":5.51334470537094}]
["FIN6","FIN","Grant/Loan (including interest-free loans)","Sectoral","Surface transport","EUR 118 million ","Climate Mitigation","Air Pollution",null,"To support public transport, EUR 100 million is proposed to compensate for the loss of fare revenue in public transport; EUR 18 milllion for investment in walking and cycling paths",null,null,"Positive",null,"2021-01-07","EUR",118,{"$f":"IFERROR(Q234/VLOOKUP(P234,'Exchange rates to USD'!$L$2:$N$225,3,FALSE()),\"\")","v":130.114935046754}]
["FIN7","FIN","Grant/Loan (including interest-free loans)","Sectoral","Surface transport","EUR 755.8 million","Climate Mitigation","Air Pollution",null,"Promotion of climate-sustainable transport projects and the production of reasonably priced housing in the agreements on housing, land use and transport (MAL-agreements). Furthermore, About a fourth of the recovery package is dedicated for developing the country’s railway and tramway infrastructure as well as to support public transport operators. The goal is to promote climate-sustainable transport projects and the production of reasonably priced housing especially in areas easily accessible with public transport. More details as follows:\n• Negotiations have concluded on land use, housing and transport agreements with the urban regions of Helsinki, Turku, Tampere and Oulu. The agreements promote sustainable transport projects and affordable housing production, especially in areas that have good public transport links. \n• The Government undertakes to reserve EUR 755.8 million for measures in developing transport infrastructure. The costs of the projects would be divided over several years (2020–2031). This means it would be necessary to make financial provision for implementing the projects for example in the general government fiscal plans and in the preparation of the national transport system plan.\n• Investments in railways and tramways will make up over 600 million of it. This needs to be checked from the MInistry of Finance of Finland. It is not added in the table.\n• In addition, the government undertakes to finance grants for municipal engineering and start-up grants related to housing production with a sum of EUR 180 million in the period 2020–2023. Government funding for the package of land use, housing and transport in big cities is implemented within the framework of the general government fiscal plan. To be checked whether included in the above figure of EUR 755.8 milllion.",null,null,"Positive",null,"2021-01-07","EUR",755.8,{"$f":"IFERROR(Q235/VLOOKUP(P235,'Exchange rates to USD'!$L$2:$N$225,3,FALSE()),\"\")","v":833.397185663872}]
["FIN8","FIN","Grant/Loan (including interest-free loans)","Sectoral","Surface transport","EUR 2.5 million ","Climate Mitigation","Air Pollution",null,"Budget authority of EUR 1 million for developing the battery cluster for the electric vehicles and EUR 1.5 million to develop vehicle charging infrastructure in dwelling.. ",null,null,"Positive",null,null,"EUR",2.5,{"$f":"IFERROR(Q236/VLOOKUP(P236,'Exchange rates to USD'!$L$2:$N$225,3,FALSE()),\"\")","v":2.75667235268547}]
["FIN9","FIN","Grant/Loan (including interest-free loans)","Economy-wide",null,"EUR 100 million","Other",null,null,"This economy wide multi sector support. The additional funding comes from Finland’s Structural Funds programme and the appropriations supporting sustainable growth and vitality in the regions and development projects for SMEs.","https://tem.fi/-/alueille-yli-100-miljoonaa-euroa-koronaelvytykseen?languageId=en_US",null,"Mixed",null,null,"EUR",100,{"$f":"IFERROR(Q237/VLOOKUP(P237,'Exchange rates to USD'!$L$2:$N$225,3,FALSE()),\"\")","v":110.266894107419}]
["FIN10","FIN","Grant/Loan (including interest-free loans)","Sectoral","Industry","EUR 300 million ","Climate Mitigation",null,null,"An appropriation of EUR 300 million is proposed for the capitalisation of Ilmastorahasto Oy (Climate Fund). The purpose of the fund is to provide funding for projects focusing on combating climate change, promoting digitalisation and boosting low-carbon approaches in industry.","https://valtioneuvosto.fi/-/10616/hallitus-paatti-vuoden-2020-seitsemannesta-lisatalousarvioesityksesta?languageId=en_US",null,"Positive","These are some green elements of the Finnish Government's seventh supplementary budget proposal for 2020. ",null,"EUR",300,{"$f":"IFERROR(Q238/VLOOKUP(P238,'Exchange rates to USD'!$L$2:$N$225,3,FALSE()),\"\")","v":330.800682322256}]
["FIN11","FIN","Grant/Loan (including interest-free loans)","Sectoral",null,"EUR 20 million","Biodiversity","Climate Mitigation",null,"A total increase of EUR 16.1 million is proposed in the appropriations for nature conservation based on the Government Programme. The appropriations would be used for, for example, the needs of the METSO Programme, a goose field project and additional compensation for damage caused by protected species. ","https://mmm.fi/en/forests/biodiversity-and-protection/metso-programme",null,"Positive",null,"2021-01-07","EUR",20,{"$f":"IFERROR(Q239/VLOOKUP(P239,'Exchange rates to USD'!$L$2:$N$225,3,FALSE()),\"\")","v":22.0533788214838}]
["FIN12","FIN","Grant/Loan (including interest-free loans)","Economy-wide","Multiple or economy-wide","EUR 1 million","Plastics","Plastics",null,"Pilot and demonstration projects implementing the Plastics Roadmap","https://muovitiekartta.fi/in-brief/",null,"Positive",null,"2021-01-07","EUR",1,{"$f":"IFERROR(Q240/VLOOKUP(P240,'Exchange rates to USD'!$L$2:$N$225,3,FALSE()),\"\")","v":1.10266894107419}]
["FIN13","FIN","Grant/Loan (including interest-free loans)","Sectoral","Energy","EUR 3 million","Climate Mitigation","Air Pollution",null,"Strengthening the knowledge base on permitting of wind power projects","https://ym.fi/documents/1410903/33891761/kestava_elvytys_loppuraportti-2110.pdf/c8edf006-334f-ecd9-5364-9d55720823fe/kestava_elvytys_loppuraportti-2110.pdf?t=1603343569943",null,"Positive",null,"2021-01-07","EUR",3,{"$f":"IFERROR(Q241/VLOOKUP(P241,'Exchange rates to USD'!$L$2:$N$225,3,FALSE()),\"\")","v":3.30800682322256}]
["FIN14","FIN","Grant/Loan (including interest-free loans)","Sectoral","Energy","EUR 10 million","Water",null,null,"Advancing energy efficienct and nutrient recycling in water management","https://www.vvy.fi/ajankohtaista/uutiset/ymparistoministerion-avustushaku/",null,"Positive",null,"2021-01-07","EUR",10,{"$f":"IFERROR(Q242/VLOOKUP(P242,'Exchange rates to USD'!$L$2:$N$225,3,FALSE()),\"\")","v":11.0266894107419}]
["FIN15","FIN","Tax reduction / other subsidy","Sectoral","Buildings","EUR0.8 million","Other",null,null,"Subsidies to support the conservation of the building heritage",null,null,"Mixed",null,"2021-01-07","EUR",0.8,{"$f":"IFERROR(Q243/VLOOKUP(P243,'Exchange rates to USD'!$L$2:$N$225,3,FALSE()),\"\")","v":0.882135152859351}]
["FIN16","FIN","Grant/Loan (including interest-free loans)",null,"Buildings","EUR 340 million","Climate Mitigation",null,null,"Budget authority increase to the Housing Finance and Development Centre of Finland (ARA)",null,null,"Mixed",null,"2021-01-07","EUR",340,{"$f":"IFERROR(Q244/VLOOKUP(P244,'Exchange rates to USD'!$L$2:$N$225,3,FALSE()),\"\")","v":374.907439965224}]
["FIN17","FIN","Grant/Loan (including interest-free loans)",null,"Buildings","EUR 2 million","Climate Mitigation",null,null,"Budget authority to the Housing Finance and Development Centre of Finland (ARA) for 2020-2021 for government-supported rental housing production in areas not covered by the MAL-agreements.",null,null,"Mixed",null,"2021-01-07","EUR",2,{"$f":"IFERROR(Q245/VLOOKUP(P245,'Exchange rates to USD'!$L$2:$N$225,3,FALSE()),\"\")","v":2.20533788214838}]
["FIN18","FIN","Grant/Loan (including interest-free loans)",null,"Buildings","EUR 8 million","Climate Mitigation",null,null,"Budget authority to the Housing Finance and Development Centre of Finland (ARA) until the end of 2021 to increase subsidies to promote wood constructions in government-supported housing production and initiate wood construction in areas not covered by the MAL-agreements.",null,null,"Mixed",null,"2021-01-07","EUR",8,{"$f":"IFERROR(Q246/VLOOKUP(P246,'Exchange rates to USD'!$L$2:$N$225,3,FALSE()),\"\")","v":8.82135152859351}]
["FIN19","FIN","Grant/Loan (including interest-free loans)",null,"Buildings","EUR 12 million","Climate Mitigation",null,null,"Business Finland programme to identify and fund leading companies that commit to increase R&D&I activities in Finland to find solutions to significant future challenges. ","https://www.businessfinland.fi/kampanjasivut/veturiyrityksista-vipuvartta",null,"Mixed",null,"2021-01-07","EUR",12,{"$f":"IFERROR(Q247/VLOOKUP(P247,'Exchange rates to USD'!$L$2:$N$225,3,FALSE()),\"\")","v":13.2320272928903}]
["FIN20","FIN","Grant/Loan (including interest-free loans)","Sectoral","Maritime transport","EUR 24.8 million","Climate Mitigation","Air Pollution",null,"Support for cargo and cruise ship companies. \nThe funding is a direct reaction to the C19 crisis. The aim is to relieve the troubles that shipping companies are facing and to maintain the performance capacity in the sector.","Energy policy tracker",null,"Negative",null,"2020-11-19","EUR",24.8,{"$f":"IFERROR(Q248/VLOOKUP(P248,'Exchange rates to USD'!$L$2:$N$225,3,FALSE()),\"\")","v":27.3461897386399}]
["FIN21","FIN","R&D subsidies","Sectoral","Maritime transport","EUR 20.75 million","Climate Mitigation","Air Pollution",null,"Innovation support for ship manufacturing industry","Energy policy tracker",null,"Mixed",null,"2020-11-19","EUR",20.75,{"$f":"IFERROR(Q249/VLOOKUP(P249,'Exchange rates to USD'!$L$2:$N$225,3,FALSE()),\"\")","v":22.8803805272894}]
["FIN22","FIN","Grant/Loan (including interest-free loans)","Sectoral","Air transport","EUR 2.9 million","Climate Mitigation",null,null,"Support for airports not part of Finavia network","Energy policy tracker",null,"Negative",null,"2020-11-19","EUR",2.9,{"$f":"IFERROR(Q250/VLOOKUP(P250,'Exchange rates to USD'!$L$2:$N$225,3,FALSE()),\"\")","v":3.19773992911515}]
["FIN23","FIN","Grant/Loan (including interest-free loans)","Sectoral","Industry","EUR 10 million","Climate Mitigation","Climate Mitigation",null,"Support for manufacturing industries and the development of smart electricity grid (conditional support) ","Energy policy tracker",null,"Positive",null,"2020-11-19","EUR",10,{"$f":"IFERROR(Q251/VLOOKUP(P251,'Exchange rates to USD'!$L$2:$N$225,3,FALSE()),\"\")","v":11.0266894107419}]
["FIN24","FIN","R&D subsidies","Economy-wide",null,"EUR 20 million","Climate Mitigation","Climate Mitigation","Other","Funding for energy demonstration projects.\nThe aim is to support investments and studies related to 1) production and use of renewable energy, 2) energy efficiency, or 3) other measures to promote the transition to a low-carbon energy system.","Energy policy tracker",null,"Positive",null,"2020-11-19","EUR",20,{"$f":"IFERROR(Q252/VLOOKUP(P252,'Exchange rates to USD'!$L$2:$N$225,3,FALSE()),\"\")","v":22.0533788214838}]
["FIN25","FIN","Grant/Loan (including interest-free loans)","Sectoral","Air transport","EUR 700 million","Climate Mitigation",null,null,"State purchase of new Finnair shares. The aim is to support Finnair during covid-19.","Energy policy tracker","https://ec.europa.eu/commission/presscorner/detail/en/IP_20_1032 (31 August 2020)","Negative",null,"2020-11-19","EUR",700,{"$f":"IFERROR(Q253/VLOOKUP(P253,'Exchange rates to USD'!$L$2:$N$225,3,FALSE()),\"\")","v":771.868258751932}]
["FIN26","FIN","Grant/Loan (including interest-free loans)","Sectoral","Air transport","EUR 599999999","Climate Mitigation",null,null,"State guarantee on loan to Finnair. The aim is to secure the solvency of Finnair and support it during the exceptional circumstances due to covid-19.","Energy policy tracker","https://ec.europa.eu/commission/presscorner/detail/en/MEX_20_904 (31 August 2020)","Negative",null,"2020-11-19","EUR",599.999999,{"$f":"IFERROR(Q254/VLOOKUP(P254,'Exchange rates to USD'!$L$2:$N$225,3,FALSE()),\"\")","v":661.601363541844}]
["FRA1","FRA","R&D subsidies","Sectoral","Industry","EUR 690 million","Climate Mitigation","Air Pollution",null,"Support for a pilot plant to manufacture electric batteries for cars and other measures","https://www.economie.gouv.fr/files/files/directions_services/covid19-soutien-entreprises/DP-Plan_soutien_automobile26052020.pdf",null,"Positive","Plan de Soutien à l'Automobile (May 2020)","2021-03-11","EUR",690,{"$f":"IFERROR(Q255/VLOOKUP(P255,'Exchange rates to USD'!$L$2:$N$225,3,FALSE()),\"\")","v":760.84156934119}]
["FRA2","FRA","R&D subsidies","Sectoral","Surface transport","EUR 150 million","Climate Mitigation","Air Pollution",null,"A fund for industrial development in areas including the production of electric motors and the design, production and use of hydrogen systems in cars.",null,null,"Positive",null,"2021-03-11","EUR",150,{"$f":"IFERROR(Q256/VLOOKUP(P256,'Exchange rates to USD'!$L$2:$N$225,3,FALSE()),\"\")","v":165.400341161128}]
["FRA3","FRA","Other or not specified","Sectoral","Surface transport","EUR 100 million","Climate Mitigation","Air Pollution",null,"Extension of the ADVENIR programme, which allows the financing of vehicle charging infrastructure in company car parks and apartment buildings using energy savings certificates. ",null,null,"Positive","Technically not a government subsidy, paid for by companies","2021-03-11","EUR",100,{"$f":"IFERROR(Q257/VLOOKUP(P257,'Exchange rates to USD'!$L$2:$N$225,3,FALSE()),\"\")","v":110.266894107419}]
["FRA4","FRA","Grant/Loan (including interest-free loans)","Sectoral","Surface transport","EUR 5 bn","Climate Mitigation","Air Pollution",null,"A commercial loan backed by government guarantee to help Renault recover from the impact of coronavirus. ","https://www.economie.gouv.fr/files/files/directions_services/covid19-soutien-entreprises/DP-Plan_soutien_automobile26052020.pdf",null,"Mixed","Plan de Soutien à l'Automobile (May 2020)","2021-03-11","EUR",5000,{"$f":"IFERROR(Q258/VLOOKUP(P258,'Exchange rates to USD'!$L$2:$N$225,3,FALSE()),\"\")","v":5513.34470537094}]
["FRA5","FRA","Grant/Loan (including interest-free loans)","Sectoral","Air transport","EUR 7 bn","Climate Mitigation",null,null,"Air France has committed to cutting its emissions from domestic flights in half by 2024 as part of the climate conditions for a €3bn loan from the French state and €4bn in bank loans guaranteed","https://www.economie.gouv.fr/plan-soutien-aeronautique",null,"Mixed","Plan de soutien à l'Aéronautique (June 2020)","26.10.2020","EUR",7000,{"$f":"IFERROR(Q259/VLOOKUP(P259,'Exchange rates to USD'!$L$2:$N$225,3,FALSE()),\"\")","v":7718.68258751932}]
["FRA6","FRA","Grant/Loan (including interest-free loans)","Sectoral","Surface transport","EUR 60 million","Climate Mitigation","Air Pollution",null,"Financial support for bike repairs, installing temporary parking spaces for bikes and cycle training in a scheme the government says will \"democratise\" cycling as France emerges from lockdow...","https://www.ecologique-solidaire.gouv.fr/plan-velo-des-mesures-concretes-faciliter-lusage-du-velo",null,"Positive","https://www.ecologique-solidaire.gouv.fr/plan-velo-des-mesures-concretes-faciliter-lusage-du-velo","2021-03-11","EUR",60,{"$f":"IFERROR(Q260/VLOOKUP(P260,'Exchange rates to USD'!$L$2:$N$225,3,FALSE()),\"\")","v":66.1601364644513}]
["FRA7","FRA","Grant/Loan (including interest-free loans)","Sectoral","Buildings","EUR 4 billion","Climate Mitigation","Air Pollution",null,"Thermal renovation of public buildings ","https://www.economie.gouv.fr/files/files/directions_services/plan-de-relance/annexe-fiche-mesures.pdf","https://www.economie.gouv.fr/files/files/directions_services/plan-de-relance/annexe-fiche-mesures.pdf","Positive","Listed as part of France Relance plan","26.10.2020","EUR",4000,{"$f":"IFERROR(Q261/VLOOKUP(P261,'Exchange rates to USD'!$L$2:$N$225,3,FALSE()),\"\")","v":4410.67576429675}]
["FRA8","FRA","Grant/Loan (including interest-free loans)","Sectoral","Buildings","EUR 500 million ","Climate Mitigation","Air Pollution",null,"Energy renovation and major rehabilitation of social housing ","https://www.economie.gouv.fr/files/files/directions_services/plan-de-relance/annexe-fiche-mesures.pdf","https://www.economie.gouv.fr/files/files/directions_services/plan-de-relance/annexe-fiche-mesures.pdf","Positive","Listed as part of France Relance plan","26.10.2020","EUR",500,{"$f":"IFERROR(Q262/VLOOKUP(P262,'Exchange rates to USD'!$L$2:$N$225,3,FALSE()),\"\")","v":551.334470537094}]
["FRA9","FRA","Grant/Loan (including interest-free loans)","Sectoral","Buildings","EUR  200 million","Climate Mitigation","Air Pollution",null,"Energy renovation of SMEs","https://www.economie.gouv.fr/files/files/directions_services/plan-de-relance/annexe-fiche-mesures.pdf","https://www.economie.gouv.fr/files/files/directions_services/plan-de-relance/annexe-fiche-mesures.pdf","Positive","Listed as part of France Relance plan","26.10.2020","EUR",200,{"$f":"IFERROR(Q263/VLOOKUP(P263,'Exchange rates to USD'!$L$2:$N$225,3,FALSE()),\"\")","v":220.533788214838}]
["FRA10","FRA","Grant/Loan (including interest-free loans)","Sectoral","Buildings","EUR  2 billion","Climate Mitigation","Air Pollution",null,"Energy renovation of private housing ","https://www.economie.gouv.fr/files/files/directions_services/plan-de-relance/annexe-fiche-mesures.pdf","https://www.economie.gouv.fr/files/files/directions_services/plan-de-relance/annexe-fiche-mesures.pdf","Positive","Listed as part of France Relance plan","26.10.2020","EUR",2000,{"$f":"IFERROR(Q264/VLOOKUP(P264,'Exchange rates to USD'!$L$2:$N$225,3,FALSE()),\"\")","v":2205.33788214838}]
["FRA11","FRA","Tax reduction / Other subsidy","Sectoral","Multiple or economy-wide","EUR 650 million","Biodiversity","Climate Mitigation",null,"Densification and urban renewal (rehabilitation of wastelands, assistance to mayors for the densification of housing)","https://www.economie.gouv.fr/files/files/directions_services/plan-de-relance/annexe-fiche-mesures.pdf",null,"Positive","Listed as part of France Relance plan","26.10.2020","EUR",650,{"$f":"IFERROR(Q265/VLOOKUP(P265,'Exchange rates to USD'!$L$2:$N$225,3,FALSE()),\"\")","v":716.734811698222}]
["FRA12","FRA","Grant/Loan (including interest-free loans)","Sectoral","Multiple or economy-wide","EUR 300 million","Biodiversity","Adaptation",null,"Biodiversity in the regions, risk prevention and strengthening of resilience","https://www.economie.gouv.fr/files/files/directions_services/plan-de-relance/annexe-fiche-mesures.pdf",null,"Positive","Listed as part of France Relance plan","2021-03-11","EUR",300,{"$f":"IFERROR(Q266/VLOOKUP(P266,'Exchange rates to USD'!$L$2:$N$225,3,FALSE()),\"\")","v":330.800682322256}]
["FRA13","FRA","Grant/Loan (including interest-free loans)","Sectoral","Waste management","EUR 300 million","Water","Biodiversity","Adaptation","Water networks and modernization of sanitation stations, including overseas ","https://www.economie.gouv.fr/files/files/directions_services/plan-de-relance/annexe-fiche-mesures.pdf",null,"Positive","Listed as part of France Relance plan","2021-03-11","EUR",300,{"$f":"IFERROR(Q267/VLOOKUP(P267,'Exchange rates to USD'!$L$2:$N$225,3,FALSE()),\"\")","v":330.800682322256}]
["FRA14","FRA","Grant/Loan (including interest-free loans)","Sectoral","Industry","EUR 1.2 billion","Climate Mitigation",null,null,"Decarbonization of industry ","https://www.economie.gouv.fr/files/files/directions_services/plan-de-relance/annexe-fiche-mesures.pdf",null,"Positive","Listed as part of France Relance plan","2021-03-11","EUR",1200,{"$f":"IFERROR(Q268/VLOOKUP(P268,'Exchange rates to USD'!$L$2:$N$225,3,FALSE()),\"\")","v":1323.20272928903}]
["FRA15","FRA","Grant/Loan (including interest-free loans)","Sectoral","Industry","EUR 226 million","Waste & recycling","Climate Mitigation","Other","Investment in recycling and reuse (including support for the plastics industry) ",null,null,"Positive","Listed as part of France Relance plan","2021-03-11","EUR",226,{"$f":"IFERROR(Q269/VLOOKUP(P269,'Exchange rates to USD'!$L$2:$N$225,3,FALSE()),\"\")","v":249.203180682767}]
["FRA16","FRA","Grant/Loan (including interest-free loans)","Sectoral","Industry","EUR 274 million","Waste & recycling","Climate Mitigation","Other","Modernization of sorting / recycling and waste recovery centers","https://www.economie.gouv.fr/files/files/directions_services/plan-de-relance/annexe-fiche-mesures.pdf",null,"Positive","Listed as part of France Relance plan","2021-03-11","EUR",274,{"$f":"IFERROR(Q270/VLOOKUP(P270,'Exchange rates to USD'!$L$2:$N$225,3,FALSE()),\"\")","v":302.131289854328}]
["FRA17","FRA","Other or not specified","Sectoral","Agriculture","EUR 400 million","Biodiversity","Climate Mitigation","Adaptation","Acceleration of the transformation of the agricultural sector (organic high environmental value, local products, territorial food projects)","https://www.economie.gouv.fr/files/files/directions_services/plan-de-relance/annexe-fiche-mesures.pdf",null,"Positive","Listed as part of France Relance plan","26.10.2020","EUR",400,{"$f":"IFERROR(Q271/VLOOKUP(P271,'Exchange rates to USD'!$L$2:$N$225,3,FALSE()),\"\")","v":441.067576429675}]
["FRA18","FRA","Grant/Loan (including interest-free loans)","Sectoral","Agriculture","EUR 100 million","Climate Mitigation","Biodiversity",null,"Plan in favor of protein independence","https://www.economie.gouv.fr/files/files/directions_services/plan-de-relance/annexe-fiche-mesures.pdf",null,"Positive","Listed as part of France Relance plan","2021-03-11","EUR",100,{"$f":"IFERROR(Q272/VLOOKUP(P272,'Exchange rates to USD'!$L$2:$N$225,3,FALSE()),\"\")","v":110.266894107419}]
["FRA19","FRA","Other or not specified","Sectoral","Agriculture","EUR 250 million","Other",null,null,"Modernization of slaughterhouses and biosecurity in breeding, free-range breeding and animal welfare","https://www.economie.gouv.fr/files/files/directions_services/plan-de-relance/annexe-fiche-mesures.pdf",null,"Indeterminate","Listed as part of France Relance plan","2021-03-11","EUR",250,{"$f":"IFERROR(Q273/VLOOKUP(P273,'Exchange rates to USD'!$L$2:$N$225,3,FALSE()),\"\")","v":275.667235268547}]
["FRA20","FRA","Grant/Loan (including interest-free loans)","Sectoral","Agriculture","EUR 250 million","Biodiversity","Adaptation","Other","Renewal of agro-equipment","https://www.economie.gouv.fr/files/files/directions_services/plan-de-relance/annexe-fiche-mesures.pdf",null,"Positive","Listed as part of France Relance plan","2021-03-11","EUR",250,{"$f":"IFERROR(Q274/VLOOKUP(P274,'Exchange rates to USD'!$L$2:$N$225,3,FALSE()),\"\")","v":275.667235268547}]
["FRA21","FRA","Other or not specified","Sectoral","Forestry","EUR 200 million","Biodiversity","Climate Mitigation","Adaptation","Forest ","https://www.economie.gouv.fr/files/files/directions_services/plan-de-relance/annexe-fiche-mesures.pdf",null,"Positive","Listed as part of France Relance plan","2021-03-11","EUR",200,{"$f":"IFERROR(Q275/VLOOKUP(P275,'Exchange rates to USD'!$L$2:$N$225,3,FALSE()),\"\")","v":220.533788214838}]
["FRA22","FRA","Grant/Loan (including interest-free loans)","Sectoral","Maritime transport","EUR 50 million","Biodiversity","Climate Mitigation",null,"Fishing, aquaculture","https://www.economie.gouv.fr/files/files/directions_services/plan-de-relance/annexe-fiche-mesures.pdf",null,"Positive","Listed as part of France Relance plan","26.10.2020","EUR",50,{"$f":"IFERROR(Q276/VLOOKUP(P276,'Exchange rates to USD'!$L$2:$N$225,3,FALSE()),\"\")","v":55.1334470537094}]
["FRA23","FRA","Other or not specified","Sectoral","Maritime transport","EUR 200 million","Climate Mitigation",null,null,"Greening of ports ","https://www.economie.gouv.fr/files/files/directions_services/plan-de-relance/annexe-fiche-mesures.pdf",null,"Positive","Listed as part of France Relance plan","26.10.2020","EUR",200,{"$f":"IFERROR(Q277/VLOOKUP(P277,'Exchange rates to USD'!$L$2:$N$225,3,FALSE()),\"\")","v":220.533788214838}]
["FRA24","FRA","Other or not specified","Sectoral","Energy","EUR 50 million","Adaptation",null,null,"Strengthening the resilience of electricity networks ","https://www.economie.gouv.fr/files/files/directions_services/plan-de-relance/annexe-fiche-mesures.pdf",null,"Positive","Listed as part of France Relance plan","26.10.2020","EUR",50,{"$f":"IFERROR(Q278/VLOOKUP(P278,'Exchange rates to USD'!$L$2:$N$225,3,FALSE()),\"\")","v":55.1334470537094}]
["FRA25","FRA","Other or not specified","Sectoral","Surface transport","EUR 1.2 billion","Climate Mitigation","Air Pollution",null,"Develop daily mobility. Includes 200M for bike lanes that is part of 'plan velo\".","https://www.economie.gouv.fr/files/files/directions_services/plan-de-relance/annexe-fiche-mesures.pdf","see Plan velo above","Positive","Listed as part of France Relance plan","26.10.2020","EUR",1200,{"$f":"IFERROR(Q279/VLOOKUP(P279,'Exchange rates to USD'!$L$2:$N$225,3,FALSE()),\"\")","v":1323.20272928903}]
["FRA26","FRA","Grant/Loan (including interest-free loans)","Sectoral","Surface transport","EUR  4.7 billion","Climate Mitigation","Air Pollution",null,"Rail (SNCF Réseau aid, rail freight, small lines, network modernization / security)","https://www.economie.gouv.fr/files/files/directions_services/plan-de-relance/annexe-fiche-mesures.pdf",null,"Positive","Listed as part of France Relance plan","26.10.2020","EUR",4700,{"$f":"IFERROR(Q280/VLOOKUP(P280,'Exchange rates to USD'!$L$2:$N$225,3,FALSE()),\"\")","v":5182.54402304869}]
["FRA27","FRA","Grant/Loan (including interest-free loans)","Sectoral","Surface transport","EUR 550 million","Climate Mitigation","Air Pollution",null,"Acceleration of work on transport infrastructure ","https://www.economie.gouv.fr/files/files/directions_services/plan-de-relance/annexe-fiche-mesures.pdf",null,"Positive","Listed as part of France Relance plan","26.10.2020","EUR",550,{"$f":"IFERROR(Q281/VLOOKUP(P281,'Exchange rates to USD'!$L$2:$N$225,3,FALSE()),\"\")","v":606.467917590804}]
["FRA28","FRA","Grant/Loan (including interest-free loans)","Sectoral","Surface transport","EUR 1.9 billion","Climate Mitigation","Air Pollution",null,"Support for demand for clean vehicles from the automotive plan (bonus, conversion bonus) ","https://www.economie.gouv.fr/files/files/directions_services/plan-de-relance/annexe-fiche-mesures.pdf",null,"Positive","Listed as part of France Relance plan, continuation of the 'plan automobile\" (FRA2 and FRA3)","26.10.2020","EUR",1900,{"$f":"IFERROR(Q282/VLOOKUP(P282,'Exchange rates to USD'!$L$2:$N$225,3,FALSE()),\"\")","v":2095.07098804096}]
["FRA29","FRA","Grant/Loan (including interest-free loans)","Sectoral","Surface transport","EUR 180 million","Climate Mitigation","Air Pollution",null,"Greening of the State vehicle fleet ","https://www.economie.gouv.fr/files/files/directions_services/plan-de-relance/annexe-fiche-mesures.pdf",null,"Positive","Listed as part of France Relance plan","26.10.2020","EUR",180,{"$f":"IFERROR(Q283/VLOOKUP(P283,'Exchange rates to USD'!$L$2:$N$225,3,FALSE()),\"\")","v":198.480409393354}]
["FRA30","FRA","Grant/Loan (including interest-free loans)","Sectoral","Energy","EUR 2 billion","Climate Mitigation","Air Pollution",null,"Develop low-carbon hydrogen","https://www.economie.gouv.fr/files/files/directions_services/plan-de-relance/annexe-fiche-mesures.pdf","see Stratégie nationale pour le développement de l'hydrogène décarboné en France (EUR 7 billion up to 2030 including 2 over two years)","Positive","Listed as part of France Relance plan","2021-03-11","EUR",2000,{"$f":"IFERROR(Q284/VLOOKUP(P284,'Exchange rates to USD'!$L$2:$N$225,3,FALSE()),\"\")","v":2205.33788214838}]
["FRA31","FRA","Grant/Loan (including interest-free loans)","Sectoral","Energy","EUR 200 million","Climate Mitigation",null,null,"Nuclear: skills development, industrial investments, modernization in subcontracting ","https://www.economie.gouv.fr/files/files/directions_services/plan-de-relance/annexe-fiche-mesures.pdf",null,"Positive","Listed as part of France Relance plan","26.10.2020","EUR",200,{"$f":"IFERROR(Q285/VLOOKUP(P285,'Exchange rates to USD'!$L$2:$N$225,3,FALSE()),\"\")","v":220.533788214838}]
["FRA32","FRA","Grant/Loan (including interest-free loans)","Sectoral","Air transport","EUR 2.6 billion","Climate Mitigation",null,null,"Support plans for the aeronautics and automotive sectors ","https://www.economie.gouv.fr/files/files/directions_services/plan-de-relance/annexe-fiche-mesures.pdf",null,"Mixed","Listed as part of France Relance plan","26.10.2020","EUR",2600,{"$f":"IFERROR(Q286/VLOOKUP(P286,'Exchange rates to USD'!$L$2:$N$225,3,FALSE()),\"\")","v":2866.93924679289}]
["FRA33","FRA","Grant/Loan (including interest-free loans)","Sectoral","Multiple or economy-wide","EUR 3.4 billion","Climate Mitigation",null,null,"Support for the development of key markets in green technologies: hydrogen, recycling and reincorporation of recycled materials, bio-sourced products and biofuels, agro-equipment for ecological transition, decarbonization of industry (PIA)","https://www.gouvernement.fr/sites/default/files/contenu/piece-jointe/2020/09/fiches_intro_thematiques_pia_4.pdf",null,"Positive","Listed as part of France Relance plan","2021-03-11","EUR",3400,{"$f":"IFERROR(Q287/VLOOKUP(P287,'Exchange rates to USD'!$L$2:$N$225,3,FALSE()),\"\")","v":3749.07439965224}]
["FRA34","FRA","Grant/Loan (including interest-free loans)","Economy-wide","Multiple or economy-wide","EUR 2.5 billion","Climate Mitigation",null,null,"New Climate products from Bpifrance","https://www.economie.gouv.fr/files/files/directions_services/plan-de-relance/annexe-fiche-mesures.pdf",null,"Positive","Listed as part of France Relance plan","26.10.2020","EUR",2500,{"$f":"IFERROR(Q288/VLOOKUP(P288,'Exchange rates to USD'!$L$2:$N$225,3,FALSE()),\"\")","v":2756.67235268547}]
["DEU1","DEU","Regulatory change","Sectoral","Energy","0 EUR","Climate Mitigation",null,null,"Removal of solar PV cap; increase of offshore wind target from 15 to 20 GW in 2030. Option for Laender to introduce 1000 minimum distance regulation between wind turbines to increase public acceptability. new opportunity for municipalities and local inhabitants to benefit financially from wind production profits.  ","https://www.bundesfinanzministerium.de/Content/DE/Standardartikel/Themen/Schlaglichter/Konjunkturpaket/2020-06-03-eckpunktepapier.pdf?__blob=publicationFile",null,"Positive",null,null,"EUR",null,{"$f":"IFERROR(Q289/VLOOKUP(P289,'Exchange rates to USD'!$L$2:$N$225,3,FALSE()),\"\")","v":0}]
["DEU2","DEU","Grant/Loan (including interest-free loans)","Sectoral","Buildings","2000000000 EUR","Climate Mitigation",null,null,"Financial top up of building refurbishment program for 2020 and 2021","https://www.bundesfinanzministerium.de/Content/DE/Standardartikel/Themen/Schlaglichter/Konjunkturpaket/2020-06-03-eckpunktepapier.pdf?__blob=publicationFile",null,"Positive",null,null,"EUR",2000,{"$f":"IFERROR(Q290/VLOOKUP(P290,'Exchange rates to USD'!$L$2:$N$225,3,FALSE()),\"\")","v":2205.33788214838}]
["DEU3","DEU","R&D subsidies","Sectoral","Air transport","1000000000 EUR","Climate Mitigation",null,null,"1 billion-euro investment to help aircraft cut carbon dioxide emissions by 30%","https://www.bloomberg.com/news/articles/2020-06-05/germany-s-recovery-fund-gets-green-hue-with-its-focus-on-climate",null,"Positive",null,null,"EUR",1000,{"$f":"IFERROR(Q291/VLOOKUP(P291,'Exchange rates to USD'!$L$2:$N$225,3,FALSE()),\"\")","v":1102.66894107419}]
["DEU4","DEU","Other or not specified","Sectoral","Energy","9000000000 EUR","Climate Mitigation","Air Pollution",null,"9 billion euros through 2040 to build 15 gigawatts of clean hydrogen capacity.","https://www.bloomberg.com/news/articles/2020-06-05/germany-s-recovery-fund-gets-green-hue-with-its-focus-on-climate",null,"Positive",null,null,"EUR",9000,{"$f":"IFERROR(Q292/VLOOKUP(P292,'Exchange rates to USD'!$L$2:$N$225,3,FALSE()),\"\")","v":9924.02046966769}]
["DEU5","DEU","Grant/Loan (including interest-free loans)","Sectoral","Agriculture","700000000 EUR","Climate Mitigation","Biodiversity",null,"700 Million euro to maintain and promote sustainable forestry management, including digitisation of forestry sector and support to investments in modern machinery. ","https://www.bundesfinanzministerium.de/Content/DE/Standardartikel/Themen/Schlaglichter/Konjunkturpaket/2020-06-03-eckpunktepapier.pdf?__blob=publicationFile",null,"Positive",null,null,"EUR",700,{"$f":"IFERROR(Q293/VLOOKUP(P293,'Exchange rates to USD'!$L$2:$N$225,3,FALSE()),\"\")","v":771.868258751932}]
["DEU6","DEU","Grant/Loan (including interest-free loans)","Sectoral","Surface transport","5000000000 EUR","Air Pollution","Climate Mitigation",null," Support to Deutsche Bahn national railway; directed more at propping up distressed operations than reshaping the future of mass transit.","https://www.bloomberg.com/news/articles/2020-06-05/germany-s-recovery-fund-gets-green-hue-with-its-focus-on-climate",null,"Positive",null,null,"EUR",5000,{"$f":"IFERROR(Q294/VLOOKUP(P294,'Exchange rates to USD'!$L$2:$N$225,3,FALSE()),\"\")","v":5513.34470537094}]
["DEU7","DEU","Tax reduction / Other subsidy","Sectoral","Energy","11000000000 EUR","Climate Mitigation","Air Pollution",null,"Overhaul of the way Germany has financed its switch to green power, which so far relied on mandatory surcharges that were added to consumers’ electricity bills. At a cost of some 11 billion euros, the government will step in and cut retail-power costs by two euro cents for every kilowatt-hour consumed, which in turn will help drive down the green surcharge for consumers.","https://www.bundesfinanzministerium.de/Content/DE/Standardartikel/Themen/Schlaglichter/Konjunkturpaket/2020-06-03-eckpunktepapier.pdf?__blob=publicationFile",null,"Positive",null,null,"EUR",11000,{"$f":"IFERROR(Q295/VLOOKUP(P295,'Exchange rates to USD'!$L$2:$N$225,3,FALSE()),\"\")","v":12129.3583518161}]
["DEU8","DEU","Grant/Loan (including interest-free loans)","Sectoral","Surface transport","1200000000 EUR","Climate Mitigation","Air Pollution",null,"Investment in bus and truck modernisation program plus increase of financial support for electric buses and charging infrastructure to increase demand for e-buses ","https://www.bundesfinanzministerium.de/Content/DE/Standardartikel/Themen/Schlaglichter/Konjunkturpaket/2020-06-03-eckpunktepapier.pdf?__blob=publicationFile",null,"Positive",null,null,"EUR",1200,{"$f":"IFERROR(Q296/VLOOKUP(P296,'Exchange rates to USD'!$L$2:$N$225,3,FALSE()),\"\")","v":1323.20272928903}]
["DEU9","DEU","R&D subsidies","Sectoral","Maritime transport","1000000000 EUR","Climate Mitigation","Air Pollution",null,"Injection of new money into research programs to make shipping cleaner: development of new program for new government fleets and LNG refueling; also includes river bank refurbishment and lock modernisation. ","https://www.bundesfinanzministerium.de/Content/DE/Standardartikel/Themen/Schlaglichter/Konjunkturpaket/2020-06-03-eckpunktepapier.pdf?__blob=publicationFile",null,"Positive",null,null,"EUR",1000,{"$f":"IFERROR(Q297/VLOOKUP(P297,'Exchange rates to USD'!$L$2:$N$225,3,FALSE()),\"\")","v":1102.66894107419}]
["DEU10","DEU","Other or not specified","Sectoral","Surface transport","2 500 000 000 EUR","Climate Mitigation","Air Pollution",null,"Additional 2,5 bn Euro to support charging infrastructure for Evs and support R&D in electric mobility and battery manufacturing ","https://www.bundesfinanzministerium.de/Content/DE/Standardartikel/Themen/Schlaglichter/Konjunkturpaket/2020-06-03-eckpunktepapier.pdf?__blob=publicationFile",null,"Positive",null,null,"EUR",2500,{"$f":"IFERROR(Q298/VLOOKUP(P298,'Exchange rates to USD'!$L$2:$N$225,3,FALSE()),\"\")","v":2756.67235268547}]
["DEU11","DEU","Grant/Loan (including interest-free loans)","Sectoral","Surface transport","2 000 000 EUR","Climate Mitigation","Air Pollution",null,"Help switch social services/ charities to use electric vehicles in cities, limited to 2020 and 2021.","https://www.bundesfinanzministerium.de/Content/DE/Standardartikel/Themen/Schlaglichter/Konjunkturpaket/2020-06-03-eckpunktepapier.pdf?__blob=publicationFile",null,"Positive",null,null,"EUR",2,{"$f":"IFERROR(Q299/VLOOKUP(P299,'Exchange rates to USD'!$L$2:$N$225,3,FALSE()),\"\")","v":2.20533788214838}]
["DEU12","DEU","R&D subsidies","Sectoral","Surface transport","2000000000 EUR","Climate Mitigation","Air Pollution",null,"to support investment in future technologies, for automobile manufacturing firms and their suppliers during 2020 and 2021","https://www.bundesfinanzministerium.de/Content/DE/Standardartikel/Themen/Schlaglichter/Konjunkturpaket/2020-06-03-eckpunktepapier.pdf?__blob=publicationFile",null,"Positive",null,null,"EUR",2000,{"$f":"IFERROR(Q300/VLOOKUP(P300,'Exchange rates to USD'!$L$2:$N$225,3,FALSE()),\"\")","v":2205.33788214838}]
["DEU13","DEU","Tax reduction / Other subsidy","Sectoral","Surface transport","2300000000 EUR","Air Pollution","Climate Mitigation",null,"Doubling of subsidy when buying EV of up to 40.000 Euro; limited to December 2021. Buying limit to benefit from tax rate of 0.25% for EV for professional use will increase from 40,000 to 60,000","https://www.bundesfinanzministerium.de/Content/DE/Standardartikel/Themen/Schlaglichter/Konjunkturpaket/2020-06-03-eckpunktepapier.pdf?__blob=publicationFile",null,"Positive",null,null,"EUR",2300,{"$f":"IFERROR(Q301/VLOOKUP(P301,'Exchange rates to USD'!$L$2:$N$225,3,FALSE()),\"\")","v":2536.13856447063}]
["DEU14","DEU","Regulatory change","Sectoral","Surface transport",0,"Air Pollution","Climate Mitigation",null,"Motor vehicle tax for cars will be based more on CO2-emissions. In addition, existing motor vehicle tax break for pure Evs will apply to 2025 and extended to end of 2030. ","https://www.bundesfinanzministerium.de/Content/DE/Standardartikel/Themen/Schlaglichter/Konjunkturpaket/2020-06-03-eckpunktepapier.pdf?__blob=publicationFile",null,"Positive",null,null,"EUR",0,{"$f":"IFERROR(Q302/VLOOKUP(P302,'Exchange rates to USD'!$L$2:$N$225,3,FALSE()),\"\")","v":0}]
["DEU15","DEU","R&D subsidies","Sectoral","Energy","3000000 EUR","Climate Mitigation",null,null,"Expansion of project based research (SINTEG program and existing research labs) with focus on energy transition and specifically disruptive technologies in energy systems (specifically digitisation and sectoral coupling) ","https://www.bundesfinanzministerium.de/Content/DE/Standardartikel/Themen/Schlaglichter/Konjunkturpaket/2020-06-03-eckpunktepapier.pdf?__blob=publicationFile",null,"Positive",null,null,"EUR",3,{"$f":"IFERROR(Q303/VLOOKUP(P303,'Exchange rates to USD'!$L$2:$N$225,3,FALSE()),\"\")","v":3.30800682322256}]
["DEU16","DEU","Other or not specified","Sectoral","Air transport","550000000 EUR","Climate Mitigation",null,null,"Condor received a â‚¬550m loan guarantee from the federal and Hessian government: â‚¬294m as corona-aid and â‚¬256m to refinance the bridging loan the airline received following the 2019 bankruptcy of Thomas Cook. [DR: abstract from energy tracker; note though that the numbers are rubbish: aid+refinance do not amount to an overall loan guarantee; the way written here sounds like grant+loan, but I could imagine what they really meant was two different loans by banks, covered by a loan guarantee]","http://condor-newsroom.condor.com/en/de/news-article/condor-federal-government-and-hessian-state-government-pledge-guarantee/ Accessed 22 June 2020",null,"Negative",null,null,"EUR",550,{"$f":"IFERROR(Q304/VLOOKUP(P304,'Exchange rates to USD'!$L$2:$N$225,3,FALSE()),\"\")","v":606.467917590804}]
["DEU17","DEU","Grant/Loan (including interest-free loans)","Sectoral","Air transport","1800000000 EUR","Climate Mitigation",null,null,"The TUI Group has been granted a loan of â‚¬1.8bn for its airline, cruise, hotel, and travel agency operations. For lack of exact breakdown by activity we are assigning the whole amount to oil and oil products as the main fuel for the airline and cruise ships, noting the lack of environmental conditionalities.","https://www.tuigroup.com/en-en/media/press-releases/2020/2020-03-27-tui-ag-german-federal-government-approves-kfw-bridge-loan Accessed 9 July 2020",null,"Negative",null,null,"EUR",1800,{"$f":"IFERROR(Q305/VLOOKUP(P305,'Exchange rates to USD'!$L$2:$N$225,3,FALSE()),\"\")","v":1984.80409393354}]
["DEU18","DEU","Other or not specified","Sectoral","Air transport","9000000000 EUR","Climate Mitigation",null,null,"Lufthansa will receive a EUR 9 billion bailout in exchange for the state taking a 20% share in the airline company. This deal has been approved by Lufthansa stakeholders.","https://www.dw.com/en/lufthansa-bailout-package-overwhelmingly-backed-by-shareholders/a-53936823 Accessed 2 July 2020",null,"Negative",null,null,"EUR",9000,{"$f":"IFERROR(Q306/VLOOKUP(P306,'Exchange rates to USD'!$L$2:$N$225,3,FALSE()),\"\")","v":9924.02046966769}]
["DEU19","DEU","Grant/Loan (including interest-free loans)","Sectoral","Surface transport","1000000000 EUR","Climate Mitigation","Air Pollution",null,"This measure refers to the one billion euros committed to finance innovation and transformation in Germany’s leading export industry","https://de.reuters.com/article/us-germany-autos/germany-to-up-financial-aid-for-cars-sector-government-sources-idUSKBN27X1S7","https://de.reuters.com/article/us-germany-autos/germany-to-up-financial-aid-for-cars-sector-government-sources-idUSKBN27X1S7","Positive",null,null,"EUR",1000,{"$f":"IFERROR(Q307/VLOOKUP(P307,'Exchange rates to USD'!$L$2:$N$225,3,FALSE()),\"\")","v":1102.66894107419}]
["DEU20","DEU","Tax reduction / Other subsidy","Sectoral","Surface transport","1000000000 EUR","Climate Mitigation","Air Pollution",null,"Truck scrappage scheme","https://de.reuters.com/article/us-germany-autos/germany-to-up-financial-aid-for-cars-sector-government-sources-idUSKBN27X1S8","https://de.reuters.com/article/us-germany-autos/germany-to-up-financial-aid-for-cars-sector-government-sources-idUSKBN27X1S7","Positive",null,null,"EUR",1000,{"$f":"IFERROR(Q308/VLOOKUP(P308,'Exchange rates to USD'!$L$2:$N$225,3,FALSE()),\"\")","v":1102.66894107419}]
["DEU21","DEU","Grant/Loan (including interest-free loans)","Sectoral","Surface transport","1000000000 EUR","Climate Mitigation","Air Pollution",null,"To support the development and production of climate-friendly cars as the auto industry grapples with challenges posed by the COVID-19 pandemic and global climate crisis","https://de.reuters.com/article/us-germany-autos/germany-to-up-financial-aid-for-cars-sector-government-sources-idUSKBN27X1S9","https://de.reuters.com/article/us-germany-autos/germany-to-up-financial-aid-for-cars-sector-government-sources-idUSKBN27X1S7","Positive",null,null,"EUR",1000,{"$f":"IFERROR(Q309/VLOOKUP(P309,'Exchange rates to USD'!$L$2:$N$225,3,FALSE()),\"\")","v":1102.66894107419}]
["GRC1","GRC","Tax reduction / Other subsidy","Economy-wide","Multiple or economy-wide",null,"Climate Mitigation","Air Pollution","Other","Measures introduced in March 2020, in support of business activity. Currently extended until 31/8.  (pre-condition: companies do not lay off employees):   Suspension of VAT payment; tax reduction for those paying in time; deferment of established amounts to tax and audit authorities; rent reduction for rental of office edifices by 40% for March & April (incl. leasing); immediate return of corporate income tax up to 30,000 euros; reduction of employer’s contribution to the social security scheme if paid on time - all measures for companies affected by the COVID-19 restriction measures (list based on their activity). The list includes transport companies (road, rail, air, sea). Since 30 March, more companies are included in the list: mining, forestry, chemicals, cement, lime, construction materials, electrical goods. The list now covers more than 76% of all companies in Greece.","https://covid19.gov.gr/anastoli-paratasi-ke-ekptosi-pliromis-forologikon-ypochreoseon-ke-doseon-rythmiseon-epichiriseon-se-ypochreotiki-anastoli-litourgias-ke-pligises-vasi-k-a-d/ ","https://covid19.gov.gr/ektakti-ikonomiki-enischysi-600-evro-se-epistimones-eleftherous-epangelmaties/  ","Indeterminate",null,"26 Oct. 2020",null,null,{"$f":"IFERROR(Q310/VLOOKUP(P310,'Exchange rates to USD'!$L$2:$N$225,3,FALSE()),\"\")","v":""}]
["GRC2","GRC","Grant/Loan (including interest-free loans)","Economy-wide","Multiple or economy-wide",null,"Climate Mitigation","Other",null,"Measures introduced since March 2020, in support of business activity, Currently extended until 31/8. For companies under GRC1 - Measures of financial support for employees, independent professionals and self-employed unable to work; also for unemployed. This includes, for example, engineers. Provides a lump sum amount of €800 or vouchers. Since 30 March, employees in the companies may also apply for home rent reduction by 40%.  ","https://covid19.gov.gr/apozimiosi-idikou-skopou-ypsous-800-efro-se-epipleon-160-000-ergazomenous/; https://covid19.gov.gr/diatirisi-ton-theseon-ergasias-stirixi-tou-isodimatos-ton-ergazomenon/",null,"Indeterminate",null,null,null,null,{"$f":"IFERROR(Q311/VLOOKUP(P311,'Exchange rates to USD'!$L$2:$N$225,3,FALSE()),\"\")","v":""}]
["GRC3","GRC","Grant/Loan (including interest-free loans)","Economy-wide","Multiple or economy-wide","1.5 bil EUR","Other",null,null,"An aid scheme is introduced in the form of a repayable advance for private companies, regardless of sector, which have been financially affected by the outbreak and spread of coronavirus disease. The aid scheme (\"Epitreptea Prokatavoli\") has been launched in 3 cycles so far (ie aid scheme extended for a few months every time). The 3rd extension was announced in September 2020. ","https://covid19.gov.gr/epistreptea-prokatavoli-gia-epichirisis/","https://covid19.gov.gr/epistreptea-prokatavoli-iii/","Indeterminate",null,"26 Oct. 2020","EUR",1500,{"$f":"IFERROR(Q312/VLOOKUP(P312,'Exchange rates to USD'!$L$2:$N$225,3,FALSE()),\"\")","v":1654.00341161128}]
["GRC4","GRC","Grant/Loan (including interest-free loans)","Economy-wide","Multiple or economy-wide","100 mil EUR","Other",null,null,"Establishment of a \"Guarantee Fund\" as an independent financial unit within the European Investment Fund to improve business access to finance. \nThe measure will be implemented through the issuance of guarantees by the European Investment Fund to financial intermediaries (banks) using the resources of the NSRF. Banks in turn will provide business loans guaranteed up to 80% of the loan amount, while this guarantee will cover up to 25% of the volume of business loans granted by each bank under this measure.","https://covid19.gov.gr/systasi-tamiou-engyodosias-os-anexartitis-chrimatodotikis-monadas-sto-plesio-tou-evropaikou-tamiou-ependyseon-gia-ti-veltiosi-prosvasis-ton-epichiriseon-se-chrimatodotisi/",null,"Indeterminate",null,null,"EUR",100,{"$f":"IFERROR(Q313/VLOOKUP(P313,'Exchange rates to USD'!$L$2:$N$225,3,FALSE()),\"\")","v":110.266894107419}]
["GRC5","GRC","Grant/Loan (including interest-free loans)","Sectoral","Maritime transport","3.06 mil EUR","Climate Mitigation","Biodiversity","Water","Subsidy for the unemployed seafarers whose unemployment subsidy has expired or expires in the first quarter of 2020 is extended until 31.5.2020 (1,22 mil EUR to cover about 3,500 unemployed seafarers).Also social security covered. Special purpose compensation for: seafarers whose chartering contracts are suspended in passenger and passegner car ferries performing maritime cabotage, commercial tourist ships, commercial fishing vessels etc; seafarers as above whose employment contract has been terminated in March 2020. Rent reduction for main residence by 40% for seafarers whose enrollement contract is suspended.  ","https://covid19.gov.gr/metra-gia-tin-prostasia-tis-naftikis-ergasias-ke-tin-aktoploia/",null,"Indeterminate",null,null,"EUR",3.06,{"$f":"IFERROR(Q314/VLOOKUP(P314,'Exchange rates to USD'!$L$2:$N$225,3,FALSE()),\"\")","v":3.37416695968702}]
["GRC6","GRC","Grant/Loan (including interest-free loans)","Sectoral","Energy",null,"Climate Mitigation",null,null,"Electricity and gas suppliers are given the opportunity to settle part of their debts related to regulated charges (for example service of general interest, System and Network Usage Charges etc) to the Operators of Transmission Systems and Electricity Distribution Networks and natural gas, as well as the RES and Guarantee Manager. In addition, the RES and Guarantee Manager will receive short-term special purpose loan, to cover uncollected revenues from 13/4 to 30/6.","https://covid19.gov.gr/rythmisis-gia-tin-enischysi-tis-refstotitas-stin-agora-energias/",null,"Mixed",null,null,null,null,{"$f":"IFERROR(Q315/VLOOKUP(P315,'Exchange rates to USD'!$L$2:$N$225,3,FALSE()),\"\")","v":""}]
["GRC7","GRC","Regulatory change","Sectoral","Maritime transport",null,"Air Pollution","Water","Climate Mitigation","Greek-flagged vessels in cases where, due to the COVID19 pandemic, it is not possible to carry out the inspections of ships required by national or international law, will be allowed to extend both the time of the inspections and the inspections, as welll as the valid certificates of ships (for maritime safety, environmental protection, labour etc).","https://covid19.gov.gr/metra-gia-plia-ypo-elliniki-simea-paratasi-pistopiitikon-plion/",null,"Indeterminate",null,null,null,null,{"$f":"IFERROR(Q316/VLOOKUP(P316,'Exchange rates to USD'!$L$2:$N$225,3,FALSE()),\"\")","v":""}]
["GRC8","GRC","Grant/Loan (including interest-free loans)","Sectoral","Agriculture","10 mil EUR","Biodiversity","Other",null,"Greek State aid scheme to support the floriculture primary production sector in the context of the coronavirus outbreak. ","https://ec.europa.eu/commission/presscorner/detail/en/ip_20_809",null,"Indeterminate",null,null,"EUR",10,{"$f":"IFERROR(Q317/VLOOKUP(P317,'Exchange rates to USD'!$L$2:$N$225,3,FALSE()),\"\")","v":11.0266894107419}]
["GRC9","GRC","Grant/Loan (including interest-free loans)","Sectoral","Agriculture",null,"Biodiversity","Water",null,"Modification of the institutional framework that governs the implementation of the Measures of Aquaculture, Processing and Modernisation of fishing vessels, of the Operational Program of Fisheries & Marine 2014-2020.","https://covid19.gov.gr/metra-ydatokalliergion-metapiisis-ke-eksygchronismou-alieftikon-skafon-tou-epalth-2014-2020/",null,"Indeterminate",null,null,null,null,{"$f":"IFERROR(Q318/VLOOKUP(P318,'Exchange rates to USD'!$L$2:$N$225,3,FALSE()),\"\")","v":""}]
["GRC10 ","GRC","Tax reduction / Other subsidy","Sectoral","Buildings",null,"Other",null,null,"Additional support to landlords, through the extension of deadlines for payment of certified debts and adjustment installments, the suspension of overdue debt collection and the offset by 25% of certified debts [see also GRC1]","https://covid19.gov.gr/prostheti-stirixi-stous-ekmisthotes-akiniton-meso-tis-paratasis-ton-prothesmion-katavolis-veveomenon-ofilon-ke-doseon-rythmiseon-tis-anastolis-ispraxis-lixiprothesmon-ofilon-ke-tou-sympsifismou-kat/",null,"Indeterminate",null,null,null,null,{"$f":"IFERROR(Q319/VLOOKUP(P319,'Exchange rates to USD'!$L$2:$N$225,3,FALSE()),\"\")","v":""}]
["GRC11","GRC","Grant/Loan (including interest-free loans)","Economy-wide","Multiple or economy-wide","1.25 bil EUR","Other",null,null,"Establishing a Guarantee Fund as an independent financial unit within the Hellenic Development Bank. Purpose: support the economy through the maximum utilisation of financial instruments to meet increased liquidity needs of companies. Through the Guarantee Fund, banks grant new working capital loans guaranteed up to 80% of the amount of each loan with a subsidized guarantee fee, for 40% of the volume of business loans granted by each bank to SMEs or 30% for corporate portfolios.","https://covid19.gov.gr/tamio-engyodosias-tis-ellinikis-anaptyxiakis-trapezas/",null,"Indeterminate",null,null,"EUR",1250,{"$f":"IFERROR(Q320/VLOOKUP(P320,'Exchange rates to USD'!$L$2:$N$225,3,FALSE()),\"\")","v":1378.33617634274}]
["GRC12","GRC","Tax reduction / Other subsidy","Sectoral","Multiple or economy-wide",null,"Water","Other",null,"Until 31.10.2020, in the rented furnished rooms - apartments that are adjacent to the shore and the beach, lagoon, lake or navigable river and which operate legally, can be granted access for the simple use of seashore, beach, shore, with payment, without a call for tender.","https://covid19.gov.gr/ektaktes-rythmisis-gia-tin-parachorisi-aplis-chrisis-egialou-ke-paralias-apoklistika-gia-to-etos-2020-logo-tis-pandimias/",null,"Negative",null,null,null,null,{"$f":"IFERROR(Q321/VLOOKUP(P321,'Exchange rates to USD'!$L$2:$N$225,3,FALSE()),\"\")","v":""}]
["GRC13","GRC","Tax reduction / Other subsidy","Economy-wide","Multiple or economy-wide",null,"Air Pollution","Climate Mitigation",null,"VAT reduction from 24% to 13% from 1/6 to 31/10. Covers economic activities such as passenger transport (taxis and car rentals with driver)","https://covid19.gov.gr/kathorismos-sygkekrimenou-komistrou-orismenon-diadromon-me-epivatiga-dimosias-chrisis-e-d-ch-taxi-aftokinita-sto-nomo-attikis-tin-periferiaki-enotita-thessalonikis-ke-ti-dimotiki-enotita-kavalas/  ;  https://covid19.gov.gr/kathorismos-tou-elachistou-timimatos-misthosis-gia-ta-e-i-ch-ochimata-me-odigo-apo-01-06-2020-eos-31-10-2020-synepia-tis-miosis-tou-syntelesti-f-p-a-apo-24-se-13-gia-sygkekrimenes-ypiresies/",null,"Indeterminate",null,null,null,null,{"$f":"IFERROR(Q322/VLOOKUP(P322,'Exchange rates to USD'!$L$2:$N$225,3,FALSE()),\"\")","v":""}]
["GRC14","GRC","Regulatory change","Sectoral","Maritime transport",0,"Climate Mitigation","Air Pollution","Water","No cruise ships (of any flag) to sail the Greek seas until 30/7. ","https://covid19.gov.gr/epivoli-tou-metrou-tis-apagorefsis-tou-apoplou-ke-kataplou-krouazieroplion-stin-elliniki-epikratia-pros-periorismo-tis-diadosis-tou-koronoiou/",null,"Indeterminate",null,null,null,null,{"$f":"IFERROR(Q323/VLOOKUP(P323,'Exchange rates to USD'!$L$2:$N$225,3,FALSE()),\"\")","v":""}]
["GRC15","GRC","Regulatory change","Sectoral","Surface transport",0,"Climate Mitigation","Air Pollution",null,"No application of Athens' Low Emission Zone (\"Green Ring\") until 17/7, to ease citizens' mobility to and from city centre (as congestion in public transport should be avoided for health reasons). ","https://covid19.gov.gr/paratasi-tis-arsis-ton-metron-periorismou-kykloforias-daktyliou-sto-kentro-tis-athinas/",null,"Negative",null,null,null,null,{"$f":"IFERROR(Q324/VLOOKUP(P324,'Exchange rates to USD'!$L$2:$N$225,3,FALSE()),\"\")","v":""}]
["GRC16","GRC","Grant/Loan (including interest-free loans)","Sectoral","Agriculture","2 mil EUR","Biodiversity","Other",null,"Financial support for viticutlurists/ vineyards' owners who apply early harvest measure (green vintage). Amount under the Nataional Support Programme of the wine sector 2019-2023.","https://covid19.gov.gr/enischysis-ston-abeloiniko-klado/",null,"Indeterminate",null,null,"EUR",2,{"$f":"IFERROR(Q325/VLOOKUP(P325,'Exchange rates to USD'!$L$2:$N$225,3,FALSE()),\"\")","v":2.20533788214838}]
["GRC17","GRC","Grant/Loan (including interest-free loans)","Economy-wide","Buildings",null,"Air Pollution","Climate Mitigation","Other","Extention of deadline (until 31 October) for submitting proposals to be included in programme \"House Savings\" that provides financial support to households for energy efficiency works. Also extention of deadlines for those apllying for loans (as part of the programme) during COVID.","http://www.et.gr/idocs-nph/search/pdfViewerForm.html?args=5C7QrtC22wHUdWr4xouZundtvSoClrL8oThD19CXOPzNZ8op6Z_wSuJInJ48_97uHrMts-zFzeyCiBSQOpYnTy36MacmUFCx2ppFvBej56Mmc8Qdb8ZfRJqZnsIAdk8Lv_e6czmhEembNmZCMxLMtc_VG39v6DToQSJV7qSM6PUnTFfeNX11wDA6rw3iTBSY; http://www.et.gr/idocs-nph/search/pdfViewerForm.html?args=5C7QrtC22wHUdWr4xouZundtvSoClrL8OefyJx-9-XQtiDow6HlTE-JInJ48_97uHrMts-zFzeyCiBSQOpYnTy36MacmUFCx2ppFvBej56Mmc8Qdb8ZfRJqZnsIAdk8Lv_e6czmhEembNmZCMxLMtXluQWLlIV4ozAEGIsE8hBKIAVuzK1vn12VlkXTl2DAI ",null,"Positive",null,null,null,null,{"$f":"IFERROR(Q326/VLOOKUP(P326,'Exchange rates to USD'!$L$2:$N$225,3,FALSE()),\"\")","v":""}]
["GRC18","GRC","Other or not specified","Sectoral","Surface transport",null,"Air Pollution",null,null,"Employment under short-term contracts of staff to support public transport network in Athens, due to changes in the public transport network because of COVID-19","http://www.et.gr/idocs-nph/search/pdfViewerForm.html?args=5C7QrtC22wHUdWr4xouZundtvSoClrL8px6_ZGPuoJd5MXD0LzQTLWPU9yLzB8V68knBzLCmTXKaO6fpVZ6Lx3UnKl3nP8NxdnJ5r9cmWyJWelDvWS_18kAEhATUkJb0x1LIdQ163nV9K--td6SIuXrn8Mg45lE9ZYf7ayLuuO7PjIic4H7FyDjm3adeW2MX",null,"Indeterminate",null,null,null,null,{"$f":"IFERROR(Q327/VLOOKUP(P327,'Exchange rates to USD'!$L$2:$N$225,3,FALSE()),\"\")","v":""}]
["GRC19","GRC","Other or not specified","City/regional","Surface transport",null,"Air Pollution","Other",null,"Co-operation between Athens Urban Transport Organisation S.A. and KTEL (intercity public transport bus service) to provide additional buses as certain routes are crowded. Main reason is health protection and safeguarding passengers from COVID infection.","https://covid19.gov.gr/synergasia-oasa-ktel-me-stocho-tin-aposymforisi-sta-mesa-metaforas-kai-ti-meiosi-ton-chronoapostaseon/","http://www.oasa.gr/news.php?id=funk2216","Positive","Measure not directly targeting environment or environmental health; however, improving public transport services could support passengers' shift from private car use to public transport use","26 Oct. 2020",null,null,{"$f":"IFERROR(Q328/VLOOKUP(P328,'Exchange rates to USD'!$L$2:$N$225,3,FALSE()),\"\")","v":""}]
["GRC20","GRC","Grant/Loan (including interest-free loans)","Sectoral","Buildings","850 mil EUR","Climate Mitigation","Adaptation",null,"Energy saving initiatives, i.e. public and private funding programmes for the renovation of public buildings, industrial facilities and residences. Financial support from 35% to up to 95% in some regions. Promotion of energy efficiency, smart solutions. Programmes expected to start from 30 November 2020. Programme has been adapted taking into consideration COVID-19. This is the new next phase of GRC17.","http://www.ypeka.gr/Portals/0/Arxiki/20201013-Exoikonomw-Aytonomw.pdf",null,"Positive","Measure is part of the National Energy and Climate Plan presented in November 2019 (pre-exists COVID-19 and measures). Programme was already scheduled. It has been revisited due to COVID-19, providing additional 10% financing for energy efficiency of buildings. ","26 Oct. 2020","EUR",850,{"$f":"IFERROR(Q329/VLOOKUP(P329,'Exchange rates to USD'!$L$2:$N$225,3,FALSE()),\"\")","v":937.26859991306}]
["GRC21","GRC","Tax reduction / Other subsidy","Sectoral","Surface transport","63.5 mil EUR","Climate Mitigation","Adaptation",null,"Programme \"Moving Electrically\". Promotion of electric mobility by financially supporting the purchase of electric vehicles (private cars for personal or professional use, taxis), and the development of \"smart\" house infrastructure for charging EV. Programme for 2020.","https://kinoumeilektrika.gov.gr/filehelp/document-fek.pdf",null,"Positive","Measure is part of the National Energy and Climate Plan presented in November 2019 (pre-exists COVID-19 and measures). Programme was already scheduled. ","2021-03-10","EUR",63.5,{"$f":"IFERROR(Q330/VLOOKUP(P330,'Exchange rates to USD'!$L$2:$N$225,3,FALSE()),\"\")","v":70.019477758211}]
["GRC22","GRC","Other or not specified","Sectoral","Forestry","391 mln EUR","Biodiversity","Adaptation",null,"National Reforestation Program to support climate mitigation, biodiversity and ecosystem restoration. EU funded programme to run for the period 2020-2030. Total estimated budget for the 10-year period: 703,998,00 EUR, of which 309 mil. EUR from the Recovery and Resilience Facility and 391 mil. EUR from the Greek National Strategic Reference Framework, the EU Rural Development Programme etc. ","http://www.opengov.gr/minfin/wp-content/uploads/downloads/2020/11/Greece-RRP-EN-1.pdf",null,"Positive","The project is part of the draft National Recovery and Resilience Plan. ","2021-03-10","EUR",391,{"$f":"IFERROR(Q331/VLOOKUP(P331,'Exchange rates to USD'!$L$2:$N$225,3,FALSE()),\"\")","v":431.143555960008}]
["GRC23","GRC","Other or not specified","Sectoral","Energy","356 mln EUR","Climate Mitigation","Air Pollution",null,"Interconnection of the island of Crete to the mainland's power grid. EU Greece co-financing and EIB loan","http://www.opengov.gr/minfin/wp-content/uploads/downloads/2020/11/Greece-RRP-EN-1.pdf",null,"Positive","This project is in the context of the overall project of the interconnection of non-connected islands to the mainland's grid, which is part of the National Energy and Climate Plan , as well as part of the draft National Recovery and Resilience Plan. ","2021-03-10","EUR",356,{"$f":"IFERROR(Q332/VLOOKUP(P332,'Exchange rates to USD'!$L$2:$N$225,3,FALSE()),\"\")","v":392.550143022411}]
["HUN1","HUN","R&D subsidies","Economy-wide","Multiple or economy-wide","32 bn HUF","Other",null,null,"Employers who have employees working in R&D receive 40% salary support for three months ","Hungarian Parliament: https://www.parlament.hu/irom41/10735/10735.pdf",null,"Indeterminate",null,"2020-10-27","HUF",32000,{"$f":"IFERROR(Q333/VLOOKUP(P333,'Exchange rates to USD'!$L$2:$N$225,3,FALSE()),\"\")","v":117.385141898107}]
["HUN2","HUN","Grant/Loan (including interest-free loans)","Economy-wide","Multiple or economy-wide","7 bn HUF","Plastics",null,null,"Support for the technological change in the plastic industry","https://www.palyazat.gov.hu/ginop-1213-20-az-egyszer-hasznlatos-s-egyb-manyagtermkek-forgalomba-hozatalnak-korltozsval-rintett-valamint-az-ezeket-helyettest-termkek-gyrtsval-foglalkoz-vllalkozsok-technolgiavltsnak-s-kapacitsbvtsnek-tmogatsa-2#",null,"Indeterminate",null,"2021-01-07","HUF",7000,{"$f":"IFERROR(Q334/VLOOKUP(P334,'Exchange rates to USD'!$L$2:$N$225,3,FALSE()),\"\")","v":25.677999790211}]
["HUN3","HUN","Grant/Loan (including interest-free loans)","Sectoral","Energy","7.3 bn HUF","Climate Mitigation",null,null,"Energy efficiency microentreprises and SMEs to receive support for technology development","Hungarian Parliament: https://www.parlament.hu/irom41/10735/10735.pdf",null,"Positive",null,"2020-10-27","HUF",7300,{"$f":"IFERROR(Q335/VLOOKUP(P335,'Exchange rates to USD'!$L$2:$N$225,3,FALSE()),\"\")","v":26.7784854955057}]
["HUN4","HUN","Skills training","Economy-wide","Multiple or economy-wide","7 bn HUF","Other",null,null,"Structural digital training ","Hungarian Parliament: https://www.parlament.hu/irom41/10735/10735.pdf",null,"Indeterminate",null,"2020-10-27","HUF",7000,{"$f":"IFERROR(Q336/VLOOKUP(P336,'Exchange rates to USD'!$L$2:$N$225,3,FALSE()),\"\")","v":25.677999790211}]
["HUN5","HUN","Grant/Loan (including interest-free loans)","City/regional","Surface transport","140 bn HUF","Climate Mitigation",null,null,"Priority public road projects ","https://www.portfolio.hu/en/economy/20200702/hungarian-government-exhausts-coronavirus-war-chest-in-no-time-439652",null,"Mixed",null,"2020-10-27","HUF",140000,{"$f":"IFERROR(Q337/VLOOKUP(P337,'Exchange rates to USD'!$L$2:$N$225,3,FALSE()),\"\")","v":513.559995804219}]
["HUN6","HUN","Grant/Loan (including interest-free loans)","City/regional","Surface transport","24 bn HUF","Climate Mitigation",null,null,"Renewal of public road projects ","https://www.portfolio.hu/en/economy/20200702/hungarian-government-exhausts-coronavirus-war-chest-in-no-time-439652",null,"Mixed",null,"2020-10-27","HUF",24000,{"$f":"IFERROR(Q338/VLOOKUP(P338,'Exchange rates to USD'!$L$2:$N$225,3,FALSE()),\"\")","v":88.0388564235804}]
["HUN7","HUN","Grant/Loan (including interest-free loans)","City/regional","Surface transport","82.1 bn HUF","Climate Mitigation",null,null,"Budapest-Belgrade rail line development (2020-2025) ","http://njt.hu/cgi_bin/njt_doc.cgi?docid=219509.383053; https://www.portfolio.hu/en/economy/20200702/hungarian-government-exhausts-coronavirus-war-chest-in-no-time-439653",null,"Indeterminate",null,"2021-01-07","HUF",82130,{"$f":"IFERROR(Q339/VLOOKUP(P339,'Exchange rates to USD'!$L$2:$N$225,3,FALSE()),\"\")","v":301.276303252861}]
["HUN8","HUN","Other or not specified","Economy-wide","Surface transport","126.7 bn HUF","Climate Mitigation",null,null,"Reimbursement of the costs of public passenger transport by bus ","https://www.portfolio.hu/en/economy/20200715/hungarian-govt-reallocates-huf-300-billion-from-economic-protection-fund-441326",null,"Indeterminate",null,"078/01/2021","HUF",126721,{"$f":"IFERROR(Q340/VLOOKUP(P340,'Exchange rates to USD'!$L$2:$N$225,3,FALSE()),\"\")","v":464.848830202189}]
["HUN9","HUN","Other or not specified","Sectoral","Energy","24.6 bn HUF","Climate Mitigation",null,null,"Expenses relating to the termination of the cushion gas contract ","https://www.portfolio.hu/en/economy/20200715/hungarian-govt-reallocates-huf-300-billion-from-economic-protection-fund-441327",null,"Negative",null,"2020-10-27","HUF",24600,{"$f":"IFERROR(Q341/VLOOKUP(P341,'Exchange rates to USD'!$L$2:$N$225,3,FALSE()),\"\")","v":90.2398278341699}]
["HUN10","HUN","Other or not specified","City/regional","Surface transport","22 bn HUF","Climate Mitigation",null,null,"Hungarian Village Programme, village road fund ","https://www.portfolio.hu/en/economy/20200715/hungarian-govt-reallocates-huf-300-billion-from-economic-protection-fund-441328",null,"Mixed",null,"2020-10-27","HUF",22000,{"$f":"IFERROR(Q342/VLOOKUP(P342,'Exchange rates to USD'!$L$2:$N$225,3,FALSE()),\"\")","v":80.7022850549487}]
["HUN11","HUN","Other or not specified","Economy-wide","Surface transport","46 bn HUF","Waste & recycling",null,null,"Support for the National Coordination of Waste Management and Asset Management Plc ","https://www.portfolio.hu/en/economy/20200715/hungarian-govt-reallocates-huf-300-billion-from-economic-protection-fund-441329",null,"Positive",null,"2021-01-13","HUF",46460,{"$f":"IFERROR(Q343/VLOOKUP(P343,'Exchange rates to USD'!$L$2:$N$225,3,FALSE()),\"\")","v":170.428552893314}]
["HUN12","HUN","Grant/Loan (including interest-free loans)","Sectoral","Energy","15.1 bn HUF","Climate Mitigation",null,null,"Capital increase in nuclear power plant Paks II. Atomerőmű Zrt ","https://www.portfolio.hu/en/economy/20200715/hungarian-govt-reallocates-huf-300-billion-from-economic-protection-fund-441330",null,"Indeterminate",null,"2020-10-27","HUF",15100,{"$f":"IFERROR(Q344/VLOOKUP(P344,'Exchange rates to USD'!$L$2:$N$225,3,FALSE()),\"\")","v":55.3911138331694}]
["HUN13","HUN","Other or not specified","Economy-wide","Surface transport","31.04 bn HUF","Climate Mitigation",null,null,"Settlement of the previous reimbursement of the costs of railway passenger transport","https://www.portfolio.hu/en/economy/20200715/hungarian-govt-reallocates-huf-300-billion-from-economic-protection-fund-441331",null,"Positive",null,"2021-01-13","HUF",31045,{"$f":"IFERROR(Q345/VLOOKUP(P345,'Exchange rates to USD'!$L$2:$N$225,3,FALSE()),\"\")","v":113.881929069586}]
["HUN14","HUN","Other or not specified","Economy-wide","Surface transport","231.3 bn HUF","Climate Mitigation",null,null,"Reimbursement of the costs of railway passenger transport public services","https://www.portfolio.hu/en/economy/20200715/hungarian-govt-reallocates-huf-300-billion-from-economic-protection-fund-441332",null,"Positive",null,"2021-01-13","HUF",231300,{"$f":"IFERROR(Q346/VLOOKUP(P346,'Exchange rates to USD'!$L$2:$N$225,3,FALSE()),\"\")","v":848.474478782256}]
["HUN15","HUN","Other or not specified","Economy-wide","Surface transport","4.9 bn HUF","Climate Mitigation",null,null,"Reimbursement of the costs of operating Hungary's railway network","https://www.portfolio.hu/en/economy/20200715/hungarian-govt-reallocates-huf-300-billion-from-economic-protection-fund-441333",null,"Positive",null,"2020-10-27","HUF",4900,{"$f":"IFERROR(Q347/VLOOKUP(P347,'Exchange rates to USD'!$L$2:$N$225,3,FALSE()),\"\")","v":17.9745998531477}]
["HUN16","HUN","Grant/Loan (including interest-free loans)","City/regional","Multiple or economy-wide","43.6 bn HUF","Water",null,null,"Support for regional water services companies","https://www.portfolio.hu/en/economy/20200715/hungarian-govt-reallocates-huf-300-billion-from-economic-protection-fund-441334",null,"Positive",null,"2021-01-13","HUF",43632,{"$f":"IFERROR(Q348/VLOOKUP(P348,'Exchange rates to USD'!$L$2:$N$225,3,FALSE()),\"\")","v":160.054640978069}]
["HUN17","HUN","Grant/Loan (including interest-free loans)","Sectoral","Multiple or economy-wide","136 bn HUF","Climate Mitigation",null,null,"The winning enterprises will be able to spend the 10-629.3 million forints (EUR 27.8 thousand -1.75 million) in funding to, amongst others, procure new equipment, invest in infrastructural and property development projects, develop technological systems such as RE technology and use of cloud services. ","https://www.kormany.hu/en/ministry-for-national-economy/news/over-seven-billion-forints-in-funding-for-green-enterprises",null,"Indeterminate",null,"2021-01-13","HUF",136000,{"$f":"IFERROR(Q349/VLOOKUP(P349,'Exchange rates to USD'!$L$2:$N$225,3,FALSE()),\"\")","v":498.886853066956}]
["HUN18","HUN","Tax reduction / Other subsidy","Economy-wide","Surface transport","5 bn HUF","Climate Mitigation","Air Pollution",null,"Subsidy given to electric vehicles (EV) - total framework subsidy of 5 billion HUF = approx. 17 million USD","https://ceenergynews.com/finance/hungarian-government-to-announce-further-subsidies-for-e-mobility/",null,"Positive",null,"2021-01-13","HUF",5000,{"$f":"IFERROR(Q350/VLOOKUP(P350,'Exchange rates to USD'!$L$2:$N$225,3,FALSE()),\"\")","v":18.3414284215793}]
["HUN19","HUN","Regulatory change","Sector-specific","Surface transport","NA","Climate Mitigation","Air Pollution",null,"The deadline for taxi drivers (companies) to scrap older cars for newer ones is extended to the end of 2022","https://kormany.hu/hirek/meghosszabbodik-taxisokra-vonatkozo-szemelygepjarmu-csere-hatarideje",null,"Negative",null,"2020-10-27",null,0,{"$f":"IFERROR(Q351/VLOOKUP(P351,'Exchange rates to USD'!$L$2:$N$225,3,FALSE()),\"\")","v":""}]
["HUN20","HUN","Other or not specified","Economy-wide","Waste management","13 bn HUF","Waste & recycling",null,null,"Clean up campaign against illegal waste","1598/2020. (IX. 21.) Government Resolution on the first phase of the project to clean up illegal landfills, “Clean the Country!” to be implemented in 2020","https://index.hu/belfold/2020/10/27/gazdasag_kornyezetvedelem_belfold_tisztitsuk_meg_az_orszagot/","Positive",null,"2021-01-13","HUF",13000,{"$f":"IFERROR(Q352/VLOOKUP(P352,'Exchange rates to USD'!$L$2:$N$225,3,FALSE()),\"\")","v":47.6877138961061}]
["HUN21","HUN","Tax reduction / Other subsidy","Sector-specific","Surface transport","36 bn HUF","Climate Mitigation","Air Pollution",null,"Subsidies for electric buses as well as support for manufacturers of equipment relevant for electric buses (i.e. storage, recharge equipment)","https://ceenergynews.com/transport/hungarian-government-to-launch-green-bus-program/",null,"Positive",null,"2021-01-13","HUF",36000,{"$f":"IFERROR(Q353/VLOOKUP(P353,'Exchange rates to USD'!$L$2:$N$225,3,FALSE()),\"\")","v":132.058284635371}]
["HUN22","HUN","Regulatory change","Sector-specific","Agriculture",null,"Climate Mitigation",null,null,"Increasing the domestic share of raw materials used in public catering","https://magyarkozlony.hu/hivatalos-lapok/tMkTed9rU4L8GJ85RJmk5fe3ba8f5a9e6/dokumentumok/859e519d6c6249e6fb9f896bca0f5a928ddcb983/letoltes",null,"Indeterminate","Initiated by the Economic Protection Operative Unit which was tasked to propose economic and administrative measures for the recovery"]
["HUN23","HUN","Regulatory change","Sector-specific","Multiple or economy-wide",null,"Waste & recycling",null,null,"Possibility to extend the shelf-life of food",null,null,"Positive","Initiated by the Economic Protection Operative Unit which was tasked to propose economic and administrative measures for the recovery"]
["HUN24","HUN","Regulatory change","Sector-specific","Agriculture",null,"Other","Biodiversity",null,"Modification of authorization and evaluation of plant protection products, the removal and simplification of compulsory notification",null,null,"Indeterminate","Initiated by the Economic Protection Operative Unit which was tasked to propose economic and administrative measures for the recovery"]
["HUN25","HUN","Regulatory change","Sector-specific","Agriculture",null,"Water",null,null,"Review of soil protection planning and authorization procedures related to irrigation",null,null,"Indeterminate","Initiated by the Economic Protection Operative Unit which was tasked to propose economic and administrative measures for the recovery"]
["HUN26","HUN","Regulatory change","Sector-specific","Agriculture",null,"Other",null,null,"Simplification of feed authorization and registration procedures",null,null,"Indeterminate","Initiated by the Economic Protection Operative Unit which was tasked to propose economic and administrative measures for the recovery"]
["HUN27","HUN","Regulatory change","Sectoral","Multiple or economy-wide",null,"Adaptation",null,null,"Expanding sales opportunities for small food producers",null,null,"Indeterminate","Initiated by the Economic Protection Operative Unit which was tasked to propose economic and administrative measures for the recovery"]
["HUN28","HUN","Grant/Loan (including interest-free loans)","Economy-wide","Multiple or economy-wide","3.3 bn HUF","Other",null,null,"Support for the modernization of SMEs (GINOP-1.2.8-20)","https://www.palyazat.gov.hu/ginop-128-20-a-mikro-kis-s-kzpvllalkozsok-modern-zleti-s-termelsi-kihvsokhoz-val-alkalmazkodst-segt-fejlesztsek-tmogatsa-1",null,"Indeterminate",null,null,"HUF",33300,{"$f":"IFERROR(Q360/VLOOKUP(P360,'Exchange rates to USD'!$L$2:$N$225,3,FALSE()),\"\")","v":122.153913287718}]
["HUN29","HUN","Grant/Loan (including interest-free loans)","Economy-wide","Multiple or economy-wide","18.8 bn HUF","Other",null,null,"Support for the modernization of SMEs (VEKOP-1.2.6-20)","https://www.palyazat.gov.hu/vekop-126-20-a-mikro-kis-s-kzpvllalkozsok-modern-zleti-s-termelsi-kihvsokhoz-val-alkalmazkodst-segt-fejlesztsek-tmogatsa-1",null,"Indeterminate",null,null,"HUF",18800,{"$f":"IFERROR(Q361/VLOOKUP(P361,'Exchange rates to USD'!$L$2:$N$225,3,FALSE()),\"\")","v":68.963770865138}]
["HUN30","HUN","Grant/Loan (including interest-free loans)","Economy-wide","Multiple or economy-wide","7 bn HUF","Other",null,null,"Support for developments in the fashion and design industry (GINOP-1.2.14-20)","https://www.palyazat.gov.hu/ginop-1214-20-divat-s-dizjnipari-mikro-kis-s-kzpvllalkozsok-modern-zleti-s-termelsi-kihvsokhoz-val-alkalmazkodst-segt-fejlesztsek-tmogatsa-1",null,"Indeterminate",null,null,"HUF",7000,{"$f":"IFERROR(Q362/VLOOKUP(P362,'Exchange rates to USD'!$L$2:$N$225,3,FALSE()),\"\")","v":25.677999790211}]
["HUN31","HUN","Grant/Loan (including interest-free loans)","Economy-wide","Multiple or economy-wide","3 bn HUF","Other",null,null,"Support for developments in the fashion and design industry (VEKOP-1.2.7.20)","https://www.palyazat.gov.hu/vekop-127-20-divat-s-dizjnipari-mikro-kis-s-kzpvllalkozsok-modern-zleti-s-termelsi-kihvsokhoz-val-alkalmazkodst-segt-fejlesztsek-tmogatsa-1",null,"Indeterminate",null,null,"HUF",3000,{"$f":"IFERROR(Q363/VLOOKUP(P363,'Exchange rates to USD'!$L$2:$N$225,3,FALSE()),\"\")","v":11.0048570529476}]
["ISL1","ISL","Tax reduction / Other subsidy","Sectoral","Multiple or economy-wide",null,"Other",null,null,"Reimbursement of VAT on labour for work carried out at a residential construction site will temporarily be increased from 60% to 100%. The authorisation will also extend to vacation property and to design or supervision.","https://www.government.is/topics/economic-affairs-and-public-finances/measures-in-response-to-covid19/#Tab3",null,"Indeterminate",null,"2020-11-06",null,{"$f":"IFERROR(P364/VLOOKUP(#REF!,'Exchange rates to USD'!$L$2:$N$225,3,FALSE()),\"\")","v":""},{"$f":"IFERROR(Q364/VLOOKUP(P364,'Exchange rates to USD'!$L$2:$N$225,3,FALSE()),\"\")","v":""}]
["ISL2","ISL","R&D subsidies","Sectoral","Multiple or economy-wide","less than 1.1 bn ISK",null,null,null,"R&D grantsA special tax deduction shall be granted to innovation companies in the years 2021 and 2022. The deduction shall amount to 35% of the expenses incurred to smaller and medium sized companies but 25% of expenses to large companies. The previous rate of this tax deduction was 20%.\nThe underlying expenses for the deduction cannot amount to more than ISK 1,100,000,000.","https://home.kpmg/xx/en/home/insights/2020/04/iceland-tax-developments-in-response-to-covid-19.html",null,"Indeterminate",null,"2020-11-06","ISK",1100,{"$f":"IFERROR(Q365/VLOOKUP(P365,'Exchange rates to USD'!$L$2:$N$225,3,FALSE()),\"\")","v":9.99876627105739}]
["ISL3","ISL","R&D subsidies","Sectoral","Multiple or economy-wide","..",null,null,null,"Updated R&D support: The Government of Iceland has prioritised sustaining innovation through the pandemic and has today announced measures that will make additional contributions to companies investing in growth, and reimbursement ratios and caps on search and development (R&D) will be increased. Together the measures equal just under ISK 4.5bn and there is an aim is to expediate reimbursements for R&D expenses in 2019.","https://www.government.is/news/article/?newsid=5a7b7cb1-83f7-11ea-9467-005056bc4d74",null,"Indeterminate",null,"2020-11-06",null,null,{"$f":"IFERROR(Q366/VLOOKUP(P366,'Exchange rates to USD'!$L$2:$N$225,3,FALSE()),\"\")","v":""}]
["ISL4","ISL","Other or not specified","Sectoral","Agriculture","ISK 250 million top-up, adding up to ISK 628 million for 2021","Biodiversity","Climate Mitigation",null,"Iceland's food production fund (\"Matvælasjóður\") is being allocated more of the state budget to increase domestic food production in an effort to increase food security and reduce imports-related emissions","https://www.stjornarradid.is/efst-a-baugi/frettir/stok-frett/2020/10/02/Matvaelasjodur-faer-250-milljon-krona-vidbotarframlag/; https://www.government.is/news/article/?newsid=5a7b7cb1-83f7-11ea-9467-005056bc4d74; ",null,"Mixed",null,"2020-11-06","ISK",250,{"$f":"IFERROR(Q367/VLOOKUP(P367,'Exchange rates to USD'!$L$2:$N$225,3,FALSE()),\"\")","v":2.27244687978577}]
["ISL5","ISL","Other or not specified","Sectoral","Multiple or economy-wide","ISK 4.5 billion total (ISK 1.7 billion on circular economy measures; ISK 2.8 billion on sewerage improvements)","Waste & recycling","Plastics","Water","The government as part of its special investment programme to recover from the pandemic's economic effects is increasing its spending on circular economy issues from ISK 100 million annually to ISK 1.7 billion over 2021-2025. Focus is on promoting responsible production & consumption, reducing waste, increasing recycling and reuse. The government is also investing heavily in the country's sewerage system (2.8 billion over 2021-2025 compared to the ISK 200 million annually that was originally budgeted)","https://www.stjornarradid.is/efst-a-baugi/frettir/stok-frett/2020/10/13/4-5-milljardar-i-eflingu-hringrasarhagkerfis-og-urbaetur-i-fraveitumalum/",null,"Positive",null,"2020-11-06","ISK",4500,{"$f":"IFERROR(Q368/VLOOKUP(P368,'Exchange rates to USD'!$L$2:$N$225,3,FALSE()),\"\")","v":40.9040438361439}]
["ISL6","ISL","Other or not specified","Economy-wide","Multiple or economy-wide","ISK 3 billion (2021-2025) or ISK 600 million a year","Climate Mitigation",null,null,"Increase to budget for climate action to ISK 3 billion over 2021-2025. Focus on energy transition (especially in transport - towards electric vehicles and hydrogen), carbon sequestration, innvation & research, improving emissions accounting. Aims to help Iceland meet its 2040 goal of carbon neutrality.  ","https://www.stjornarradid.is/efst-a-baugi/frettir/stok-frett/2020/10/13/3-milljarda-krona-aukning-til-loftslagsmala/",null,"Positive",null,"2020-11-06","ISK",3000,{"$f":"IFERROR(Q369/VLOOKUP(P369,'Exchange rates to USD'!$L$2:$N$225,3,FALSE()),\"\")","v":27.2693625574292}]
["IRL1","IRL","Tax reduction / Other subsidy","Economy-wide","Multiple or economy-wide","440 million Euros",null,null,null,"Temporary reduction in the standard rate of VAT\nThe standard rate of VAT will be decreased from 23% to 21% for the period 1 September 2020 to 28 February 2021\nThe standard rate applies to some 53% of activity, including the supply of cars, petrol, diesel, alcohol, tobacco, electrical equipment and adult clothes and footwear.","https://www.gov.ie/en/press-release/946d8-minister-donohoe-announces-details-of-tax-measures-contained-in-the-july-stimulus-plan/ ",null,"Indeterminate",null,null,"EUR",440,{"$f":"IFERROR(Q370/VLOOKUP(P370,'Exchange rates to USD'!$L$2:$N$225,3,FALSE()),\"\")","v":485.174334072643}]
["IRL2","IRL","Tax reduction / Other subsidy","Economy-wide","Surface transport","€42 million ( as part of a €115 million investment in sustainable mobility)","Climate Mitigation","Air Pollution",null,"Cycle to Work Scheme\nThe allowable expenditure will be increased from €1000 to €1500 in respect of \"ebikes\" and €1250 in respect of bicycles.  The scheme currently allows the purchase of a new bicycle every 5 years and this will be reducd to every 4 years.","https://www.gov.ie/en/press-release/946d8-minister-donohoe-announces-details-of-tax-measures-contained-in-the-july-stimulus-plan/ ",null,"Positive",null,null,"EUR",42,{"$f":"IFERROR(Q371/VLOOKUP(P371,'Exchange rates to USD'!$L$2:$N$225,3,FALSE()),\"\")","v":46.3120955251159}]
["IRL3","IRL","Grant/Loan (including interest-free loans)","Economy-wide","Multiple or economy-wide","2 billion Euros",null,null,null,"Pandemic Stabilisation and Recovery Fund (PSRF) providing support medium and large enterprises in Ireland affected by Covid-19. •Enterprises must be able to demonstrate their business was commercially viable prior to the Covid-19 pandemic, and that they can return to viability and contribute to the Irish economy. All sectors will be considered subject to Irish Strategic Investment Fund (ISIF) Responsible Investment Policies.,ISIF's investment approach will be complementary to other Government policy initiatives via agencies such as SBCI and Enterprise Ireland.Ireland ","https://isif.ie/pandemic-stabilisation-and-recovery-fund","https://isif.ie/uploads/publications/PSRF-GUIDE-PUBLISHED.pdf","Indeterminate",null,null,"EUR",2000,{"$f":"IFERROR(Q372/VLOOKUP(P372,'Exchange rates to USD'!$L$2:$N$225,3,FALSE()),\"\")","v":2205.33788214838}]
["IRL4","IRL","Other or not specified","Economy-wide","Multiple or economy-wide","2.35 billion Euros",null,null,null,"Employment Wage Subsidy Scheme (this will replace the Gemporary Wage Subsidy Scheme (TWSS) as from 1 September 2020 to 31 March 2021.  The TWSS and EWSS will run in parallel from 31 July until the TWSS ends at the end of August.\n\nIt will provide additional flexibility to employers with new hires and sesonal workers who were not previously eligible to be paid via TWSS and who may now qualify for the EWSS.\n\nEWSS is open to all sectors.  Primary criteria for qualification is that the employer must demonstrate that they are operating at no more than 70% turnover from the period July to December 2020 compared to the same period last year.\n","https://www.gov.ie/en/press-release/946d8-minister-donohoe-announces-details-of-tax-measures-contained-in-the-july-stimulus-plan/ ",null,"Indeterminate",null,null,"EUR",2350,{"$f":"IFERROR(Q373/VLOOKUP(P373,'Exchange rates to USD'!$L$2:$N$225,3,FALSE()),\"\")","v":2591.27201152434}]
["IRL5","IRL","Tax reduction / Other subsidy","Sectoral","Multiple or economy-wide","NA",null,null,null,"Stay and Spend incentive, tax credit to encourage tourism within Ireland.  \n\nTaxpayer must spend a minimum of 25 Euros to qualify.  May submit receipts up to a cap of 625Euros total.   This will provide an income tax credit of 125 Euros per taxpayer of 250Euros for a jointly assessed married couple.  \n\nIncentive is for the period 1 October 2020 to 30 April 2021","https://www.gov.ie/en/press-release/946d8-minister-donohoe-announces-details-of-tax-measures-contained-in-the-july-stimulus-plan/ ",null,"Indeterminate",null,null,null,null,{"$f":"IFERROR(Q374/VLOOKUP(P374,'Exchange rates to USD'!$L$2:$N$225,3,FALSE()),\"\")","v":""}]
["IRL6","IRL","Tax reduction / Other subsidy","Economy-wide","Multiple or economy-wide","NA",null,null,null,"Accelerated Corporation Tax Loss Relief for Companies.  Provision of clash-flow support to previously profitable companies experiencing losses as a result of public health measures.The maximum amount of the expected current year loss which will qualify for early carry-back will be 50%.   The balance will qualify for carry-back under the normal rules in due course.","https://www.gov.ie/en/press-release/946d8-minister-donohoe-announces-details-of-tax-measures-contained-in-the-july-stimulus-plan/ ",null,"Indeterminate",null,null,null,null,{"$f":"IFERROR(Q375/VLOOKUP(P375,'Exchange rates to USD'!$L$2:$N$225,3,FALSE()),\"\")","v":""}]
["IRL7","IRL","Tax reduction / Other subsidy","Economy-wide","Multiple or economy-wide","150 million Euros",null,null,null,"Income tax loss relief for self-employed\n• This is a new once-off income tax relief measure which will benefit self-employed individuals who were profitable in 2019 but, as a result of the Covid-19 pandemic, are loss making in 2020. \n• The measure will give individuals carrying on a trade or profession as sole traders or members of partnerships a cash-flow boost from the early utilisation of up to €25,000 worth of 2020 losses (and certain unused capital allowances) off-set against 2019 profits.\n• The measure includes an additional option for farmers to step out of income averaging for the 2020 tax year","https://www.gov.ie/en/press-release/946d8-minister-donohoe-announces-details-of-tax-measures-contained-in-the-july-stimulus-plan/ ",null,"Indeterminate",null,null,"EUR",150,{"$f":"IFERROR(Q376/VLOOKUP(P376,'Exchange rates to USD'!$L$2:$N$225,3,FALSE()),\"\")","v":165.400341161128}]
["IRL8","IRL","Grant/Loan (including interest-free loans)","Economy-wide","Buildings","18 million Euros",null,null,null,"Enhancement of the help-to-buy scheme for the remainder of 2020\n• The level of support available to first time buyers will be increased to the lesser of €30,000 (up from €20,000) or 10 per cent (up from 5 per cent) of the purchase price of the new home/self-build property.\n• The enhancement to the scheme is intended to stimulate demand from first time buyers for new houses in the housing market, to encourage house completions and to assist first time buyers in accumulating a deposit for a new home.\n• The change will be effective immediately and will apply to applicants who sign a contract for the purchase of a new house or who have yet to make the first draw down of the mortgage in the case of a self-build. It will expire on 31 December 2020. All other parameters of the scheme will remain the same.","https://www.gov.ie/en/press-release/946d8-minister-donohoe-announces-details-of-tax-measures-contained-in-the-july-stimulus-plan/ ",null,"Indeterminate",null,null,"EUR",18,{"$f":"IFERROR(Q377/VLOOKUP(P377,'Exchange rates to USD'!$L$2:$N$225,3,FALSE()),\"\")","v":19.8480409393354}]
["IRL9","IRL","Tax reduction / Other subsidy","Economy-wide","Multiple or economy-wide","NA",null,null,null,"Legislative basis for the warehousing of tax liabiilities\nThis will allow for businesses affected by COVID-19 to delay payment of their PAYE and VAT debts in part of in full for a set period with no interest or penalities (this measure was announced in May and currently being operated by Revenue Commissioners pending legislation).","https://www.gov.ie/en/press-release/946d8-minister-donohoe-announces-details-of-tax-measures-contained-in-the-july-stimulus-plan/ ",null,"Indeterminate",null,null,null,null,{"$f":"IFERROR(Q378/VLOOKUP(P378,'Exchange rates to USD'!$L$2:$N$225,3,FALSE()),\"\")","v":""}]
["IRL10","IRL","Tax reduction / Other subsidy","Economy-wide","Multiple or economy-wide","NA",null,null,null,"Reduuction in the interest rate applying to agreed repayments of all tax debt.\n• All taxpayers (sole traders and businesses) that have declared but unpaid tax debts can avail of a reduced interest rate of 3% provided they contact Revenue to agree payment of these debts or have entered into an agreement to pay these debts on or before 30 September 2020.","https://www.gov.ie/en/press-release/946d8-minister-donohoe-announces-details-of-tax-measures-contained-in-the-july-stimulus-plan/ ",null,"Indeterminate",null,null,null,null,{"$f":"IFERROR(Q379/VLOOKUP(P379,'Exchange rates to USD'!$L$2:$N$225,3,FALSE()),\"\")","v":""}]
["IRL 11","IRL","Grant/Loan (including interest-free loans)","Sector-specific","Multiple or economy-wide","€25 million",null,null,null,"Grants up to 50% of capital investment in the COVID Life Sciences Products Scheme to aid the research, development and production of medicinal products in Ireland that are used in the fight against COVID-19","https://dbei.gov.ie/en/News-And-Events/Department-News/2020/June/04062020b.html",null,"Indeterminate",null,"2020-11-07","EUR",25,{"$f":"IFERROR(Q380/VLOOKUP(P380,'Exchange rates to USD'!$L$2:$N$225,3,FALSE()),\"\")","v":27.5667235268547}]
["IRL 12","IRL","Skills training","Sectoral","Multiple or economy-wide","NA",null,null,null,"19,000 places on the government's Skills to Complete programme to be used to support people developing skills and attain qualifications for emering growth sectors and occupations","https://dbei.gov.ie/en/News-And-Events/Department-News/2020/June/04062020b.html",null,"Indeterminate","Many green sectors are considered emering and growing","2020-11-07",null,null,{"$f":"IFERROR(Q381/VLOOKUP(P381,'Exchange rates to USD'!$L$2:$N$225,3,FALSE()),\"\")","v":""}]
["IRL 13","IRL","Grant/Loan (including interest-free loans)","Economy-wide","Multiple or economy-wide","€10 million","Waste & recycling","Plastics","Other","Grants provided to support businesses engaging in green research, development and innovation, capital investment and capacity building.  This is part of the Green Enterprise Fund.  A funding programme to support innovators to develop and demonstrate consumer and business solutions that will stimulate the circular economy in the following thematic areas: Plastics, construction and demolition, food and resources and raw materials (electrical and electronic equipment, textiles and furniture).  Maximum amount of funding available was €100,000 per grant award.  Grant aid is provided on a shared cost contribution basis, from 25% up to 95% of the total eligible project costs incurred.","https://www.epa.ie/researchandeducation/research/epafunding/greenenterprise/",null,"Positive",null,"2020-11-07","EUR",10,{"$f":"IFERROR(Q382/VLOOKUP(P382,'Exchange rates to USD'!$L$2:$N$225,3,FALSE()),\"\")","v":11.0266894107419}]
["IRL 14","IRL","Other or not specified","Economy-wide","Multiple or economy-wide","€10 million added to the already €30 million in the scheme",null,null,null,"An increase of €10 million in funding for the Seed and Venture Capital sector though Enterprise Ireland as a top-up to existing funds and leveraging a combined additional pool of €55 million, as part of the commitment to innovation driven enterprises","https://www.enterprise-ireland.com/en/Invest-in-Emerging-Companies/Seed-and-Venture-Capital-Scheme/",null,"Indeterminate",null,"2020-11-07","EUR",10,{"$f":"IFERROR(Q383/VLOOKUP(P383,'Exchange rates to USD'!$L$2:$N$225,3,FALSE()),\"\")","v":11.0266894107419}]
["IRL 15","IRL","Grant/Loan (including interest-free loans)","Economy-wide","Energy","€100 million","Climate Mitigation","Air Pollution",null,"Better Energy Homes Scheme.  Grant for the following energy-saving and renewable solutions (to be retrofitted into older dwellings):  Attic insulation, Wall insulation, Heating controls upgrade, Solar therman solultions, Heat pump systems.","https://www.citizensinformation.ie/en/housing/housing_grants_and_schemes/home_energy_saving_scheme.html#","https://assets.gov.ie/81556/d4fa4cc4-7e9f-4431-8540-a9ecb7126505.pdf","Positive","Data from draft EPR of Ireland","2020-11-20","EUR",100,{"$f":"IFERROR(Q384/VLOOKUP(P384,'Exchange rates to USD'!$L$2:$N$225,3,FALSE()),\"\")","v":110.266894107419}]
["IRL 16","IRL","Other or not specified","Sector-specific","Surface transport","€40 million ( as part of a €115 million investment in sustainable mobility)","Air Pollution","Climate Mitigation",null,"Allocated to local authorities to improve pedestrian infrastructure across the country","https://platform2020redesign.org/countries/ireland/",null,"Positive",null,"2020-11-07","EUR",40,{"$f":"IFERROR(Q385/VLOOKUP(P385,'Exchange rates to USD'!$L$2:$N$225,3,FALSE()),\"\")","v":44.1067576429675}]
["IRL 17","IRL","Other or not specified","Sector-specific","Surface transport","€2 million ( as part of a €115 million investment in sustainable mobility)","Air Pollution","Climate Mitigation",null,"Support new and expanded bus services in rural and urban areas.","https://platform2020redesign.org/countries/ireland/",null,"Mixed",null,"2020-11-07","EUR",2,{"$f":"IFERROR(Q386/VLOOKUP(P386,'Exchange rates to USD'!$L$2:$N$225,3,FALSE()),\"\")","v":2.20533788214838}]
["IRL 18","IRL","Other or not specified","Sector-specific","Surface transport","€21 million ( as part of a €115 million investment in sustainable mobility)","Air Pollution","Climate Mitigation",null,"Support improving rail journeys, primarily an enhanced programme of track relaying on the main inter-urban route between Dublin and Cork to facilitate increased speeds as well as an expanded programme of ballast cleaning on the network generally","https://platform2020redesign.org/countries/ireland/",null,"Mixed",null,"2020-11-07","EUR",21,{"$f":"IFERROR(Q387/VLOOKUP(P387,'Exchange rates to USD'!$L$2:$N$225,3,FALSE()),\"\")","v":23.156047762558}]
["IRL 19","IRL","Grant/Loan (including interest-free loans)","Sector-specific","Surface transport","€250,000 ( as part of a €115 million investment in sustainable mobility)","Air Pollution","Climate Mitigation",null,"Transitioning local link service vehicles to zero-emission alternatives in rural parts of the country.","https://platform2020redesign.org/countries/ireland/",null,"Positive",null,"2020-11-07","EUR",0.25,{"$f":"IFERROR(Q388/VLOOKUP(P388,'Exchange rates to USD'!$L$2:$N$225,3,FALSE()),\"\")","v":0.275667235268547}]
["IRL 20","IRL","Other or not specified","Economy-wide","Agriculture","€15 million","Biodiversity","Climate Mitigation",null,"Multi-year programme to rehabilitate 33,000 hectares of peatlands with a strong focus on just transition for jobs and sustainable long-term job creation. Longer term impacts will reduce greenhouse gas emissions by increasing the area of wetland habitats which will lower carbon emissions by ~6tonnes of CO2 per hectare per year","https://platform2020redesign.org/countries/ireland/","https://www.westmeathindependent.ie/2020/07/24/e15m-fund-for-peatland-rehabilitation-announced/","Positive",null,"2020-11-07","EUR",15,{"$f":"IFERROR(Q389/VLOOKUP(P389,'Exchange rates to USD'!$L$2:$N$225,3,FALSE()),\"\")","v":16.5400341161128}]
["IRL 21","IRL","Skills training","Economy-wide","Multiple or economy-wide","€11 million","Other",null,null,"As part of the \"Just Transition Fund\" money will be available for projects focusing on retraining workers and proposals to generate sustainable employment in green enterprise in the region, and supporting communitities to transition to a low carbon economy.  It will support and reinforce the other just transition and peat protection measures underway.  The objective is to fund innovative projects that contribute to the economic, social and environmental sustain.","https://www.gov.ie/en/publication/ed10d-just-transition-fund/",null,"Positive",null,"2020-11-07","EUR",11,{"$f":"IFERROR(Q390/VLOOKUP(P390,'Exchange rates to USD'!$L$2:$N$225,3,FALSE()),\"\")","v":12.1293583518161}]
["IRL 22","IRL","Other or not specified","Economy-wide","Surface transport","€10 million ( as part of a €115 million investment in sustainable mobility)","Adaptation",null,null,"Allocated to adapt roads to the effects of climate change, which including repairs to damaged roads as a result of severe weather events, improved drainage provisions, and the upgrade of certain strategic roads to protect them from the effects of climate change.","https://www.gov.ie/en/publication/b8bc5-july-jobs-stimulus-plan/",null,"Mixed",null,"2020-11-08","EUR",10,{"$f":"IFERROR(Q391/VLOOKUP(P391,'Exchange rates to USD'!$L$2:$N$225,3,FALSE()),\"\")","v":11.0266894107419}]
["IRL 23","IRL","Other or not specified","Sector-specific","Agriculture","€10 million",null,"Biodiversity",null,"Fishery and on-farm renewable energy investments","https://assets.gov.ie/81556/d4fa4cc4-7e9f-4431-8540-a9ecb7126505.pdf",null,"Mixed","Data from draft EPR of Ireland","2020-11-20","EUR",10,{"$f":"IFERROR(Q392/VLOOKUP(P392,'Exchange rates to USD'!$L$2:$N$225,3,FALSE()),\"\")","v":11.0266894107419}]
["IRL 24","IRL","Tax reduction / Other subsidy","Economy-wide","Industry","€10 million","Other",null,null,"Support businesses to adapt to green economy (support to green research, development and innovation, capacity building, capital investment)","https://assets.gov.ie/81556/d4fa4cc4-7e9f-4431-8540-a9ecb7126505.pdf",null,"Mixed","Data from draft EPR of Ireland","2020-11-20","EUR",10,{"$f":"IFERROR(Q393/VLOOKUP(P393,'Exchange rates to USD'!$L$2:$N$225,3,FALSE()),\"\")","v":11.0266894107419}]
["IRL 25","IRL","Other or not specified","Sector-specific",null,"€30 million","Water",null,null,"Investment in water infrastructure","https://assets.gov.ie/81556/d4fa4cc4-7e9f-4431-8540-a9ecb7126505.pdf",null,"Positive","Data from draft EPR of Ireland","2020-11-21","EUR",30,{"$f":"IFERROR(Q394/VLOOKUP(P394,'Exchange rates to USD'!$L$2:$N$225,3,FALSE()),\"\")","v":33.0800682322256}]
["ISR1","ISR","Grant/Loan (including interest-free loans)","Sector-specific","Energy","NIS 6.5 billion ","Climate Mitigation",null,null,"Promotion of new renewable energy (solar) projects in the amount of 2000 megawatts and the volume of investment in the economy will be approximately NIS 6.5 billion - investment in clean and sustainable energy.","https://www.gov.il/he/departments/publications/reports/economic_growth\nhttps://www.gov.il/BlobFolder/reports/economic_growth/he/economic_growth.pdf",null,"Positive",null,"2020-11-23","ILS",6500,{"$f":"IFERROR(Q395/VLOOKUP(P395,'Exchange rates to USD'!$L$2:$N$225,3,FALSE()),\"\")","v":1770.44083970259}]
["ISR2","ISR","Grant/Loan (including interest-free loans)","Sector-specific","Energy","NIS 500 million","Climate Mitigation",null,null,"Incentive economy for the establishment of local solar energy by providing a state-guaranteed loan fund in the amount of NIS 500 million, which will incentivize an additional investment of 3.5 billion in renewable energies-investment in clean and sustainable energy. ","https://www.gov.il/he/departments/publications/reports/economic_growth\nhttps://www.gov.il/BlobFolder/reports/economic_growth/he/economic_growth.pdf",null,"Positive",null,"2020-11-23","ILS",500,{"$f":"IFERROR(Q396/VLOOKUP(P396,'Exchange rates to USD'!$L$2:$N$225,3,FALSE()),\"\")","v":136.187756900199}]
["ISR3","ISR","Regulatory change","Sector-specific","Energy","n.a.","Climate Mitigation",null,null,"Removing Barriers to Promoting Existing Projects in Wind Energy. The investment in the economy alone for this project will stand at NIS 1.2 billion and will lead to the required diversity in renewable energies and ensuring redundancy and energy security, all while creating additional clean and sustainable energy.","https://www.gov.il/he/departments/publications/reports/economic_growth\nhttps://www.gov.il/BlobFolder/reports/economic_growth/he/economic_growth.pdf",null,"Positive",null,"2020-11-23",null,null,{"$f":"IFERROR(Q397/VLOOKUP(P397,'Exchange rates to USD'!$L$2:$N$225,3,FALSE()),\"\")","v":""}]
["ISR4","ISR","Regulatory change","Sector-specific","Energy","n.a.","Climate Mitigation",null,null,"Removal of barriers that will enable rapid and efficient development of the transmission and distribution network in electricity","https://www.gov.il/he/departments/publications/reports/economic_growth\nhttps://www.gov.il/BlobFolder/reports/economic_growth/he/economic_growth.pdf",null,"Positive",null,"2020-11-24",null,null,{"$f":"IFERROR(Q398/VLOOKUP(P398,'Exchange rates to USD'!$L$2:$N$225,3,FALSE()),\"\")","v":""}]
["ISR5","ISR","Grant/Loan (including interest-free loans)","Sector-specific","Buildings","NIS 300 million","Climate Mitigation","Air Pollution",null,"Leading an action plan for an energy-efficient urban space in cities, a project in which there will be a budget and municipal investment of approximately NIS 300 million and will enable the promotion of an efficient and clean energy space, reducing urban pollution, tackling climate crisis, kicking off innovation, adopting new technologies (smart homes, smart homes In the city) economic savings and more. Creating energetic resilience centers that will ensure a regular supply of electricity in an emergency while investing only tens of millions of shekels","https://www.gov.il/he/departments/publications/reports/economic_growth\nhttps://www.gov.il/BlobFolder/reports/economic_growth/he/economic_growth.pdf",null,"Positive",null,"2020-11-25","ILS",300,{"$f":"IFERROR(Q399/VLOOKUP(P399,'Exchange rates to USD'!$L$2:$N$225,3,FALSE()),\"\")","v":81.7126541401195}]
["ISR6","ISR","R&D subsidies","Sector-specific","Surface transport","NIS 180 million","Climate Mitigation","Air Pollution",null,"Alternative propulsion for transportation - investment in promoting clean alternative energy for transportation, whether in electricity or in the development of additional clean fuel substitutes, promoting heavy transportation in natural gas and R&D. This is a budget investment of NIS 180 million that will lead to a private investment of at least NIS 180 million. On the way to creating clean and non-polluting transportation","https://www.gov.il/he/departments/publications/reports/economic_growth\nhttps://www.gov.il/BlobFolder/reports/economic_growth/he/economic_growth.pdf",null,"Positive",null,"2020-11-26","ILS",180,{"$f":"IFERROR(Q400/VLOOKUP(P400,'Exchange rates to USD'!$L$2:$N$225,3,FALSE()),\"\")","v":49.0275924840717}]
["ISR7","ISR","Other or not specified","Sector-specific","Multiple or economy-wide","NIS 600 million","Other",null,null,"Construction of a new fuel port in Haifa - this project will lead to an economic investment of about NIS 600 million, this is a very important investment in order to produce an efficient, safe and cleaner infrastructure for the absorption of fuels and distillates, a need that is essential and sustainable in the short and long term.","https://www.gov.il/he/departments/publications/reports/economic_growth\nhttps://www.gov.il/BlobFolder/reports/economic_growth/he/economic_growth.pdf",null,"Mixed",null,"2020-11-27","ILS",600,{"$f":"IFERROR(Q401/VLOOKUP(P401,'Exchange rates to USD'!$L$2:$N$225,3,FALSE()),\"\")","v":163.425308280239}]
["ISR8","ISR","Grant/Loan (including interest-free loans)","Sector-specific","Surface transport","NIS 250 million","Climate Mitigation","Air Pollution",null,"Consolidation of infrastructures - creating synchronization in the establishment of infrastructure Transport infrastructures (light rail, subway, Ayalon routes, Moriah, etc.) - This is a step that will lead to an investment of about 250 million NIS","https://www.gov.il/he/departments/publications/reports/economic_growth\nhttps://www.gov.il/BlobFolder/reports/economic_growth/he/economic_growth.pdf",null,"Mixed",null,"2020-11-28","ILS",250,{"$f":"IFERROR(Q402/VLOOKUP(P402,'Exchange rates to USD'!$L$2:$N$225,3,FALSE()),\"\")","v":68.0938784500995}]
["ISR9","ISR","Grant/Loan (including interest-free loans)","Sector-specific","Energy","NIS 1 billion","Climate Mitigation",null,null,"Tender for the construction of a solar field in Dimona, a field that will produce about 500 megawatts and the volume of investment in the economy as a result is about one billion NIS. A tenders committee has already been set up to promote this project but it has been delayed due to internal government disputes","https://www.gov.il/he/departments/publications/reports/economic_growth\nhttps://www.gov.il/BlobFolder/reports/economic_growth/he/economic_growth.pdf",null,"Positive",null,"2020-11-29","ILS",1000,{"$f":"IFERROR(Q403/VLOOKUP(P403,'Exchange rates to USD'!$L$2:$N$225,3,FALSE()),\"\")","v":272.375513800398}]
["ITA1","ITA","Tax reduction / Other subsidy","Sectoral","Surface transport","EUR 300 mn","Climate Mitigation","Air Pollution",null,"Increase of EUR 300 mn in the fund for the purchase of low emission vehicles. EUR 100 mn for 2020 and EUR 200 mn in 2021; this is in addition to 60 already spent in 2019 (not counted here), and was an up from orignally 70m in 2020; note that this corresponds to the measure captured in row 357 of the Energy Tracker database as of mid-Nov 2020","Art 44 of Decreto Rilancio (aka Law-Decree 19 May 2020, n. 34 - http://www.governo.it/it/dl-rilancio)",null,"Positive",null,"04.11.2020","EUR",300,{"$f":"IFERROR(Q404/VLOOKUP(P404,'Exchange rates to USD'!$L$2:$N$225,3,FALSE()),\"\")","v":330.800682322256}]
["ITA2","ITA","Tax reduction / Other subsidy","Sectoral","Buildings","EUR 11.4 bn","Climate Mitigation",null,null,"Incentives for: (a) thermal insulations of buildings / heating (heat pumps) / energy efficiency in the form of tax reductions // (b) for the installation on buildings of photovoltaic solar panels conected to the power grid // © For the installation of infrastructure for EV charging in buildings // all in the form of tax reductions. Distribution of resources: EUR 62.2 million in 2020; EUR 1,268.4 million in 2021; EUR 3,239.2 million in 2022, EUR 2827.9 million in 2023, EUR 2,659 million in 2024 and 2025; EUR 1,290.1 million in 2026; 11.2 million EUR in 2031 and EUR 48.6 million in 2032","Art 119 of Decreto Rilancio (aka Law-Decree 19 May 2020, n. 34 - http://www.governo.it/it/dl-rilancio)",null,"Positive",null,"04.11.2020","EUR",11400,{"$f":"IFERROR(Q405/VLOOKUP(P405,'Exchange rates to USD'!$L$2:$N$225,3,FALSE()),\"\")","v":12570.4259282457}]
["ITA3","ITA","Tax reduction / Other subsidy","Economy-wide","Energy","--","Climate Mitigation",null,null,"Measure potentially detrimental for the environment: 20% reduction on energy bills for energy consumed in the months of  April, May, June, uly and August 2020","Art 132 of Decreto Rilancio (aka Law-Decree 19 May 2020, n. 34 - http://www.governo.it/it/dl-rilancio)",null,"Negative",null,"04.11.2020",null,null,{"$f":"IFERROR(Q406/VLOOKUP(P406,'Exchange rates to USD'!$L$2:$N$225,3,FALSE()),\"\")","v":""}]
["ITA4","ITA","Tax reduction / Other subsidy","Sectoral","Multiple or economy-wide","EUR 40 mn","Biodiversity",null,null,"Establishment of a a fund of € 40 million aimed at supporting micro, small and medium enterprises that operate in \"economic-environmental zones\" (e.g. national parks) and that carry out \"eco-friendly\" activities. ","Art 227 of Decreto Rilancio (aka Law-Decree 19 May 2020, n. 34 - http://www.governo.it/it/dl-rilancio)",null,"Positive",null,"04.11.2020","EUR",40,{"$f":"IFERROR(Q407/VLOOKUP(P407,'Exchange rates to USD'!$L$2:$N$225,3,FALSE()),\"\")","v":44.1067576429675}]
["ITA5","ITA","Tax reduction / Other subsidy","Sectoral","Surface transport","EUR 0.05 bn","Climate Mitigation","Air Pollution",null,"In order to encourage \"sustainable mobility alternatives\", under a government scheme residents of age living in cities with more than 50,000 residents can claim back 60% of the cost of a new bike, an electric bike, small electric vehicles (not cars) etc, up to EUR 500 per person.","Art 229 of Decreto Rilancio (aka Law-Decree 19 May 2020, n. 34 - http://www.governo.it/it/dl-rilancio)",null,"Positive",null,"04.11.2020","EUR",50,{"$f":"IFERROR(Q408/VLOOKUP(P408,'Exchange rates to USD'!$L$2:$N$225,3,FALSE()),\"\")","v":55.1334470537094}]
["ITA6","ITA","Regulatory change","City/regional","Surface transport","--","Climate Mitigation","Air Pollution",null,"In order to favor the decongestion of traffic in the urban areas by reducing the use of the private vehicles, businesses and public administrations listed in article 1, paragraph 2, of the legislative decree 30 March 2001, n.165, with single local units with more than 100 employees located in a regional capital, in a metropolitan city, in a provincial capital or in a municipality with a population of more than 50,000 inhabitants are required to adopt by December 31 of every year, a plan of home-work travel of one's own employees aimed at reducing the use of the vehicle individual private transport by appointing a mobility manager. The\nMobility Manager promotes, also collaborating in the adoption of the plan of sustainable mobility, the realization of interventions of organization and management of the demand for mobility in order to allow structural and permanent reduction of the environmental impact deriving from vehicular traffic in the  urban and metropolitan areas through the implementation of interventions of sustainable mobility.","Art 229 of Decreto Rilancio (aka Law-Decree 19 May 2020, n. 34 - http://www.governo.it/it/dl-rilancio)",null,"Positive",null,"04.11.2020",null,null,{"$f":"IFERROR(Q409/VLOOKUP(P409,'Exchange rates to USD'!$L$2:$N$225,3,FALSE()),\"\")","v":""}]
["ITA7","ITA","R&D subsidies","Sectoral","Energy","EUR 100 mn (unclear)","Climate Mitigation",null,null,"Incentives for the technological innovation in areas of energy efficiency and renewable energies","Art 42-bis of Decreto Rilancio (July update) (aka Law-Decree 19 May 2020, n. 34 - http://www.governo.it/it/dl-rilancio)",null,"Positive",null,"04.11.2020","EUR",100,{"$f":"IFERROR(Q410/VLOOKUP(P410,'Exchange rates to USD'!$L$2:$N$225,3,FALSE()),\"\")","v":110.266894107419}]
["ITA 8","ITA","Tax reduction / Other subsidy","Sectoral","Surface transport","EUR 500 mn","Climate Mitigation","Air Pollution",null,"The purchase of a seasonal public transport pass by commuter travellers is reimboursed.The reimbourseent will take place as either (a) a voucher that can be used within one year of issue; or (b) the estention of the duration of the pass for a period that corresponds to that during which it was not possible to use it. ","Art 200 of Decreto Rilancio (aka Law-Decree 19 May 2020, n. 34 - http://www.governo.it/it/dl-rilancio)",null,"Indeterminate",null,"04.11.2020","EUR",500,{"$f":"IFERROR(Q411/VLOOKUP(P411,'Exchange rates to USD'!$L$2:$N$225,3,FALSE()),\"\")","v":551.334470537094}]
["ITA9","ITA","Tax reduction / Other subsidy","Sector-specific","Surface transport","--","Air Pollution","Climate Mitigation",null,"Measure potentially detrimental for the environment: The so-called \"safeguard clauses\" which provide for automatic increases in the rates of value added tax and those relating to excise duty on certain fuel products are definitively abolished, starting from 1 January 2021.","Art 123 of Decreto Rilancio (aka Law-Decree 19 May 2020, n. 34 - http://www.governo.it/it/dl-rilancio)",null,"Negative",null,"05.11.2020",null,null,{"$f":"IFERROR(Q412/VLOOKUP(P412,'Exchange rates to USD'!$L$2:$N$225,3,FALSE()),\"\")","v":""}]
["ITA10","ITA","Tax reduction / Other subsidy","Sector-specific","Surface transport","EUR 500 mn","Climate Mitigation","Air Pollution",null,"Increase in state incentives for those who buy and register low-carbon cars ","Art 74 of Decreto Agosto (aka Law-Decree 14 August 2020, n. 104) https://www.gazzettaufficiale.it/eli/id/2020/08/14/20G00122/sg","https://www.idealista.it/news/finanza/economia/2020/10/21/151392-ecoincentivi-auto-le-misure-del-decreto-agosto-2020-in-gazzetta-ufficiale#:~:text=L'articolo%2074%20del%20decreto,euro%20per%20l'anno%202020.","Positive",null,"05.11.2020","EUR",500,{"$f":"IFERROR(Q413/VLOOKUP(P413,'Exchange rates to USD'!$L$2:$N$225,3,FALSE()),\"\")","v":551.334470537094}]
["ITA 11","ITA","Grant/Loan (including interest-free loans)","Sector-specific","Buildings","EUR 500 mn","Climate Mitigation","Air Pollution",null,"Fund for the financing of public works for the implementation of energy efficiency measures, including the efficiency of public lighting, energy saving of public buildings, installation of energy production systems from renewable sources and sustainable territorial development including sustainable mobility.","Art 30 of Decreto Crescita (Law-Decree 30 April 2019, n. 34) -- period of implementation of the measure extended to October 31 2020 by the Decreto Rilancio)","https://www.mise.gov.it/index.php/it/incentivi/energia/comuni-progetti-di-efficientamento-energetico-e-sviluppo-territoriale","Positive",null,"05.11.2020","EUR",500,{"$f":"IFERROR(Q414/VLOOKUP(P414,'Exchange rates to USD'!$L$2:$N$225,3,FALSE()),\"\")","v":551.334470537094}]
["ITA 12",{"$f":"LEFT(A415,3)","v":"ITA"},"Other or not specified","Sector-specific","Air transport","3000000000 EUR","Climate Mitigation",null,null,"Alitalia (national carrier) nationalisation","http://www.governo.it/sites/new.governo.it/files/DL_20200520.pdf _x000D_\nAccessed 13 May 2020","https://www.reuters.com/article/us-italy-alitalia-minister/italy-to-inject-3-billion-euros-in-new-alitalia-industry-minister-idUSKBN22J19P_x000D_\nAccessed 13 May 2020","Negative",null,null,"EUR",3000,{"$f":"IFERROR(Q415/VLOOKUP(P415,'Exchange rates to USD'!$L$2:$N$225,3,FALSE()),\"\")","v":3308.00682322256}]
["ITA 13","ITA","Tax reduction / Other subsidy","Sector-specific","Surface transport",null,"Climate Mitigation","Air Pollution",null,"This measure is an economic incentive of up to 2,000 euros for those who scrap their old car and buy a new one instead. ","https://www.innovationpost.it/wp-content/uploads/2020/07/Ultimi-Emendamenti-approvati-DL-Rilancio.pdf 7 July 2020",null,"Mixed",null,"17.11.2020",null,null,{"$f":"IFERROR(Q416/VLOOKUP(P416,'Exchange rates to USD'!$L$2:$N$225,3,FALSE()),\"\")","v":""}]
["ITA 14","ITA","Other or not specified","Sectoral","Air transport","EUR 300 mn","Climate Mitigation",null,null,"Alitalia has undergone 3 failed restructuring attempts and has not been doing well financially, even before C-19. The objective of the nationalisation is to also protect jobs and the aim is to also focus on long haul flights.","http://www.governo.it/sites/new.governo.it/files/DL_20200520.pdf ",null,"Negative",null,"17.11.2020","EUR",300,{"$f":"IFERROR(Q417/VLOOKUP(P417,'Exchange rates to USD'!$L$2:$N$225,3,FALSE()),\"\")","v":330.800682322256}]
["JPN1","JPN","Other or not specified","Sectoral","Energy","¥5 billion","Climate Mitigation",null,null,"Support the installation of self-consumption, on-site solar power generation facilities through PPA. \nAlso includes support for supply chain reform and domestic investment in production bases. ","https://www.env.go.jp/guide/budget/r02/r0204-hos-gaiyo/005.pdf; https://www5.cao.go.jp/keizai1/keizaitaisaku/2020/20200420_economic_measures_all.pdf",null,"Positive","The Japanese Government is dedicating a revised budget of five billion JPY to support the adoption of solar power generation equipment to allow solar energy to be produced for one's own use. This scheme is based on the on-site power purchase agreement (PPA) model, which contributes to the promotion of decarbonization and disaster prevention. Under this model, energy companies offer renewable electricity to businesses and individuals and install panels that they will continue to own and maintain where their clients reside. Meanwhile, businesses and individuals buy renewable electricity at a fixed long-term price with minimal risk of price hikes and only pay for the electricity they use. ","2021-01-13","JPY",5000,44.9556558853625]
["JPN3","JPN","Grant/Loan (including interest-free loans)","Economy-wide","Multiple or economy-wide","¥2 trillion","Climate Mitigation",null,null,"Measures to promote a green society - 2 trillion-yen fund to support innovative technology developments which contribute to achieving 2050 carbon neutral target, Promoting EV (Electric Vehicle) and ZEH (Net Zero Energy House)","https://www5.cao.go.jp/keizai1/keizaitaisaku/2020-2/20201208_economic_measures.pdf","https://english.kyodonews.net/news/2020/12/8a909b0c27bb-urgent-japan-to-compile-73-tril-yen-new-stimulus-package.html","Positive",null,"2020-12-22","JPY",2000000,{"$f":"IFERROR(Q419/VLOOKUP(P419,'Exchange rates to USD'!$L$2:$N$225,3,FALSE()),\"\")","v":17982.262354145}]
["JPN4","JPN","Other or not specified","Economy-wide","Multiple or economy-wide","unquantified","Waste & recycling",null,null,"Addressing infectious medical waste","https://www.env.go.jp/saigai/novel_coronavirus_2020.html","http://www.env.go.jp/saigai/novel_coronavirus_2020/COVID-19_0727QA_en.pdf","Positive","To address waste management issues relevant to COVID-19, Japan is implementing initiatives to maintain the waste management system, such as considering various countermeasures based on individual circumstances, creating communication documents related to measures, and sharing information with local governments and relevant organizations.","2021-01-13"]
["JPN5","JPN","Other or not specified","Economy-wide","Multiple or economy-wide","unquantified","Air Pollution","Climate Mitigation","Water","JAXA, ESA, and NASA cooperation for development and operation of Earth observing dashboard on COVID-19","https://eodashboard.org/",null,"Positive","The COVID-19 pandemic has caused various changes in socio-economic activities and the environments. Since satellite-based Earth observation can monitor the earth's surface globally and periodically with various physical parameters, the Japan Aerospace Exploration Agency (JAXA), European Space Agency (ESA), and National Aeronautics and Space Administration (NASA) have cooperated in developing the \"Earth Observing Dashboard\" by combining the resources, technical knowledge and expertise of the three partner agencies. The dashboard provides socio-economic activities and earth environmental change information, such as air quality, green house gasses,  port / airport activities, agriculture, and water quality, before / after COVID-19 pandemic to strengthen our global understanding of the economic and environmental effects of the COVID-19 pandemic.","2021-01-13"]
["JPN6","JPN","Other or not specified","Sector-specific",null,"unquantified","Climate Mitigation","Climate Mitigation",null,"Promoting dissemination of electric vehicles and fuel cell vehicles.","https://www.env.go.jp/guide/budget/r02/r02-hos_03-gaiyo/001.pd",null,"Positive","The Ministry of the Environment is working on decarbonization of lifestyles, especially in mobility, by subsidizing electrified vehicles such as electric vehicles and fuel cell vehicles as moving storage batteries, and promoting preferential treatments such as introducing charging and ","2021-01-13"]
["JPN7","JPN","Other or not specified","Economy-wide",null,"unquantified","Climate Mitigation","Climate Mitigation",null,"Green Growth Strategy towards 2050 Carbon Neutrality","https://www.meti.go.jp/english/press/2020/1225_001.html",null,"Positive","The Ministry of Economy, Trade and Industry (METI) formulated a “Green Growth Strategy towards 2050 Carbon Neutrality” in collaboration with related ministries and agencies. This strategy is an industrial policy to lead the challenging goal of achieving carbon neutrality by 2050, a vision that is upheld by the Suga administration and aims toward a positive cycle of economic growth and the environmental protection.","2021-01-13"]
["JPN8","JPN","Other or not specified","Sector-specific",null,"unquantified","Waste & recycling","Waste & recycling",null,"Addressing infectious waste","https://www.env.go.jp/saigai/novel_coronavirus_2020.html",null,"Positive","To address waste management issues relevant to COVID-19, Japan is implementing initiatives to promote environmentally sound management on infectious waste, such as considering various countermeasures based on individual circumstances, creating communication documents related to measures, and sharing information with local governments and relevant organizations and developing collection with automated control.","2021-03-11"]
["JPN9","JPN","Grant/Loan (including interest-free loans)","Economy-wide","Buildings","3 billion JPY","Climate Mitigation",null,null,"Support for the introduction of high-performance ventilation equipment to reduce the risk of large-scale infection","http://www.env.go.jp/guide/budget/r02/r0204-hos-gaiyo/full.pdf",null,"Positive","The new coronavirus infection has rapidly deteriorated business conditions of restaurants and other establishments where an unspecified large number of people congregate. In response, we support the introduction of high-efficiency equipment, such as high-performance ventilation equipment, which has high ventilation capacity and contributes to reducing the amount of CO2 in buildings, to avoid creating an enclosed space for restaurants and other facilities used by an unspecified large number of people, thereby reducing the risk of the spread of infectious diseases, such as the new coronavirus, as well as reducing emissions from commercial facilities.","2021-03-11","JPY",3000,27.27,"Changed from indeterminate to Positive"]
["JPN10","JPN","Other or not specified","City/regional","Multiple or economy-wide",null,"Adaptation","Climate Mitigation",null,"Promotion of integrated hazards assessment research","http://www.jamstec.go.jp/tougou/eng/research/theme_d.html",null,"Positive"," COVID-19 outbreaks bring various changes in socioeconomic activities all over the world. Since Japan is predicted to see natural disasters more frequently due to climate change, it will be also important to make adaptation plans to natural disasters taking account of these changes. Under the Japan's climate model development program (TOUGOU), Japanese government promotes researches on how natural disasters will change over the next 100 years quantifying the probability of climate change impact on typhoons and flooding etc.These research studies are expected to contribute to better adaptations in Japan after the COVID-19 crisis.","2021-03-11"]
["JPN11","JPN","Other or not specified","Sectoral","Multiple or economy-wide","unquantified","Other",null,null,"Attracting customers to national parks and promoting 'workations' in National Parks and hot springs.","https://www5.cao.go.jp/keizai1/keizaitaisaku/2020/20200420_economic_measures_all.pdf",null,"Positive","\"Workations\", a portmanteau of \"work\" and \"vacation\", are trips that enable both telework and tourism. Since the COVID-19 outbreak, campgrounds have become popular as recreational spaces that allow for social distancing. At the same time, inns in hot spring areas have also become increasingly viable as workation options, leading to a greater momentum for the trend. Japan is planning to further promote workations in National Parks and hot springs through providing infrastructural support (Wi-Fi availability), promoting workation tours. This project aims to maintain and secure employment for businesses involved, increase the number of travelers through attractive tours, and revitalize the local economy by preparing tours and other activities with an eye to the post-concussive phase.","2021-03-11",null,null,{"$f":"IFERROR(#REF!/VLOOKUP(#REF!,'Exchange rates to USD'!$L$2:$N$225,3,FALSE()),\"\")","v":""},"Changed from indeterminate to Positive"]
["JPN12","JPN","Other or not specified","Economy-wide","Multiple or economy-wide","unquantified","Adaptation",null,null,"Assessment Report on Climate Change Impact including infectious disiease and regular review of adaptation planning","https://www.env.go.jp/en/earth/cc/adaptation.html",null,"Positive","Based on the Climate Change Adaptation Act,  Japan publishes Assessment Report on Climate Change Impact, including infectious diseases, approximately every five years. It becomes  basic information for regular reviewing of adaptation planning by national and local governments.  In addition, it provides information on climate change impacts through the information platforms called A-PLAT (domestic) and AP-PLAT (Asia-Pacific) for the purpose of promoting studies on climate change impacts and activities that apply the scientific knowledge. The first report based on the Act was published on December 2020.","2021-03-11"]
["JPN13","JPN","Other or not specified","Economy-wide","Multiple or economy-wide","unquantified","Other",null,null,"Promoting ESG finance including \"impact finance\" for sustainable post COVID-19 world",null,null,"Positive","Actively promote “impact finance”, a developed form of ESG finance and the axis for creating the post-COVID-19 society, for the future that contributes to “Sustainability” improvement as well as promoting cooperation with regional financial institutions for the creation of the sustainable and decentralized society in the post-COVID-19 world.","2021-03-11"]
["JPN14","JPN","Other or not specified","Economy-wide","Multiple or economy-wide","unquantified","Biodiversity",null,null,"Promoting the Satoyama initiative for the conservation and sustainable use of local natural resources, while also practicing \"local production for local consumption\" and building communities.","https://satoyama-initiative.org/",null,"Positive","Aiming toward realizing \"societies in harmony with nature\" similar to the 2050 Biodiversity Vision of \"living in harmony with nature\", the Satoyama Initiative promotes the conservation and sustainable use of local natural resources, while also practicing \"local production for local consumption\" and building communities. Experiences from implementing the Satoyama Initiative are clearly the first potential step toward designing a new society post-COVID-19. The idea of \"local production for local consumption\" is based on building 'face-to-face relationships' between producers and consumers, and reevaluating relationships with communities in which we live or to which we have close ties. This is done in practice through the Satoyama Initiative.\nThe practice of \"local production for local consumption\" will allow people living in the region to rethink their habits and the underlying environment and nurture environmental values. This buildup of value will lead to productive and strong local communities. Furthermore, strong local communities contribute not only to biodiversity conservation, but also various other priorities such as disaster risk reduction. For example, as the climate crisis intensify disasters, it is necessary to build societies that are resilient -- societies that can repair the damage caused and swiftly recover. To do so, strong community ties among residents built over day-to-day life are indispensable, in addition to employing nature-based solutions. To redesign socioeconomic systems through COVID-19 recovery, the three transitions of decarbonization, circular economy, and decentralization are critical. To realize these transitions, independent, productive, and strong communities will clearly have important roles to play.","2021-03-11"]
["KOR1","KOR","Regulatory change","Sectoral","Industry",null,"Waste & recycling",null,null,"07/04 announced by the Ministry of  Environment of Korea: first case benefited from the shortened period for permission/authorization of the use of toxic chemicals (the period is shortened from 75 days max to almost half)","Ministry of Environment of Korea, 7 April:\nhttps://www.me.go.kr/home/web/board/read.do?pagerOffset=20&maxPageItems=10&maxIndexPages=10&searchKey=title&searchValue=%EC%BD%94%EB%A1%9C%EB%82%98&menuId=286&orgCd=&boardId=1363780&boardMasterId=1&boardCategoryId=&decorator=\n\nHankook Ilbo, 8 April: \"Ministry of Environment to temporarily relax standards of the 'Enforcement rule of the Act on registration, evaluation, etc. of chemicals' and the 'Toxic chemicals control Act' as economic circles called on the government\"\n\nhttps://www.hankookilbo.com/News/Read/202004081761027378\n\nSeoul Newspaper, 7 April: \"Korea to relax environmental regulation in light of the COVID-19 outbreak...charge reduction period to be extended\" - 'Act on the promotion of saving and recycling of resources' was partially revised (Temporary waste charge reduction for small and medium enterprises producing plastics to be extended into 2021) and scheduled to take effect on14 April 2020, following the announcement on the same day\n\nhttp://www.seoul.co.kr/news/newsView.php?id=20200407500105",null,"Negative"]
["KOR2","KOR","Grant/Loan (including interest-free loans)","Sectoral","Waste management","KRW 163.4 billion ","Waste & recycling",null,null,"12/04 announced by the Ministry of  Environment of Korea: Korea to stabilise the recycling industry as a preemptive response to  COVID-19 / Korea to promote the early execution of the upbringing funds for recycling incustry in the light of COVID-19 (KRW 98.4 billion to be executed until the second quarter out of KRW 163.4 billion for the year)","Ministry of Environment of Korea, 12 April:\nhttps://www.me.go.kr/home/web/board/read.do?pagerOffset=10&maxPageItems=10&maxIndexPages=10&searchKey=title&searchValue=%EC%BD%94%EB%A1%9C%EB%82%98&menuId=286&orgCd=&boardId=1364490&boardMasterId=1&boardCategoryId=&decorator=",null,"Positive",null,null,"KRW",163400,{"$f":"IFERROR(Q432/VLOOKUP(P432,'Exchange rates to USD'!$L$2:$N$225,3,FALSE()),\"\")","v":142.550554505875}]
["KOR3","KOR","Regulatory change","Economy-wide","Industry",null,"Climate Mitigation","Air Pollution","Waste & recycling","22/04 announced by the Ministry of Environment of Korea: \nKorea to relax environmental regulation in the crisis of COVID-19 \n\n- Prolongation of the deadline to collect environmental charges: from 3 months to 3 years depending on the charges - this includes waste disposal charge, air & water pollution charge, recycling charge and waste charge. ","\n\nMinistry of Environment of Korea, 22 April:\nhttps://www.me.go.kr/home/web/board/read.do?pagerOffset=10&maxPageItems=10&maxIndexPages=10&searchKey=title&searchValue=%EC%BD%94%EB%A1%9C%EB%82%98&menuId=286&orgCd=&boardId=1366820&boardMasterId=1&boardCategoryId=&decorator=\n\nSeoul Newspaper, 22 April:  https://www.seoul.co.kr/news/newsView.php?id=20200422500115&wlog_tag3=naver\n\nE-daily, 22 April:\nhttps://www.edaily.co.kr/news/read?newsId=02817526625738744&mediaCodeNo=257&OutLnkChk=Y",null,"Negative",null,null,null,null,{"$f":"IFERROR(Q433/VLOOKUP(P433,'Exchange rates to USD'!$L$2:$N$225,3,FALSE()),\"\")","v":""}]
["KOR4","KOR","Regulatory change","City/regional","Multiple or economy-wide",null,"Climate Mitigation","Air Pollution","Waste & recycling","22/04 announced by the Ministry of Environment of Korea: \nKorea to relax environmental regulation in the crisis of COVID-19 \n\n- Companies/individuals can apply for/benefit from deferment of collection of the environmental charges and making payment by instalments. If they are located in the special disaster zone including Daegu, Kyungbook, Kyungsan, Chung-do and Bonwha, they can take advantage of this with no proof documents. If they are not located in the zone, they need to present the evidence of damage from the COVID-19.  ",null,null,"Negative",null,null,null,null,{"$f":"IFERROR(Q434/VLOOKUP(P434,'Exchange rates to USD'!$L$2:$N$225,3,FALSE()),\"\")","v":""}]
["KOR5","KOR","Regulatory change","Sectoral","Multiple or economy-wide",null,"Water",null,null,"22/04 announced by K-water Research Institute under the Ministry of Environment of Korea: \n\nCharges for the use of dam water and multiregional water supply to be lowered in the light of COVID-19 crisis (for individuals,small-business owners and SMEs)","Ministry of Environment of Korea, 22 April:\nhttps://www.me.go.kr/home/web/board/read.do?pagerOffset=10&maxPageItems=10&maxIndexPages=10&searchKey=title&searchValue=%EC%BD%94%EB%A1%9C%EB%82%98&menuId=286&orgCd=&boardId=1366840&boardMasterId=1&boardCategoryId=&decorator=",null,"Negative"]
["KOR6","KOR","Grant/Loan (including interest-free loans)","Sectoral","Industry","KRW 11.2 billion","Climate Mitigation",null,null,"13/05 announced by the Ministry of Environment of Korea: Support project for the small and medium sized environment enterprises to be expanded in response to COVID-19 - the support fund more than doubled in size, from KRW 4.8 billion last year to KRW 11.2 billion ","Ministry of Environment of Korea, 13 May:\nhttps://www.me.go.kr/home/web/board/read.do?pagerOffset=10&maxPageItems=10&maxIndexPages=10&searchKey=title&searchValue=%EC%BD%94%EB%A1%9C%EB%82%98&menuId=286&orgCd=&boardId=1370870&boardMasterId=1&boardCategoryId=&decorator=",null,"Indeterminate",null,null,"KRW",11200,{"$f":"IFERROR(Q436/VLOOKUP(P436,'Exchange rates to USD'!$L$2:$N$225,3,FALSE()),\"\")","v":9.7709070407944}]
["KOR7","KOR","Other or not specified","Economy-wide","Multiple or economy-wide",null,"Other",null,null,"03/06 announced by the Ministry of Environment of Korea: Minister of Environment CHO had a discussion with the representatives from industry (CEOs from the Korea Business Council for Sustainable Development) to seek for  ways to support industry to overcome the crisis in COVID-19, e.g. relaxing the environmental regulation, expansion of the upbrining funds for environment industry, etc.\n- Minister Cho said that the Korean style \"Green New Deal\" would be the innovative growth engine for the future.","Ministry of Environment of Korea, 3 June:\nhttps://www.me.go.kr/home/web/board/read.do?pagerOffset=0&maxPageItems=10&maxIndexPages=10&searchKey=title&searchValue=%EC%BD%94%EB%A1%9C%EB%82%98&menuId=286&orgCd=&boardId=1375490&boardMasterId=1&boardCategoryId=&decorator=\n\n",null,"Mixed",null,null,null,null,{"$f":"IFERROR(Q437/VLOOKUP(P437,'Exchange rates to USD'!$L$2:$N$225,3,FALSE()),\"\")","v":""}]
["KOR8","KOR","Grant/Loan (including interest-free loans)","sectoral","Energy","KRW 35.8 trillion","Climate Mitigation","Other",null,"• On 14 July 2020, Korea’s President Moon Jae-in revealed a plan to commit KRW 160 trillion (USD 133 billion) to a “K-New Deal”, that has new main pillars: the Digital New Deal and Green New Deal. The plan is one of President Moon’s biggest economic initiatives since coming to power in 2017.\n\n• The Korean New Deal will involve a direct investment of KRW 114 trillion from the national treasury by 2025, which with funding from the private sector and local governments will rise to around KRW 160 trillion. Korea commits USD 60.9 billion (KRW 73.4 trillion / EUR 53.4 billion) to Green New Deal by 2025. According to the Ministry of Trade, Industry and Energy, the Green New Deal would create 659,000 jobs.\n\n• Breakdown of the commitment\n   1. Green Transition of Infrastructures - Investment of 30.1 trillion won including 12.1 trillion won from the treasury\n   2. Low-carbon and decentralized energy supply - Investment of 35.8 trillion won including 24.3 trillion won from the treasury\n   3. Innovation in the Green Industry - 7.6 trillion won including 6.3 trillion won from the treasury\n\n• The Green New Deal aims to transform the economy from carbon-dependent to a low-carbon one and prepare for the post-COVID-19 era and is supposed to foster the renewable energy sector. South Korea seeks to increase solar and wind capacity to 42.7 gigawatts by 2025, compared with 12.7 gigawatts in 2019. The plan also promises refurbishment of public rental housing and schools to make them zero-energy, and transformation of urban areas into smart green cities.\n\n• “The Green New Deal is about responding preemptively to the climate crisis, a desperate reality already confronting us. The COVID-19 pandemic has reaffirmed the urgency of responding to climate change,” President Moon said at the Korean New Deal presentation on 14 July.\n","Sources in English\n\nThe Korean Joongang Daily, 14 July 2020\nMoon's Korean New Deal targets 1.9 million new jobs\nhttps://koreajoongangdaily.joins.com/2020/07/14/business/economy/Korea-New-Deal-Digital-New-Deal-Green-New-Deal/20200714174000390.html \n\nBloomberg  Green, 14 July 2020\nSouth Korea’s $35 Billion Green Plan Skirts Zero-Carbon Target\nhttps://www.bloomberg.com/news/articles/2020-07-14/green-new-deal-in-south-korea-stops-short-of-zero-carbon-target\n\nForbes, 16 April:\nSouth Korea Embraces EU-Style Green Deal For COVID-19 Recovery:\nhttps://www.forbes.com/sites/davidrvetter/2020/04/16/south-korea-embraces-eu-style-green-deal-for-covid-19-recovery/#34513ce05611",null,"Positive",null,"2021-01-07","KRW",35800000,{"$f":"IFERROR(Q438/VLOOKUP(P438,'Exchange rates to USD'!$L$2:$N$225,3,FALSE()),\"\")","v":31232.0064339678}]
["KOR11","KOR","Grant/Loan (including interest-free loans)",null,"Multiple or economy-wide","KRW 30.1 trillion","Climate Mitigation",null,null,"• On 14 July 2020, Korea’s President Moon Jae-in revealed a plan to commit KRW 160 trillion (USD 133 billion) to a “K-New Deal”, that has new main pillars: the Digital New Deal and Green New Deal. The plan is one of President Moon’s biggest economic initiatives since coming to power in 2017.\n\n• The Korean New Deal will involve a direct investment of KRW 114 trillion from the national treasury by 2025, which with funding from the private sector and local governments will rise to around KRW 160 trillion. Korea commits USD 60.9 billion (KRW 73.4 trillion / EUR 53.4 billion) to Green New Deal by 2025. According to the Ministry of Trade, Industry and Energy, the Green New Deal would create 659,000 jobs.\n\n• Breakdown of the commitment\n   1. Green Transition of Infrastructures - Investment of 30.1 trillion won including 12.1 trillion won from the treasury\n   2. Low-carbon and decentralized energy supply - Investment of 35.8 trillion won including 24.3 trillion won from the treasury\n   3. Innovation in the Green Industry - 7.6 trillion one including 6.3 trillion won from the treasury\n\n• The Green New Deal aims to transform the economy from carbon-dependent to a low-carbon one and prepare for the post-COVID-19 era and is supposed to foster the renewable energy sector. South Korea seeks to increase solar and wind capacity to 42.7 gigawatts by 2025, compared with 12.7 gigawatts in 2019. The plan also promises refurbishment of public rental housing and schools to make them zero-energy, and transformation of urban areas into smart green cities.\n\n• “The Green New Deal is about responding preemptively to the climate crisis, a desperate reality already confronting us. The COVID-19 pandemic has reaffirmed the urgency of responding to climate change,” President Moon said at the Korean New Deal presentation on 14 July.\n",null,null,"Positive",null,"2021-01-07","KRW",30100000,{"$f":"IFERROR(Q439/VLOOKUP(P439,'Exchange rates to USD'!$L$2:$N$225,3,FALSE()),\"\")","v":26259.3126721349}]
["KOR12","KOR","Grant/Loan (including interest-free loans)",null,"Industry","KRW 7.6 trillion","Climate Mitigation",null,null,"• On 14 July 2020, Korea’s President Moon Jae-in revealed a plan to commit KRW 160 trillion (USD 133 billion) to a “K-New Deal”, that has new main pillars: the Digital New Deal and Green New Deal. The plan is one of President Moon’s biggest economic initiatives since coming to power in 2017.\n\n• The Korean New Deal will involve a direct investment of KRW 114 trillion from the national treasury by 2025, which with funding from the private sector and local governments will rise to around KRW 160 trillion. Korea commits USD 60.9 billion (KRW 73.4 trillion / EUR 53.4 billion) to Green New Deal by 2025. According to the Ministry of Trade, Industry and Energy, the Green New Deal would create 659,000 jobs.\n\n• Breakdown of the commitment\n   1. Green Transition of Infrastructures - Investment of 30.1 trillion won including 12.1 trillion won from the treasury\n   2. Low-carbon and decentralized energy supply - Investment of 35.8 trillion won including 24.3 trillion won from the treasury\n   3. Innovation in the Green Industry - 7.6 trillion one including 6.3 trillion won from the treasury\n\n• The Green New Deal aims to transform the economy from carbon-dependent to a low-carbon one and prepare for the post-COVID-19 era and is supposed to foster the renewable energy sector. South Korea seeks to increase solar and wind capacity to 42.7 gigawatts by 2025, compared with 12.7 gigawatts in 2019. The plan also promises refurbishment of public rental housing and schools to make them zero-energy, and transformation of urban areas into smart green cities.\n\n• “The Green New Deal is about responding preemptively to the climate crisis, a desperate reality already confronting us. The COVID-19 pandemic has reaffirmed the urgency of responding to climate change,” President Moon said at the Korean New Deal presentation on 14 July.\n",null,null,"Positive",null,"2021-01-07","KRW",7600000,{"$f":"IFERROR(Q440/VLOOKUP(P440,'Exchange rates to USD'!$L$2:$N$225,3,FALSE()),\"\")","v":6630.25834911048}]
["KOR13","KOR","Grant/Loan (including interest-free loans)","Sectoral","Industry","KRW 40 trillion","Climate Mitigation","Air Pollution",null,"Key Industry Support Fund - allocated to aviation and shipping","http://www.businesskorea.co.kr/news/articleView.html?idxno=45666",null,"Negative",null,null,"KRW",40000000,{"$f":"IFERROR(Q441/VLOOKUP(P441,'Exchange rates to USD'!$L$2:$N$225,3,FALSE()),\"\")","v":34896.0965742657}]
["KOR9","KOR","Grant/Loan (including interest-free loans)","Sectoral","Air transport","KRW 2.9 trillion","Climate Mitigation",null,null,"Bailout for the Airline Companies (Korean Air &#038; Asiana)","https://asia.nikkei.com/Business/Transportation/Virus-hit-Korean-Air-and-Asiana-offered-2bn-bailout Accessed 7 July 2020",null,"Negative",null,"2020-11-14","KRW",2900000,{"$f":"IFERROR(Q442/VLOOKUP(P442,'Exchange rates to USD'!$L$2:$N$225,3,FALSE()),\"\")","v":2529.96700163426}]
["KOR10","KOR","Grant/Loan (including interest-free loans)","Sectoral","Industry","KRW 3 trillion","Climate Mitigation","Other",null,"Bailout of Doosan Heavy Industries &#038; Construction Co","https://www.koreaexim.go.kr/site/program/board/basicboard/view?boardtypeid=284&boardid=62860&menuid=002001007  Accessed 7 July 2020",null,"Negative",null,"2020-11-14","KRW",3000000,{"$f":"IFERROR(Q443/VLOOKUP(P443,'Exchange rates to USD'!$L$2:$N$225,3,FALSE()),\"\")","v":2617.20724306993}]
["LVA1","LVA","Grant/Loan (including interest-free loans)","Sectoral","Surface transport",null,"Climate Mitigation",null,null,"Rail Baltica: additional EU funding for large-scale infra project connecting the rail networks of the Baltic states with Finland (via ferry) and Poland","https://www.mk.gov.lv/en/aktualitates/karins-more-10-billion-euros-will-be-available-latvian-economy-over-next-seven-years",null,"Mixed",null,"2020-11-06",null,null,{"$f":"IFERROR(Q444/VLOOKUP(P444,'Exchange rates to USD'!$L$2:$N$225,3,FALSE()),\"\")","v":""}]
["LVA2","LVA","Tax reduction / Other subsidy","City/regional","Multiple or economy-wide",null,"Climate Mitigation","Other",null,"\"On June 29 the Government of the Republic of Latvia has supported several municipal investment projects with the aim of supporting those who contribute to the economy at the same time reducing greenhouse gas emissions. The approved projects include projects such as the reconstruction of road coverage and the road infrastructure, the energy efficiency measures for buildings, the improvement of traffic safety, the construction of a new combined pedestrian and cycling path and the others.\"","https://platform2020redesign.org/countries/latvia/",null,"Mixed",null,"2020-11-06",null,null,{"$f":"IFERROR(Q445/VLOOKUP(P445,'Exchange rates to USD'!$L$2:$N$225,3,FALSE()),\"\")","v":""}]
["LVA3","LVA","Grant/Loan (including interest-free loans)","City/regional","Buildings","EUR 9.4 million (EU funding)","Climate Mitigation",null,null,"\"13 Latvian municipalities. The goal is to increase energy efficiency in municipal buildings, to create public infrastructure and to promote business development in order to create new jobs, to support local producers and service providers, thus attracting private investment in the regions. Simultaneously as a result of the implementation of these projects, the achievement of Latvia's climate change goals will be promoted (increasing the energy efficiency of municipal buildings and using of renewable energy resources). Reducing dependence on fossil energy imports and switching to local renewables is also expected to benefit the health of the population by improving air quality, especially in cities.\"","https://platform2020redesign.org/countries/latvia/",null,"Positive",null,"2020-11-06","EUR",9.4,{"$f":"IFERROR(Q446/VLOOKUP(P446,'Exchange rates to USD'!$L$2:$N$225,3,FALSE()),\"\")","v":10.3650880460974}]
["LVA4","LVA","Grant/Loan (including interest-free loans)","Economy-wide","Industry","EUR 100 million","Other",null,null,"On July 14 the Government of the Republic of Latvia approved the Regulation on capital investments in enterprises whose operations have been affected by the spread of Covid-19, setting out the rules for the establishment of alternative investment funds for the support of large enterprises affected by the Covid-19 crisis.The fund is being created with the aim to support well-managed, perspective enterprises that have run into temporary difficulties as a result of the Covid-19 crisis. AS Development Finance Institution Altum will decide on investment based on the business plan developed by the enterprises, which also have to include an action plans to address the impact of Covid-19 infection on the enterprises business, information, how the received investment supports the activities of the enterprise in accordance with the objectives of the European Union and Latvia's obligations related to green and digital transformation, including the objective of the European Union to achieve climate neutrality by 2050. ","https://platform2020redesign.org/countries/latvia/",null,"Indeterminate",null,"2020-11-14","EUR",100,{"$f":"IFERROR(Q447/VLOOKUP(P447,'Exchange rates to USD'!$L$2:$N$225,3,FALSE()),\"\")","v":110.266894107419}]
["LTU1","LTU","Grant/Loan (including interest-free loans)","Economy-wide","Multiple or economy-wide","1.1 billion Euros",null,null,null,"1.1 Billion for Healthcare","https://www.imf.org/en/Topics/imf-and-covid19/Policy-Responses-to-COVID-19#L",null,"Indeterminate",null,null,"EUR",1100,{"$f":"IFERROR(Q448/VLOOKUP(P448,'Exchange rates to USD'!$L$2:$N$225,3,FALSE()),\"\")","v":1212.93583518161}]
["LTU2","LTU","Grant/Loan (including interest-free loans)","Economy-wide","Multiple or economy-wide","1.3 billion euros",null,null,null,"1.3 billion for SME loans","https://www.imf.org/en/Topics/imf-and-covid19/Policy-Responses-to-COVID-19#L",null,"Indeterminate",null,null,"EUR",1300,{"$f":"IFERROR(Q449/VLOOKUP(P449,'Exchange rates to USD'!$L$2:$N$225,3,FALSE()),\"\")","v":1433.46962339644}]
["LTU3","LTU","Grant/Loan (including interest-free loans)","Economy-wide","Multiple or economy-wide","1 billion euros",null,null,null,"additional 1 billion for businesses economic recover","https://www.imf.org/en/Topics/imf-and-covid19/Policy-Responses-to-COVID-19#L",null,"Indeterminate",null,null,"EUR",1000,{"$f":"IFERROR(Q450/VLOOKUP(P450,'Exchange rates to USD'!$L$2:$N$225,3,FALSE()),\"\")","v":1102.66894107419}]
["LTU4","LTU","Other or not specified","Economy-wide","Multiple or economy-wide","6.3 billion Euro","Climate Mitigation","Other",null,"plan was approved, comprising 6.3 billion euros, of which 2.2 billion euros is new investment and the remainder is already planned investment that will be accelerated. The plan covers investments in human capital, digital economy and business, innovation and research, infrastructure and climate change and energy through the end of 2021.","https://www.imf.org/en/Topics/imf-and-covid19/Policy-Responses-to-COVID-19#L",null,"Indeterminate",null,null,"EUR",6300,{"$f":"IFERROR(Q451/VLOOKUP(P451,'Exchange rates to USD'!$L$2:$N$225,3,FALSE()),\"\")","v":6946.81432876739}]
["LTU5","LTU","Regulatory change","Economy-wide","Multiple or economy-wide",null,null,null,null,"the Bank of Lithuania has lowered its counter-cyclical capital buffer from 1 to 0 percent and has encouraged banks to be flexible and negotiate, on a case-by-case basis, loan terms with borrowers if necessary","https://www.imf.org/en/Topics/imf-and-covid19/Policy-Responses-to-COVID-19#L",null,"Indeterminate",null,null,"EUR",null,{"$f":"IFERROR(Q452/VLOOKUP(P452,'Exchange rates to USD'!$L$2:$N$225,3,FALSE()),\"\")","v":0}]
["LUX1","LUX","Grant/Loan (including interest-free loans)","Economy-wide","Multiple or economy-wide","up to EUR 800 000 per company","Other",null,null,"the state is encouraging companies (both SMEs and large companies) to invest in 'environmental protection projects'","https://meco.gouvernement.lu/dam-assets/dossiers/Neistart-Letzebuerg-Tableau-Mesures.pdf","On how much has been disbursed up to October 2020 (but not very fine-grained): https://gouvernement.lu/dam-assets/documents/actualites/2020/10-octobre/Dashboard.pdf","Positive",null,"2020-11-06"]
["LUX2","LUX","Grant/Loan (including interest-free loans)","Economy-wide","Multiple or economy-wide","up to 50% of consulting fees; cannot exceed 30 000 EUR per company ","Other",null,null,"Under the Neistart Lëtzebuerg stimulus package, the \"Fit 4 Resilience\" programme encourages companies (mid-sized and larger) to reinvent themselves with the help of strategy and management consultants. Although the measure isn't explicitly environmental, consultants must frame all of their recommendations in terms of the SDGs. In the consultant's report on the effects of COVID-19 on the company's activities, one of the aspects they are asked to cover is circular economy (in the context of a wider discussion on the company's markets, supply chain, etc)","https://guichet.public.lu/fr/entreprises/financement-aides/coronavirus/programme-fit4-resilience.html",null,"Indeterminate",null,"2020-11-06"]
["LUX3","LUX","Grant/Loan (including interest-free loans)","Economy-wide","Buildings","50% increase to current support","Climate Mitigation",null,null,"Increased support for individuals or non-state entities for energy efficiency improvements in renovation projects initiated between now and the end of the first trimester of 2021","https://meco.gouvernement.lu/dam-assets/dossiers/Neistart-Letzebuerg-Tableau-Mesures.pdf",null,"Positive",null,"2020-11-06"]
["LUX4","LUX","Grant/Loan (including interest-free loans)","Economy-wide","Buildings","25% increase to current support","Climate Mitigation",null,null,"Increased support for individuals and non-state entities to install heating systems based on renewable energies; same timeline as measure listed above","https://meco.gouvernement.lu/dam-assets/dossiers/Neistart-Letzebuerg-Tableau-Mesures.pdf",null,"Positive",null,"2020-11-06"]
["LUX5","LUX","Grant/Loan (including interest-free loans)","Sector-specific","Surface transport","60% increase to current support (8k EUR instead of 5k per car)","Climate Mitigation",null,null,"State increasing incentives for buying electric vehicles (between now and end of third trimester 2021)","https://meco.gouvernement.lu/dam-assets/dossiers/Neistart-Letzebuerg-Tableau-Mesures.pdf",null,"Positive",null,"2020-11-06"]
["LUX6","LUX","Grant/Loan (including interest-free loans)","Sector-specific","Surface transport","Up to 600 EUR","Climate Mitigation",null,null,"Similar assistance as that listed above but for electric bikes, push bikes, etc","https://meco.gouvernement.lu/dam-assets/dossiers/Neistart-Letzebuerg-Tableau-Mesures.pdf",null,"Positive",null,"2020-11-06"]
["LUX7","LUX","Grant/Loan (including interest-free loans)","Sector-specific","Surface transport","not listed","Climate Mitigation",null,null,"Support for individuals to install smart charging stations for electric vehicles","https://meco.gouvernement.lu/dam-assets/dossiers/Neistart-Letzebuerg-Tableau-Mesures.pdf",null,"Positive",null,"2020-11-06"]
["LUX8","LUX","Grant/Loan (including interest-free loans)",null,"Energy","not listed","Climate Mitigation",null,null,"Temporary compensation of administrative fees for energy efficiency programmes","https://meco.gouvernement.lu/dam-assets/dossiers/Neistart-Letzebuerg-Tableau-Mesures.pdf",null,"Positive",null,"2020-11-06"]
["LUX9","LUX","Grant/Loan (including interest-free loans)","Sector-specific","Energy","not listed","Climate Mitigation",null,null,"Expansion of state aid for the installation of solar PV (30kW+) to all individuals, companies and municipalities (currently reserved for cooperatives and civil society)","https://meco.gouvernement.lu/dam-assets/dossiers/Neistart-Letzebuerg-Tableau-Mesures.pdf",null,"Positive","Expansion of existing policy to wider audience","2020-11-06"]
["LUX10","LUX","Tax reduction / Other subsidy","Economy-wide","Energy","carbon tax currently at 20, will go up to 25 euros per tonne by 2022 and 30 euros by 2023; other measures with unclear budget allocations","Climate Mitigation",null,null,"Increase of minimum carbon tax rate to 25 euros per tonne by 2022 and 30 per tonne by 2023. Expanding existing programmes for super-reduced VAT on energy efficiency renovations (minimum age of the building reduced from 20 to 10 to benefit from the programme); the threshold at which independent producers of PV solar electricity need to pay tax on it has been increased to incentivise more private generation","https://mea.gouvernement.lu/fr/actualites.gouvernement%2Bfr%2Bactualites%2Btoutes_actualites%2Bcommuniques%2B2020%2B10-octobre%2B30-pollueur-payeur.html",null,"Positive","Not explicitly linked to COVID in this press release, but the 2021 budget (where these measures are written out in more detail) makes the link","2020-11-06"]
["MEX1","MEX","Tax reduction / Other subsidy","Sectoral","Energy","MXN 65 million ( USD 2.88 million)","Climate Mitigation","Air Pollution",null,"Tax reduction for PEMEX (State-owned oil company)","https://www.eleconomista.com.mx/empresas/Gobierno-de-AMLO-otorga-estimulo-fiscal-a-Pemex-por-65000-millones-de-pesos-20200427-0142.html",null,"Negative",null,"2020-11-09","USD",2.88,{"$f":"IFERROR(Q463/VLOOKUP(P463,'Exchange rates to USD'!$L$2:$N$225,3,FALSE()),\"\")","v":2.88}]
["MEX2","MEX","Other or not specified","City/regional","Multiple or economy-wide","(MXN25 billion )USD 1.1 billion- not all going to water facilities (see summary)","Water",null,null,"Construction of pavement and drinking water facilities in deprived areas","https://presidente.gob.mx/presidente-anuncia-acciones-para-la-reactivacion-economica-ante-covid-19-en-primer-informe-del-ano-al-pueblo-de-mexico/",null,"Mixed",null,"2020-11-09","USD",1100,{"$f":"IFERROR(Q464/VLOOKUP(P464,'Exchange rates to USD'!$L$2:$N$225,3,FALSE()),\"\")","v":1100}]
["MEX3","MEX","Other or not specified","Sectoral","Energy","161,000 million pesos (USD 7.94 billion) ","Climate Mitigation","Air Pollution",null,"Continuation of construction of Oil Refinary in Dos Bocas. Announced as part of plan for recovery although it was already planned","https://www.msn.com/es-mx/dinero/noticias/el-paquete-econ%C3%B3mico-2021-asigna-19-000-mdp-m%C3%A1s-al-tren-maya-que-a-salud-pese-a-crisis-de-coronavirus/ar-BB18RsCV?li=AAggPN5",null,"Negative",null,"2020-11-09","USD",7940,{"$f":"IFERROR(Q465/VLOOKUP(P465,'Exchange rates to USD'!$L$2:$N$225,3,FALSE()),\"\")","v":7940}]
["MEX4","MEX","Other or not specified","Sectoral","Surface transport","45,000 million pesos (USD 2.2 billion) ","Climate Mitigation","Air Pollution","Biodiversity","Continuation of construction of Mayan Train in the Riviera Maya region. The project does not have an environmental impact assessment and it has been recently announced that it will be diesel-based. Announced as part of plan for recovery althouh it was already planned.","https://www.dineroenimagen.com/economia/paquete-economico-en-2021-destinaran-45-mil-50-mdp-la-refineria-de-dos-bocas/126549",null,"Mixed",null,"2020-11-09","USD",2200,{"$f":"IFERROR(Q466/VLOOKUP(P466,'Exchange rates to USD'!$L$2:$N$225,3,FALSE()),\"\")","v":2200}]
["MEX5","MEX","Other or not specified","Sectoral","Surface transport","no specific funds have been assigned","Climate Mitigation","Air Pollution",null,"A new mobility strategy \"Estrategia 4S\"has been launched by the National Government. It has the aim of attaining safer, more sustainable, healthier and more inclusive mobility, reducing car use while preparing systems to be better equiped for providing social distancing. However, there has not been any dedicated funding assigned to the implementation of the strategy and some funds that were available for urban mobility projects (e.g. A Metropolitan Fund) have been suppressed. ","https://www.gob.mx/sedatu/documentos/movilidad-4s-para-mexico-saludable-segura-sustentable-y-solidaria-plan-de-movilidad-para-una-nueva-normalidad",null,"Positive",null,"2020-11-09",null,null,{"$f":"IFERROR(Q467/VLOOKUP(P467,'Exchange rates to USD'!$L$2:$N$225,3,FALSE()),\"\")","v":""}]
["MEX6","MEX","Other or not specified","City/regional","Surface transport",null,"Air Pollution","Climate Mitigation",null,"Expansion of Cycling Lanes in Mexico City","https://web.archive.org/save/, https://www.semovi.cdmx.gob.mx/comunicacion/nota/boletin-guia-ciclovias-emergentes ",null,"Positive",null,"2020-11-14",null,null,{"$f":"IFERROR(Q468/VLOOKUP(P468,'Exchange rates to USD'!$L$2:$N$225,3,FALSE()),\"\")","v":""}]
["MEX7","MEX","Other or not specified","Economy-wide","Multiple or economy-wide","EUR 750 million ","Other",null,null,"First Sustainable Sovereign Bonds linked to the UN Sustainable Development Goals","https://www.gob.mx/cms/uploads/attachment/file/577794/Comunicado_No._071.pdf",null,"Positive",null,"2020-11-14","EUR",750,{"$f":"IFERROR(Q469/VLOOKUP(P469,'Exchange rates to USD'!$L$2:$N$225,3,FALSE()),\"\")","v":827.001705805641}]
["MEX8","MEX","Grant/Loan (including interest-free loans)","Sectoral","Buildings","MXN 177 million (USD 7.8 million) ","Climate Mitigation",null,null,"Loans for housing during the next 9 months. Potentially could cause people moving further out of places that are better connected by publict transport and that imply shorter trip to destinations. This as in general population could more easily afford to rent in more central areas but can only afford housing located in outskirts. ther is no information on the eligibility of population, and also no links/ conditionality to more sustainable housing.","https://presidente.gob.mx/presidente-anuncia-acciones-para-la-reactivacion-economica-ante-covid-19-en-primer-informe-del-ano-al-pueblo-de-mexico/",null,"Indeterminate",null,"2020-11-09","USD",7.8,{"$f":"IFERROR(Q470/VLOOKUP(P470,'Exchange rates to USD'!$L$2:$N$225,3,FALSE()),\"\")","v":7.8}]
["NLD1","NLD","Grant/Loan (including interest-free loans)","Sectoral","Air transport","EUR 3.4 billion","Climate Mitigation",null,null,"KLM loan and loan guarantee. The only environmental condition for the bailout is that KLM will reduce its night flights from Schiphol by 20%, from 32 thousand to 25 thousand per year.  KLM also has to comply with already existing requirements to emit 50% less CO2 per passenger by 2030 and that 14 percent of used fuels should be sustainable. The emission reduction goal was set by the International Air Transport Association (IATA) and thus nothing additional to what was already agreed. The 14% sustainable fuels objective was already adopted earlier this year in a Dutch Draft Sustainable Aviation Agreement. ","EPT",null,"Negative",null,"2020-11-20","EUR",3400,{"$f":"IFERROR(Q471/VLOOKUP(P471,'Exchange rates to USD'!$L$2:$N$225,3,FALSE()),\"\")","v":3749.07439965224}]
["NLD2","NLD","Regulatory change","Sectoral","Energy",null,"Climate Mitigation","Air Pollution","Other","Though not directly a 'stimulus' effort, in the middle of the pandemic, the Dutch government announced measures to cut the use of coal, limit livestock herds and increase garden greening. See also NLD8 and NLD9 for associated funding allocation","https://www.theguardian.com/world/2020/apr/24/dutch-officials-reveal-measures-to-cut-emissions-after-court-ruling",null,"Positive",null,null,"EUR",null,{"$f":"IFERROR(Q472/VLOOKUP(P472,'Exchange rates to USD'!$L$2:$N$225,3,FALSE()),\"\")","v":0}]
["NLD3","NLD","Grant/Loan (including interest-free loans)","Sectoral","Surface transport","EUR 1.65 billion","Climate Mitigation","Air Pollution",null,"Compensation to cover losses made by public transport companies due to COVID-19","https://www.energypolicytracker.org/country/the-netherlands",null,"Positive",null,null,"EUR",1650,{"$f":"IFERROR(Q473/VLOOKUP(P473,'Exchange rates to USD'!$L$2:$N$225,3,FALSE()),\"\")","v":1819.40375277241}]
["NLD4","NLD","Tax reduction / Other subsidy","Sectoral","Surface transport",null,"Air Pollution","Climate Mitigation",null,"Tax deferral on almost entirely CO2-based passenger cars and motorcycles tax","https://www.rijksoverheid.nl/onderwerpen/coronavirus-financiele-regelingen/overzicht-financiele-regelingen/belastingmaatregelen  Accessed 16 June 2020",null,"Negative",null,"2020-11-14",null,null,{"$f":"IFERROR(Q474/VLOOKUP(P474,'Exchange rates to USD'!$L$2:$N$225,3,FALSE()),\"\")","v":""}]
["NLD5","NLD","Tax reduction / Other subsidy","Sectoral","Energy",null,"Climate Mitigation",null,null,"Tax deferral on sustainable energy surcharge","https://www.rijksoverheid.nl/onderwerpen/coronavirus-financiele-regelingen/overzicht-financiele-regelingen/belastingmaatregelen  Accessed 16 June 2020",null,"Negative",null,"2020-11-14",null,null,{"$f":"IFERROR(Q475/VLOOKUP(P475,'Exchange rates to USD'!$L$2:$N$225,3,FALSE()),\"\")","v":""}]
["NLD6","NLD","Tax reduction / Other subsidy","Sectoral","Energy",null,"Climate Mitigation",null,null,"Environmental tax deferral (coal tax)","https://www.belastingdienst.nl/wps/wcm/connect/nl/ondernemers/content/bijzonder-uitstel-van-betaling-vanwege-coronacrisis  Accessed 16 June 2020",null,"Negative",null,"2020-11-14",null,null,{"$f":"IFERROR(Q476/VLOOKUP(P476,'Exchange rates to USD'!$L$2:$N$225,3,FALSE()),\"\")","v":""}]
["NLD7","NLD","Tax reduction / Other subsidy","Sectoral","Energy",null,"Climate Mitigation",null,null,"Environmental tax deferral (energy tax)","https://www.rijksoverheid.nl/onderwerpen/coronavirus-financiele-regelingen/overzicht-financiele-regelingen/energiebelastingen  Accessed 16 June 2020",null,"Negative",null,"2020-11-14",null,null,{"$f":"IFERROR(Q477/VLOOKUP(P477,'Exchange rates to USD'!$L$2:$N$225,3,FALSE()),\"\")","v":""}]
["NLD8","NLD","Grant/Loan (including interest-free loans)","Sectoral","Energy","EUR 2.33 billion","Climate Mitigation","Air pollution",null,"Commitment to Renewables (2bn, mostly rooftop solar) and household efficiency (0.3bn). See also NLD2","https://www.urgenda.nl/en/themas/climate-case/dutch-implementation-plan/",null,"Positive",null,"2021-01-18","EUR",2330,{"$f":"IFERROR(Q478/VLOOKUP(P478,'Exchange rates to USD'!$L$2:$N$225,3,FALSE()),\"\")","v":2569.21863270286}]
["NLD9","NLD","Grant/Loan (including interest-free loans)","Sectoral","Agriculture","EUR 0.36 billion","Climate Mitigation","Biodiversity",null,"Compensation to reduce livestock herds. See also NLD2","https://www.urgenda.nl/en/themas/climate-case/dutch-implementation-plan/",null,"Positive",null,"2021-01-18","EUR",360,{"$f":"IFERROR(Q479/VLOOKUP(P479,'Exchange rates to USD'!$L$2:$N$225,3,FALSE()),\"\")","v":396.960818786708}]
["NZL1","NZL","Other or not specified","City/regional","Agriculture","NZD 27.5 million  (20/21-23/24)","Biodiversity",null,null,"Containing Wallabies to Protect Agriculture, Forestry and Native Plants, and Boost Regional Economies This initiative supports regional communities by providing employment and stimulating economic activity across a wide range of goods and services providers, through delivery of a management plan for wallabies. This initiative will enable more effective management of wallabies and reduce their growing impact on agriculture, plantation forestry and native vegetation. It will fund increased aerial and ground based control operations, including fencing to push wallabies back to existing containment/buffer zones in the Bay of Plenty, Waikato, Canterbury and Otago regions. This initiative will enable national coordination to contain and control wallabies in New Zealand.","https://treasury.govt.nz/system/files/2020-05/b20-sum-initiatives-crrf.pdf",null,"Positive",null,null,"NZD",27.5,{"$f":"IFERROR(Q480/VLOOKUP(P480,'Exchange rates to USD'!$L$2:$N$225,3,FALSE()),\"\")","v":18.4964391703529}]
["NZL2","NZL","Other or not specified","City/regional","Forestry","NZD 100 million (20/21-23/24)","Biodiversity",null,null,"National Wilding Conifer Control Programme to Boost Regional Economies and Employment This initiative supports regional communities by providing employment opportunities and stimulating economic activity across a wide range of goods and services providers by controlling wilding conifers. This funding will enable the removal of extensive infestations, reduce the spread of wilding conifers, and minimise lifetime control costs. Controlling wilding conifers will also help to protect farmland, water and biodiversity.","https://treasury.govt.nz/system/files/2020-05/b20-sum-initiatives-crrf.pdf",null,"Positive",null,null,"NZD",100,{"$f":"IFERROR(Q481/VLOOKUP(P481,'Exchange rates to USD'!$L$2:$N$225,3,FALSE()),\"\")","v":67.2597788012832}]
["NZL3","NZL","Grant/Loan (including interest-free loans)","Sectoral","Agriculture","NZ 10.55 million (20/21)","Waste & recycling","Biodiversity","Climate Mitigation","Preventing Food Waste and Supporting Primary Sector Production by Supplying Food to New Zealanders in Need This initiative addresses acute immediate food production challenges from the drop off in demand through COVID-19 restrictions by maintaining and redirecting products to struggling communities. The initiative will establish a contingency fund to directly purchase products where significant food waste, animal welfare, biosecurity concerns or environmental concerns would otherwise result, and will scale up Fruit in Schools to provide an additional 10,000 fruit and vegetable boxes a week for 10 weeks and enable other food products likely to be wasted to be redirected. It will also fund the development and trial of digital platforms to enable other novel solutions to connect food with consumers.","https://treasury.govt.nz/system/files/2020-05/b20-sum-initiatives-crrf.pdf",null,"Positive",null,null,"NZD",10.55,{"$f":"IFERROR(Q482/VLOOKUP(P482,'Exchange rates to USD'!$L$2:$N$225,3,FALSE()),\"\")","v":7.09590666353537}]
["NZL4","NZL","Grant/Loan (including interest-free loans)","Economy-wide","Agriculture","NZD 80 million","Biodiversity",null,null,"Replacing Lost Frontline Biosecurity Operations Revenue This initiative will fund existing border biosecurity operations that are usually funded through passenger and cargo levies, as COVID-19 restrictions have eliminated passenger revenue and reduced cargo and freight revenue. Replacement funding will enable the Ministry for Primary Industries to pay existing salaries and other necessary operating costs (eg, scanning equipment leases) in the short to medium term. This will ensure New Zealand can manage biosecurity risks at the border","https://treasury.govt.nz/system/files/2020-05/b20-sum-initiatives-crrf.pdf",null,"Indeterminate",null,null,"NZD",80,{"$f":"IFERROR(Q483/VLOOKUP(P483,'Exchange rates to USD'!$L$2:$N$225,3,FALSE()),\"\")","v":53.8078230410265}]
["NZL5","NZL","Grant/Loan (including interest-free loans)","Economy-wide","Buildings","NZD 56.4 million (20/21-21/22)","Climate Mitigation",null,null,"Expanding the Warmer Kiwi Homes Programme to Support Low-Income Households This initiative provides funding for subsidised insulation and heating retrofits in houses occupied by low-income owners. It will expand the Energy Efficiency and Conservation Authority’s existing Warmer Kiwi Homes programme and will increase the proportion of the cost of insulation and heating retrofits that is covered by government grants. This will increase the incentive for low-income owner-occupiers to access the Warmer Kiwi Homes grants. It will provide a greater level of support to help lowincome households keep their homes warm and dry, leading to significant health benefits.","https://treasury.govt.nz/system/files/2020-05/b20-sum-initiatives-crrf.pdf",null,"Positive",null,null,"NZD",56.4,{"$f":"IFERROR(Q484/VLOOKUP(P484,'Exchange rates to USD'!$L$2:$N$225,3,FALSE()),\"\")","v":37.9345152439237}]
["NZL6","NZL","Grant/Loan (including interest-free loans)","Economy-wide","Multiple or economy-wide","NZ 154.245 million (20/21-23/24)","Biodiversity",null,null,"Enhancing Biodiversity Outcomes on Public and Private Land This initiative will fund significant job creation across the country, particularly in the regions through nationwide community programmes delivered by third party providers, regional councils and landowner groups to provide support for protection and restoration of indigenous biodiversity and habitat, revegetation of private and public conservation land and land riparian buffer protection and maintenance.","https://treasury.govt.nz/system/files/2020-05/b20-sum-initiatives-crrf.pdf",null,"Positive",null,null,"NZD",154.245,{"$f":"IFERROR(Q485/VLOOKUP(P485,'Exchange rates to USD'!$L$2:$N$225,3,FALSE()),\"\")","v":103.744845812039}]
["NZL7","NZL","Grant/Loan (including interest-free loans)","Economy-wide","Agriculture","NZD 147.506 million (20/21-23/24)","Biodiversity",null,null,"Pest Management, Including Predator Free and Eradication This initiative will fund significant job creation across the country, particularly in the regions through nationwide community and catchment led pest and predator control programmes. This will assist in protecting New Zealand’s most threatened species and habitats","https://treasury.govt.nz/system/files/2020-05/b20-sum-initiatives-crrf.pdf",null,"Positive",null,null,"NZD",147.506,{"$f":"IFERROR(Q486/VLOOKUP(P486,'Exchange rates to USD'!$L$2:$N$225,3,FALSE()),\"\")","v":99.2122093186208}]
["NZL8","NZL","Skills training","Economy-wide","Multiple or economy-wide","NZD 200 million (20/21-23/24)","Biodiversity",null,null,"Supporting Employment Through Environment Projects on Department of Conservation Land This initiative will focus on the swift redeployment of a portion of the labour market who are facing job insecurity into new temporary nature-based jobs that support regional environmental projects. Projects will include boosting predator control efforts, restoring wetlands, planting, and improving tracks, huts and other recreational and visitor assets on public conservation land.","https://treasury.govt.nz/system/files/2020-05/b20-sum-initiatives-crrf.pdf",null,"Positive",null,null,"NZD",200,{"$f":"IFERROR(Q487/VLOOKUP(P487,'Exchange rates to USD'!$L$2:$N$225,3,FALSE()),\"\")","v":134.519557602566}]
["NZL9","NZL","Grant/Loan (including interest-free loans)","Economy-wide","Waste management","NZD 124 million (20/21-23/24)","Waste & recycling","Plastics",null,"Phasing Out Problem Plastics and Implementing the Waste Disposal Levy Expansion This initiative will provide funding to establish cross-agency governance to consider recommendations from the Chief Science Advisor’s report on Rethinking Plastics. This will aim to advance key recommendations including standardising kerbside recycling and consumer labelling on recyclability. The initiative will also provide funding to prepare for a potential increase and expansion of the Waste Disposal Levy and improve data on waste and resource recovery, pending Cabinet’s decision.","https://www.beehive.govt.nz/release/government-steps-action-waste-funds-recycling-infrastructure-and-expands-levy-scheme",null,"Positive",null,null,"NZD",124,{"$f":"IFERROR(Q488/VLOOKUP(P488,'Exchange rates to USD'!$L$2:$N$225,3,FALSE()),\"\")","v":83.4021257135911}]
["NZL10","NZL","Grant/Loan (including interest-free loans)","Economy-wide","Agriculture","NZD 433 million (20/21-23/24)","Water",null,null,"Post-COVID-19 Economic Recovery Through Environment-Related Activity: Improving the Health of New Zealand’s Waterways This initiative will provide funding to improve the health of New Zealand's waterways and support economic recovery. This will involve working in partnership with local government and farmers. It will include restoring mini wetlands, stabilising river banks, removing sediment, and providing for fish passage. The funding will support employment across New Zealand, including the Kaipara catchment.","https://treasury.govt.nz/system/files/2020-05/b20-sum-initiatives-crrf.pdf",null,"Positive",null,null,"NZD",433,{"$f":"IFERROR(Q489/VLOOKUP(P489,'Exchange rates to USD'!$L$2:$N$225,3,FALSE()),\"\")","v":291.234842209556}]
["NZL11","NZL","Grant/Loan (including interest-free loans)","Economy-wide","Agriculture","NZD 40 million (20/21-23/24)","Biodiversity",null,null,"Land Information New Zealand Biosecurity Programme for Immediate and Sustained Job Creation to Remove Pests and Weeds This initiative will enable the scaling up of LINZ biosecurity programme to remove pests and weeds from some of New Zealand's iconic landscapes. This expense will bring immediate and sustained employment and economic stimulus benefits for some of the regions most impacted by COVID-19","https://treasury.govt.nz/system/files/2020-05/b20-sum-initiatives-crrf.pdf",null,"Indeterminate",null,null,"NZD",40,{"$f":"IFERROR(Q490/VLOOKUP(P490,'Exchange rates to USD'!$L$2:$N$225,3,FALSE()),\"\")","v":26.9039115205133}]
["NZL12","NZL","Grant/Loan (including interest-free loans)","Economy-wide","Multiple or economy-wide","NZD 50 million","Biodiversity",null,null,"Land Information New Zealand Third Party Funding Shortfall This initiative will provide a capital injection to LINZ to enable LINZ to meet its operating expenses and provide stability for its balance sheet as it faces a significant shortfall in third-party funded revenue as a result of COVID-19.","https://treasury.govt.nz/system/files/2020-05/b20-sum-initiatives-crrf.pdf",null,"Indeterminate",null,null,"NZD",50,{"$f":"IFERROR(Q491/VLOOKUP(P491,'Exchange rates to USD'!$L$2:$N$225,3,FALSE()),\"\")","v":33.6298894006416}]
["NZL13","NZL","Grant/Loan (including interest-free loans)","Sectoral","Air transport","NZD 600 million","Climate Mitigation",null,null,"Aviation support package w/o environmental conditioanlity","https://www.beehive.govt.nz/release/121-billion-support-new-zealanders-and-business",null,"Negative",null,null,"NZD",600,{"$f":"IFERROR(Q492/VLOOKUP(P492,'Exchange rates to USD'!$L$2:$N$225,3,FALSE()),\"\")","v":403.558672807699}]
["NZL14","NZL","Regulatory change","Economy-wide","Multiple or economy-wide",null,"Other",null,null,"No change to Natural Resource Management Act, but consenting process fast-tracked with potential environmental implications. The COVID-19 Recovery (Fast-track Consenting) Act 2020 allows any public or private project to apply to the Minister for the Environment for access to be referred to the fast-track consenting and designation process.  \n\nThe Minister will consider a project against criteria that includes consideration of the economic benefits a project will give to communities or industries affected by COVID-19; how it will affect social and cultural wellbeing now and into the future; whether the project’s timeline will benefit from the fast track process; and the public benefit that would accrue from the project.  ","https://www.beehive.govt.nz/release/121-billion-support-new-zealanders-and-business",null,"Negative",null,null,"NZD",null,{"$f":"IFERROR(Q493/VLOOKUP(P493,'Exchange rates to USD'!$L$2:$N$225,3,FALSE()),\"\")","v":0}]
["NZL15","NZL","Grant/Loan (including interest-free loans)","Sectoral","Surface transport","NZD 182 million","Climate Mitigation",null,null,"Part of NZD 3 billion infrastructure Investment Fund. investment package in public transport and walking and cycling infrastructure, helping the region's economic recovery while reducing emissions. This investment is expected to create 800 jobs and protects around 200 jobs on the two projects already underway. ","https://www.beehive.govt.nz/release/auckland-transport-infrastructure-revealed",null,"Positive","Infrastructure Investment Fund is NZD 3 billion and part of the broader NZD 50 billion Response and Recovery Fund. This is a specific project supported by the fund. Not all projects have been announced (or not all funding allocated). Those announced but not included here have indeterminate impacts. ",null,"NZD",182,{"$f":"IFERROR(Q494/VLOOKUP(P494,'Exchange rates to USD'!$L$2:$N$225,3,FALSE()),\"\")","v":122.412797418335}]
["NZL16","NZL","Grant/Loan (including interest-free loans)","Sectoral","Surface transport","NZD 39 million","Climate Mitigation","Air Pollution",null,"Part of NZD 3 billion infrastructure Investment Fund. New Zealand Government is investing in a new rail maintenance facility in Christchurch which will support hundreds of construction jobs and ensure a strong future for South Island rail networks. ","https://www.beehive.govt.nz/release/green-light-te-awa-river-ride-220m-nationwide-cycleways-investment",null,"Positive","Infrastructure Investment Fund is NZD 3 billion and part of the broader NZD 50 billion Response and Recovery Fund. This is a specific project supported by the fund. Not all projects have been announced (or not all funding allocated). Those announced but not included here have indeterminate impacts. ",null,"NZD",39,{"$f":"IFERROR(Q495/VLOOKUP(P495,'Exchange rates to USD'!$L$2:$N$225,3,FALSE()),\"\")","v":26.2313137325004}]
["NZL17","NZL","Grant/Loan (including interest-free loans)","Sectoral","Surface transport","NZD 220 million","Climate Mitigation","Air Pollution",null,"Part of NZD 3 billion infrastructure Investment Fund. Nationwide cycleway package","https://www.beehive.govt.nz/release/green-light-te-awa-river-ride-220m-nationwide-cycleways-investment",null,"Positive","Infrastructure Investment Fund is NZD 3 billion and part of the broader NZD 50 billion Response and Recovery Fund. This is a specific project supported by the fund. Not all projects have been announced (or not all funding allocated). Those announced but not included here have indeterminate impacts. ",null,"NZD",220,{"$f":"IFERROR(Q496/VLOOKUP(P496,'Exchange rates to USD'!$L$2:$N$225,3,FALSE()),\"\")","v":147.971513362823}]
["NZL18","NZL","Grant/Loan (including interest-free loans)","Sectoral","Surface transport",null,"Climate Mitigation","Air Pollution",null,"Part of NZD 3 billion infrastructure Investment Fund. Investing in infrastructure to support hydrogen vehicles, with the establishment of a nationwide network of hydrogen-fuelling stations. These stations will begin to supply zero emission fuel to trucks, buses and commercial fleets from 2021. ","https://www.beehive.govt.nz/release/low-emissions-options-heavy-transport-step-closer",null,"Positive","Infrastructure Investment Fund is NZD 3 billion and part of the broader NZD 50 billion Response and Recovery Fund. This is a specific project supported by the fund. Not all projects have been announced (or not all funding allocated). Those announced but not included here have indeterminate impacts. ",null,"NZD",null,{"$f":"IFERROR(Q497/VLOOKUP(P497,'Exchange rates to USD'!$L$2:$N$225,3,FALSE()),\"\")","v":0}]
["NZL19","NZL","Grant/Loan (including interest-free loans)",null,"Multiple or economy-wide","NZD 210 million","Climate Mitigation",null,null,"Part of NZD 3 billion infrastructure Investment Fund. Projects, focused on protecting land from soil erosion, flooding and the destruction of infrastructure associated with extreme weather events, will also create more than 500 jobs. ","https://www.beehive.govt.nz/release/less-flooding-more-jobs-southland-and-otago https://www.beehive.govt.nz/release/climate-resilience-packages-regions",null,"Positive","Infrastructure Investment Fund is NZD 3 billion and part of the broader NZD 50 billion Response and Recovery Fund. This is a specific project supported by the fund. Not all projects have been announced (or not all funding allocated). Those announced but not included here have indeterminate impacts. ",null,"NZD",210,{"$f":"IFERROR(Q498/VLOOKUP(P498,'Exchange rates to USD'!$L$2:$N$225,3,FALSE()),\"\")","v":141.245535482695}]
["NZL20","NZL","Grant/Loan (including interest-free loans)","City/regional","Multiple or economy-wide","NZD 1.69 million","Biodiversity",null,null,"The Chatham Islands will receive close to 40 million NZD for projects that will improve its infrastructure, provide jobs and training opportunities for locals. Of this is 1.69 million NZD allocated to two projects to develop and strengthen the local fishing industry, improve food security and enhance biodiversity. ","https://www.beehive.govt.nz/release/big-boost-chatham-islands%E2%80%99-economy",null,"Indeterminate",null,null,"NZD",1.69,{"$f":"IFERROR(Q499/VLOOKUP(P499,'Exchange rates to USD'!$L$2:$N$225,3,FALSE()),\"\")","v":1.13669026174169}]
["NZL21","NZL","Grant/Loan (including interest-free loans)","City/regional","Waste management","NZD 37 million","Waste & recycling",null,null,"Part of NZD 3 billion infrastructure Investment Fund.The Thermal Drying Facility (TDF) at the New Plymouth Wastewater Treatment Plant processes the bio-solids from the district’s sewage, turning it into a household fertiliser which is sold in bulk and in retail outlets.  The TDF diverts the district’s wastewater bio-solids away from landfill and provides a beneficial reuse for what would otherwise be a waste. Approx 77 jobs for construction.\n",null,null,"Positive","Infrastructure Investment Fund is NZD 3 billion and part of the broader NZD 50 billion Response and Recovery Fund. This is a specific project supported by the fund. Not all projects have been announced (or not all funding allocated). Those announced but not included here have indeterminate impacts. ",null,"NZD",37,{"$f":"IFERROR(Q500/VLOOKUP(P500,'Exchange rates to USD'!$L$2:$N$225,3,FALSE()),\"\")","v":24.8861181564748}]
["NOR1","NOR","Grant/Loan (including interest-free loans)","Sectoral","Air transport","NOK 6 billion","Climate Mitigation",null,null,"Loan guaranties to airline companies under some conditions",null,null,"Negative",null,null,"NOK",6000,{"$f":"IFERROR(Q501/VLOOKUP(P501,'Exchange rates to USD'!$L$2:$N$225,3,FALSE()),\"\")","v":735.616701673451}]
["NOR2","NOR","Tax reduction / Other subsidy","Sectoral","Air transport",null,"Climate Mitigation",null,null,"Suspension  of the air passengers tax from 1 January until 31 October 2020",null,null,"Negative",null,null,null,null,{"$f":"IFERROR(Q502/VLOOKUP(P502,'Exchange rates to USD'!$L$2:$N$225,3,FALSE()),\"\")","v":""}]
["NOR3","NOR","Tax reduction / Other subsidy","Sectoral","Energy","NOK 59 \nbillion in 2020 and NOK 40 billion in 2021. Tax revenues should increase in later years.","Climate Mitigation","Air Pollution",null,"Several temporary tax reductions fort oil companies operating on the continental shelf, combined with new committments to reduce emissions.\nA tax relief package has been recently approved by the Norwegian government which will benefit liquidity and reduce breakeven prices for near term projects by about 40% on average, for use by oil and gas exploration and production companies. \nThe package will allow O&G companies to deduct costs faster and is expected to fast-track new projects on the Norwegian continental shelf over the next two years.","https://www.regjeringen.no/contentassets/a29386c923894b9b91a8df7a0903fff2/no/pdfs/prp201920200127000dddpdfs.pdf\nhttps://oilprice.com/Energy/Energy-General/Tax-Relief-Lowers-Breakeven-Prices-For-Norwegian-Oil-Drillers.html",null,"Negative",null,null,"NOK",99000,{"$f":"IFERROR(Q503/VLOOKUP(P503,'Exchange rates to USD'!$L$2:$N$225,3,FALSE()),\"\")","v":12137.6755776119}]
["NOR4","NOR","R&D subsidies","Economy-wide","Multiple or economy-wide","NOK 2 billion in 2020\nNOK 3.3 billion in 2021","Climate Mitigation","Air Pollution","Other","Increased grant  to \"Enova\", which provides R&D funding for industries","https://www.regjeringen.no/contentassets/a29386c923894b9b91a8df7a0903fff2/no/pdfs/prp201920200127000dddpdfs.pdf",null,"Positive",null,"23.10.20","NOK",5300,{"$f":"IFERROR(Q504/VLOOKUP(P504,'Exchange rates to USD'!$L$2:$N$225,3,FALSE()),\"\")","v":649.794753144881}]
["NOR5","NOR","Other or not specified","Sectoral","Maritime transport","NOK 485 million","Climate Mitigation","Air Pollution",null,"Grants to promote green shipping, including R&D and investments in low-emission ships","https://www.regjeringen.no/contentassets/a29386c923894b9b91a8df7a0903fff2/no/pdfs/prp201920200127000dddpdfs.pdf",null,"Positive",null,null,"NOK",485,{"$f":"IFERROR(Q505/VLOOKUP(P505,'Exchange rates to USD'!$L$2:$N$225,3,FALSE()),\"\")","v":59.4623500519373}]
["NOR6","NOR","R&D subsidies","Economy-wide","Multiple or economy-wide","NOK 333 million in 2020; NOK 1 Billion over 3 years","Climate Mitigation","Air Pollution","Waste & recycling","Increased grants to 3 R&D-funding organisations other than Enova","https://www.regjeringen.no/contentassets/a29386c923894b9b91a8df7a0903fff2/no/pdfs/prp201920200127000dddpdfs.pdf",null,"Positive",null,"23.10.20","NOK",1333,{"$f":"IFERROR(Q506/VLOOKUP(P506,'Exchange rates to USD'!$L$2:$N$225,3,FALSE()),\"\")","v":163.429510555118}]
["NOR7","NOR","R&D subsidies","Economy-wide","Multiple or economy-wide","NOK 100 million","Waste & recycling",null,null,"Grants to stimulate a circular economy","https://www.regjeringen.no/contentassets/a29386c923894b9b91a8df7a0903fff2/no/pdfs/prp201920200127000dddpdfs.pdf",null,"Positive",null,null,"NOK",100,{"$f":"IFERROR(Q507/VLOOKUP(P507,'Exchange rates to USD'!$L$2:$N$225,3,FALSE()),\"\")","v":12.2602783612242}]
["NOR8","NOR","Grant/Loan (including interest-free loans)","Sectoral","Energy","NOK 25 million","Climate Mitigation",null,null,"Grants to promote ocean-based wind tubines","https://www.regjeringen.no/contentassets/a29386c923894b9b91a8df7a0903fff2/no/pdfs/prp201920200127000dddpdfs.pdf",null,"Mixed",null,null,"NOK",25,{"$f":"IFERROR(Q508/VLOOKUP(P508,'Exchange rates to USD'!$L$2:$N$225,3,FALSE()),\"\")","v":3.06506959030604}]
["NOR9","NOR","Grant/Loan (including interest-free loans)","Sectoral","Multiple or economy-wide","Almost NOK 20 million","Biodiversity",null,null,"Grants to support genbanks for wild salmon, etc.","https://www.regjeringen.no/contentassets/a29386c923894b9b91a8df7a0903fff2/no/pdfs/prp201920200127000dddpdfs.pdf",null,"Positive",null,null,"NOK",20,{"$f":"IFERROR(Q509/VLOOKUP(P509,'Exchange rates to USD'!$L$2:$N$225,3,FALSE()),\"\")","v":2.45205567224483}]
["NOR10","NOR","R&D subsidies","Economy-wide","Multiple or economy-wide","NOK 30 million","Climate Mitigation","Air Pollution","Biodiversity","Grants to increase the basic funding of environmental research institutions","https://www.regjeringen.no/contentassets/a29386c923894b9b91a8df7a0903fff2/no/pdfs/prp201920200127000dddpdfs.pdf",null,"Positive",null,null,"NOK",30,{"$f":"IFERROR(Q510/VLOOKUP(P510,'Exchange rates to USD'!$L$2:$N$225,3,FALSE()),\"\")","v":3.67808350836725}]
["NOR11","NOR","Grant/Loan (including interest-free loans)","Sectoral","Multiple or economy-wide","NOK 50 million in 2020\nNOK 100 million in 2021","Climate Mitigation",null,null,"Grants to \"Klimasats\", which supports measures in local authorities to reduce GHG emissions","https://www.regjeringen.no/contentassets/a29386c923894b9b91a8df7a0903fff2/no/pdfs/prp201920200127000dddpdfs.pdf",null,"Positive",null,"23.10.20","NOK",150,{"$f":"IFERROR(Q511/VLOOKUP(P511,'Exchange rates to USD'!$L$2:$N$225,3,FALSE()),\"\")","v":18.3904175418363}]
["NOR12","NOR","Grant/Loan (including interest-free loans)","Economy-wide","Multiple or economy-wide","NOK 13 million","Biodiversity",null,null,"Increased grants to support measures to prevent invasive species","https://www.regjeringen.no/contentassets/a29386c923894b9b91a8df7a0903fff2/no/pdfs/prp201920200127000dddpdfs.pdf",null,"Positive",null,null,"NOK",13,{"$f":"IFERROR(Q512/VLOOKUP(P512,'Exchange rates to USD'!$L$2:$N$225,3,FALSE()),\"\")","v":1.59383618695914}]
["NOR13","NOR","Regulatory change","Economy-wide","Multiple or economy-wide",null,"Climate Mitigation",null,null,"A reduction in the compulsory capital reserve requirements for banks, in order to avoid a reduction in their lending activities.","https://www.regjeringen.no/contentassets/a29386c923894b9b91a8df7a0903fff2/no/pdfs/prp201920200127000dddpdfs.pdf",null,"Indeterminate",null,"23.10.20",null,null,{"$f":"IFERROR(Q513/VLOOKUP(P513,'Exchange rates to USD'!$L$2:$N$225,3,FALSE()),\"\")","v":""}]
["NOR14","NOR","Regulatory change","Economy-wide","Multiple or economy-wide",null,"Climate Mitigation",null,null,"A reduction to zero of Bank of Norway's lending rate to the banks, in three stages, from 1½% prior to the crisis.","https://www.regjeringen.no/contentassets/a29386c923894b9b91a8df7a0903fff2/no/pdfs/prp201920200127000dddpdfs.pdf",null,"Indeterminate",null,"23.10.20",null,null,{"$f":"IFERROR(Q514/VLOOKUP(P514,'Exchange rates to USD'!$L$2:$N$225,3,FALSE()),\"\")","v":""}]
["NOR15","NOR","Grant/Loan (including interest-free loans)","Sectoral","Air transport","NOK 2 billion. The Government may exceed the limit by NOK 300 million if needed","Climate Mitigation",null,null,"Purchase of regional air transport services, in order to compensate to income losses","https://www.regjeringen.no/contentassets/a29386c923894b9b91a8df7a0903fff2/no/pdfs/prp201920200127000dddpdfs.pdf",null,"Negative",null,null,"NOK",2000,{"$f":"IFERROR(Q515/VLOOKUP(P515,'Exchange rates to USD'!$L$2:$N$225,3,FALSE()),\"\")","v":245.205567224483}]
["NOR16","NOR","Grant/Loan (including interest-free loans)","Sectoral","Air transport","NOK 35 million. Orininally NOK 100 was allocated, but due to low demand, the grant was reduced.","Climate Mitigation",null,null,"Purchase of services from airline companies for home transport of Norwegian citizens from abroad","https://www.regjeringen.no/contentassets/a29386c923894b9b91a8df7a0903fff2/no/pdfs/prp201920200127000dddpdfs.pdf",null,"Indeterminate",null,null,"NOK",35,{"$f":"IFERROR(Q516/VLOOKUP(P516,'Exchange rates to USD'!$L$2:$N$225,3,FALSE()),\"\")","v":4.29109742642846}]
["NOR17","NOR","Grant/Loan (including interest-free loans)","Sectoral","Maritime transport","NOK 235 million ","Climate Mitigation","Air Pollution",null,"Purchase of services from ferry companies operating in connection with national roads, in order to compensate to income losses","https://www.regjeringen.no/contentassets/a29386c923894b9b91a8df7a0903fff2/no/pdfs/prp201920200127000dddpdfs.pdf",null,"Indeterminate",null,null,"NOK",235,{"$f":"IFERROR(Q517/VLOOKUP(P517,'Exchange rates to USD'!$L$2:$N$225,3,FALSE()),\"\")","v":28.8116541488768}]
["NOR18","NOR","Grant/Loan (including interest-free loans)","Sectoral","Multiple or economy-wide","NOK 100 million ","Climate Mitigation","Air Pollution",null,"Income support for commercial bus and ferry companies","https://www.regjeringen.no/contentassets/a29386c923894b9b91a8df7a0903fff2/no/pdfs/prp201920200127000dddpdfs.pdf",null,"Positive",null,"23.10.20","NOK",100,{"$f":"IFERROR(Q518/VLOOKUP(P518,'Exchange rates to USD'!$L$2:$N$225,3,FALSE()),\"\")","v":12.2602783612242}]
["NOR19","NOR","Grant/Loan (including interest-free loans)","Sectoral","Surface transport","NOK 1550 million. The Government may exceed the limit by NOK 300 if needed.","Climate Mitigation","Air Pollution",null,"Purchase of services from railway companies, in order to compensate to income losses","https://www.regjeringen.no/contentassets/a29386c923894b9b91a8df7a0903fff2/no/pdfs/prp201920200127000dddpdfs.pdf",null,"Indeterminate",null,"23.10.20","NOK",1550,{"$f":"IFERROR(Q519/VLOOKUP(P519,'Exchange rates to USD'!$L$2:$N$225,3,FALSE()),\"\")","v":190.034314598975}]
["NOR20","NOR","Grant/Loan (including interest-free loans)","Sectoral","Multiple or economy-wide","NOK 900 million","Climate Mitigation","Air Pollution",null,"Increased maintenance of road, railway and coastal infrastructure","https://www.regjeringen.no/contentassets/a29386c923894b9b91a8df7a0903fff2/no/pdfs/prp201920200127000dddpdfs.pdf",null,"Mixed",null,"23.10.20","NOK",900,{"$f":"IFERROR(Q520/VLOOKUP(P520,'Exchange rates to USD'!$L$2:$N$225,3,FALSE()),\"\")","v":110.342505251018}]
["NOR21","NOR","Grant/Loan (including interest-free loans)","Sectoral","Surface transport","NOK 1900 million","Climate Mitigation","Air Pollution",null,"Compensation for income losses for rail and other public transport companies, due to the COVID crisis, covering the first 6 months of 2021","https://www.regjeringen.no/no/dokumenter/meld.-st.-1-20202021/id2768215/",null,"Indeterminate",null,"22.10.20","NOK",1900,{"$f":"IFERROR(Q521/VLOOKUP(P521,'Exchange rates to USD'!$L$2:$N$225,3,FALSE()),\"\")","v":232.945288863259}]
["NOR22","NOR","Grant/Loan (including interest-free loans)","Sectoral","Energy","NOK 40 million","Climate Mitigation","Air Pollution",null,"Grant to cover the operating deficit for the last remaining coal mine on the remote island of Spitsbergen. ","https://www.regjeringen.no/no/aktuelt/regjeringa-vil-dekkje-driftsunderskottet-i-gruve-7-pa-svalbard/id2769019/ ",null,"Negative","The community in the population centre of this very remote island relies on coal from this mine to generate electricity.","23.10.20","NOK",40,{"$f":"IFERROR(Q522/VLOOKUP(P522,'Exchange rates to USD'!$L$2:$N$225,3,FALSE()),\"\")","v":4.90411134448967}]
["NOR23","NOR","Grant/Loan (including interest-free loans)","Economy-wide","Multiple or economy-wide","NOK 700 million","Climate Mitigation",null,null,"Grant to increase the capital of the venture company \"Nysnø\" (New Snow), which invests in firms that develop new climate-friendly technologies.","https://www.regjeringen.no/no/aktuelt/meir-pengar-til-klimavenlege-investeringar-i-nysno2/id2769012/ ",null,"Positive","The venture company was established in 2017, and its capital now stands at NOK 2425 million.","23.10.20","NOK",700,{"$f":"IFERROR(Q523/VLOOKUP(P523,'Exchange rates to USD'!$L$2:$N$225,3,FALSE()),\"\")","v":85.8219485285692}]
["NOR24","NOR","Grant/Loan (including interest-free loans)","Sectoral","Maritime transport","NOK 600 million","Climate Mitigation","Air Pollution",null,"Loans to support green fleet renewal in the coastal transport and fisheries sectors."," https://www.regjeringen.no/no/aktuelt/regjeringa-fortset-satsinga-pa-gron-skipsfart-og-maritim-naring/id2769006/ ",null,"Positive",null,null,"NOK",600,{"$f":"IFERROR(Q524/VLOOKUP(P524,'Exchange rates to USD'!$L$2:$N$225,3,FALSE()),\"\")","v":73.5616701673451}]
["POL1","POL","Tax reduction / Other subsidy","Economy-wide","Energy",null,"Climate Mitigation","Air Pollution",null,"The compensation system for energy-intensive sectors and sub-sectors to improve and accelerate compensation payments for indirect costs of emission allowances that were incurred by energy-intensive enterprises in 2019;","An \"Anti-crisis Shield 1.0 \" support programme was adopted by the Polish Government on 26/03, approved by the Parliament on 28/03, discussed by the Senate on 30/03 suggesting several amendments.Ustawa z 16 kwietnia 2020 r. o szczególnych instrumentach wsparcia w związku z rozprzestrzenianiem się wirusa SARS-CoV-21 (Dz.U. z 2020 r. poz. 695). \n\nSource in Polish:\n\nhttps://wyborcza.pl/7,155287,25821533,sa-juz-gotowe-projekty-ustaw-o-pomocy-pracownikom-i-firmom.html\n",null,"Negative",null,"2020-11-19",null,null,{"$f":"IFERROR(Q525/VLOOKUP(P525,'Exchange rates to USD'!$L$2:$N$225,3,FALSE()),\"\")","v":""}]
["POL2","POL","Regulatory change","Economy-wide","Multiple or economy-wide",null,"Air Pollution","Climate Mitigation",null,"Postponing the dates of activities related to environmental protection: plans to build charging station networks, air protection plans, reporting dates for entrepreneurs, proceedings conducted on the basis of the provisions of the Energy Law;","https://www.gov.pl/web/tarczaantykryzysowa/nowe-terminy ","https://dziennikustaw.gov.pl/D2020000069501.pdf\nhttps://wyborcza.pl/7,155287,25821533,sa-juz-gotowe-projekty-ustaw-o-pomocy-pracownikom-i-firmom.html","Negative","Consider verification of impact as not related to long term consequences ","2021-03-09",null,null,{"$f":"IFERROR(Q526/VLOOKUP(P526,'Exchange rates to USD'!$L$2:$N$225,3,FALSE()),\"\")","v":""}]
["POL3","POL","Regulatory change","Sectoral","Waste management",null,"Waste & recycling",null,null,"Conditional possibility of utilization of medical waste in thermal waste treatment installations technologically adapted to this (appropriate combustion temperatures, etc.), which do not have the required decisions and permits.","https://www.dentons.com/pl/insights/alerts/2020/april/1/covid-19-environmental-alert",null,"Indeterminate",null,"2021-03-09",null,null,{"$f":"IFERROR(Q527/VLOOKUP(P527,'Exchange rates to USD'!$L$2:$N$225,3,FALSE()),\"\")","v":""}]
["POL4","POL","Grant/Loan (including interest-free loans)","Economy-wide","Multiple or economy-wide","n/a","Climate Mitigation","Air Pollution","Other","\"Facilitation of investment in new technologies\".","https://serwisy.gazetaprawna.pl/nowe-technologie/artykuly/1475040,uzyskaniu-kredytu-na-innowacje-technologiczne.html",null,"Positive",null,"2020-11-19",null,null,{"$f":"IFERROR(Q528/VLOOKUP(P528,'Exchange rates to USD'!$L$2:$N$225,3,FALSE()),\"\")","v":""}]
["POL5","POL","Grant/Loan (including interest-free loans)","Economy-wide","Multiple or economy-wide","PLN 300 million (EUR 68 million)","Climate Mitigation","Air Pollution","Other","Voivodship Environmental Protection Funds (VEPFs) offer additional assistance to companies that have submitted applications for funding of green investments. VEPFs offer the possibility of granting additional loans to maintain financial liquidity. The total amount available for VEPFs is PLN 300 million. The terms of granting such loans vary from Fund to Fund, but a potential borrower os offered preferential interest rates, no additional fees and a flexible approach to security. The interest rate on loans at VEPFs starts from 1.5%. The required collateral for the support provided is most often determined in the course of individual negotiations between a given Fund and the borrower. Support for maintaining financial liquidity may reach a maximum of up to 100% of the total costs of the pro-ecological investment implemented.","https://www.gov.pl/web/tarczaantykryzysowa/zielona-tarcza-wojewodzkie-fundusze-ochrony-srodowiska-i-gospodarki-wodnej-wspieraja-przedsiebiorcow-w-czasie-epidemii",null,"Positive",null,"2020-11-19","EUR",68,{"$f":"IFERROR(Q529/VLOOKUP(P529,'Exchange rates to USD'!$L$2:$N$225,3,FALSE()),\"\")","v":74.9814879930448}]
["POL6","POL","Regulatory change","Sectoral","Energy",null,"Climate Mitigation","Air Pollution",null,"Ministry of Climate approves RES auction rules for 2020 to support RES auctions and accommodate Anti-Crisis Shield measures. The Ministry of Climate approved regulations for this year's auctions selling electricity from renewable sources as established by the president of the Energy Regulatory Office. The regulations cover how the auction is to be organized, how bids are to be submitted, how the data will be processed, and how to access the online platform, among other issues. Measures taken in the Anti-Crisis Shield have also been accounted for. For example, bids can only be submitted through the online platform. Auctions will be held from 3 Nov. to 3 Dec. 2020. There will be a total of 8 auctions held, the first for existing RES installations, the second for new installations, and the remainder for large PV and wind installations. ","Energy Policy Tracker","https://www.cire.pl/item,204624,1,0,0,0,0,0,minister-klimatu-zatwierdzil-regulamin-tegorocznych-aukcji-oze.html (accessed 21 Sep 2020)","Positive",null,"2020-11-19",null,null,{"$f":"IFERROR(Q530/VLOOKUP(P530,'Exchange rates to USD'!$L$2:$N$225,3,FALSE()),\"\")","v":""}]
["POL7","POL","Regulatory change","Sectoral","Energy",null,"Climate Mitigation","Air Pollution",null,"Amendment to the Renewable Energy Act on the definition of wood energy to allow for wood not collected from forests due to COVID-19 to be used for electricity generation. By temporarily changing the definition of \"energy from wood,\" wood currently unused will be allowed to go to the power industry for the purposes of electricity generation. This is considered a solution to sustainable forest management for the duration of the global pandemic. Critics of the amendment say this will lead to more tree felling. ","Energy Policy Tracker","https://www.cire.pl/item,203346,1,0,0,0,0,0,prezydent-podpisal-zmiane-ustawy-o-oze-z-nowa-definicja-drewna-energetycznego.html (accessed 8 Sep 2020)","Indeterminate",null,"2020-11-19",null,null,{"$f":"IFERROR(Q531/VLOOKUP(P531,'Exchange rates to USD'!$L$2:$N$225,3,FALSE()),\"\")","v":""}]
["POL8","POL","Regulatory change","Sectoral","Energy",null,"Climate Mitigation",null,null,"Establishing a strategic hard coal reserve by the Material Reserves Agency. Strategic coal reserve is part of the announced restructuring strategy for the energy and mining sector aimed at increasing the stability of the sector (and in particular of the Polish Mining Group) that faces structural challenges and further difficulties caused by the COVID-19 crisis. The Material Reserves Agency will create a strategic reserve of hard coal for energy purposes. The estimated value of coal for the purposes of creating this reserve amounts to approx. PLN 130 million net. ","Energy Policy Tracker","https://www.gov.pl/web/aktywa-panstwowe/informacja-dotyczaca-dzialan-podjetych-w-sektorze-energetyki-i-gornictwa-wegla-kamiennego","Negative",null,"2020-11-19",null,null,{"$f":"IFERROR(Q532/VLOOKUP(P532,'Exchange rates to USD'!$L$2:$N$225,3,FALSE()),\"\")","v":""}]
["POL9","POL","Grant/Loan (including interest-free loans)","Sectoral","Air transport",null,"Climate Mitigation","Air Pollution",null,"The Infrastructure Minister's ordinance to support 14 public airports to help the selected state and local public airports to sustain financial liquidity. Under the regulation, airports will be able to receive a subsidy from the COVID-19 Counteracting Fund. They will be required to maintain a minimum operational readiness in the state of epidemic emergency and epidemic. The subsidy will be awarded to cover the costs, the catalog of which will be included in the draft regulation.","Energy Policy Tracker","https://www.gov.pl/web/infrastruktura/ponad-140-mln-zl-rzadowego-wsparcia-dla-lotnisk","Negative",null,"2020-11-19",null,null,{"$f":"IFERROR(Q533/VLOOKUP(P533,'Exchange rates to USD'!$L$2:$N$225,3,FALSE()),\"\")","v":""}]
["POL10","POL","Grant/Loan (including interest-free loans)","Sectoral","Energy","PLN 50 million","Climate Mitigation","Air Pollution",null,"Liquidity support for TAURON, SOE energy company (Anti-crisis and Financial Shield). Sustaining the financial liquidity of firms after major decrease in revenues caused by COVID-19 pandemic. The company has reported an impact of COVID-19 on financial results. The Group secured PLN 50 million of support from the anti-crisis shield.","Energy Policy Tracker","https://media.tauron.pl/pr/555846/grupa-tauron-niemal-10-mld-zl-przychodow-i-2-4-mld-zl-ebitda-w-pierwszym-polroczu-2020-r","Indeterminate",null,"2020-11-19","USD",{"$f":"50/3.839375","v":13.0229529545825},{"$f":"IFERROR(Q534/VLOOKUP(P534,'Exchange rates to USD'!$L$2:$N$225,3,FALSE()),\"\")","v":13.0229529545825}]
["POL11","POL","Other or not specified","Economy-wide","Multiple or economy-wide",null,"Air Pollution","Climate Mitigation","Adaptation","Clean transport as a mitigation tool for local governments - support for CTZs","Country submission","Early stage of the project - no information published","Indeterminate","Poland is facing the challenge of decarbonizing the transport sector. As much as 93% of greenhouse gases coming from the transport sector are generated by road transport.  While the law of 11.01.2018 on electromobility and alternative fuels (the Act of 11.01.2018) introducedbinding targets for the gradual replacement of the public transport fleet with low- and zero-emissionvehicles, there are no top-down obligations or restrictions for private passenger vehicles.  Currently, Poland has one of the highest motorization rates in the European Union (698 vehicles  per 1000 inhabitants, EU average 602). The Clean Transport Zone (CTZ) can and should become a tool to stimulate thedevelopment of zero-emission transport and reduce pollutant emissions.  This is also confirmed by the results of the survey - 64.8% of Poles agree to establishCTZ in the city where they live. The project will be addressed mainly to 38 Polish cities  meeting the statutory criterion of 100,000 inhabitants. The workshops will be addressed to representatives of local government units, which  have expressed interest in gaining knowledge about the creation and functioning of CTZ.  Activities: Conducting practical workshops for representatives of local government units, carried out by  a team of Polish experts as well as foreign partners. Organization of study vistis to Norway. Consultations - exchange of knowledge and joint solutions to sample problems that can  appear at the CTZ stage. Social awareness. Signing letters of intent. Substantive report. Results of the project:  Increased interest of Polish cities in establishing or piloting a fully-fledged CTZ. Acquisition by officials of competences allowing for proper design of zones. Building social acceptance for introducing this type of solution. Establishing bilateral contacts and possible cooperation between Polishand European municipalities. Promotional and educational campaigns that will influence the level of local acceptance for the introduction of the zones. Strategic goal - Equipping Polish city authorities with knowledge and skills  necessary to create a clean transport zone. ","2021-03-09","PLN",1.7,{"$f":"IFERROR(Q535/VLOOKUP(P535,'Exchange rates to USD'!$L$2:$N$225,3,FALSE()),\"\")","v":0.452587549584063}]
["POL12","POL","Other or not specified","Economy-wide","Multiple or economy-wide","PLN 2.2 million (2 yr)","Air Pollution","Adaptation","Climate Mitigation","Green Funds Search Engine (Wyszukiwarka EkoDotacji)","www.ekodotacje.ios.edu.pl",null,"Positive","To increase the accessibility of the green funds and loans, the National Center for Climate Change developed a web page that provides categorised information on suitable financial supporting schemes. This free tool allows all kinds of users (households, entrepreneurs, NGOs, public institutions) to find the most adequate local, national, international programme to finance their pro-climate investments. In future it is planned to support the web page with the information contact point that will advise the investors more precisely on the most suitable subsidy for their plans.","2021-03-09","PLN",2.2,{"$f":"IFERROR(Q536/VLOOKUP(P536,'Exchange rates to USD'!$L$2:$N$225,3,FALSE()),\"\")","v":0.585701534755847}]
["POL13","POL","Skills training","City/regional","Multiple or economy-wide","PLN 2 million","Adaptation","Climate Mitigation","Air Pollution","Training programme for CRO (Climate Resilience Officer) in Polish cities around the country. National Centre for Climate Change is working on creating a training program for the position of Climate Resilience Officer in the cities across Poland. The program will focus on increasing competences and skills among people that are already working in the Town/City Halls and that are the most adequate for the position of Climate Resilience Officer. The main goal of the training program is to teach CRO how to create and implement Climate Adaptation Plans and strategies in the cities. This program is a crucial project which will boost adaptation practices in Polish cities that are in line with European requirements. ","Country submission","https://www.rockefellerfoundation.org/report/city-resilience-framework/","Positive",null,"2021-03-09","PLN",2,{"$f":"IFERROR(Q537/VLOOKUP(P537,'Exchange rates to USD'!$L$2:$N$225,3,FALSE()),\"\")","v":0.532455940687133}]
["POL14","POL","Skills training","City/regional","Multiple or economy-wide","PLN 3.6 million","Adaptation","Climate Mitigation","Air Pollution","Resilient City - a series of workshops and webinars for local governments and city residents.                                                                                                                                                 The main goal of open webinaras is to build  the awareness of  climate change and its consequences for cities. The meetings  lead by experts, enriched with visually attractive material showing good practices on the discussed topics will present how to shape city resilience to climate change. The workshops for local governments will be an overview of contemporary trends in urban action in the context of  pandemic. Participants will use the potential of the ongoing change to build climate resilient cities. The workshops will relate  to open webinars and previously discussed issues as : circular economy, 15 minute city, placemaking, green city, smart city,  sustainable mobility. ","Country submission",null,"Positive",null,"2021-03-09","PLN",3.6,{"$f":"IFERROR(Q538/VLOOKUP(P538,'Exchange rates to USD'!$L$2:$N$225,3,FALSE()),\"\")","v":0.95842069323684}]
["POL15","POL","Skills training","City/regional","Multiple or economy-wide","PLN 0.5 million","Adaptation","Climate Mitigation","Air Pollution","Action for Climate Empowerment methodology in creating resilent cities. Pilot project. The project aims to support local governments in the implementation of the citiy resilience to climate change strategy  by using the methodology defined by the United Nations Framework Convention on Climate Change (UNFCCC) as Action for Climate Empowerment (ACE). This methodology assumes the involvement of  all members of society to engage in climate action, through education, training, public awareness, public participation, public access to information, and international cooperation.The pilot project will follow this assumption, and the developed model will be ready for implementation in all local government units in Poland.\n","Country submission","https://unfccc.int/topics/education-and-outreach/resources/ace-guidelines","Positive",null,"2021-03-09","PLN",0.5,{"$f":"IFERROR(Q539/VLOOKUP(P539,'Exchange rates to USD'!$L$2:$N$225,3,FALSE()),\"\")","v":0.133113985171783}]
["POL16","POL","R&D subsidies","Sector-specific",null,"PLN 304 million","Adaptation","Climate Mitigation","Air Pollution","Aim of Deep Retrofit Accelerator is to initiate the process of modernisation of Polands built stock, by showing that increasing of the energy efficiency by 75% is technically doable. Poland has about 14million buildings which, mainly from heating, emits 1/3 of countrys GHG emissions. In order to cut it to net zero, new technologies, new skills and methodologies must be introduced, together with new educational methods - the DeRA project cover all of the above and aims to scale it up. National Centre for Climate Change will run demonstration of deep retrofit at 50buildings and present its findings on maximal levels of energy efficiency to wider public.","Country submission",null,"Positive",null,"2021-03-09","PLN",304,{"$f":"IFERROR(Q540/VLOOKUP(P540,'Exchange rates to USD'!$L$2:$N$225,3,FALSE()),\"\")","v":80.9333029844442}]
["POL17","POL","Other or not specified","Sector-specific",null,"PLN 1.5 million","Climate Mitigation","Adaptation","Air Pollution","The aim of Sires Project - Silesian Renevable Energy Sources Living Lab is to create a living lab dealing with innovative technologies, tools, methodologies in relation to RES production, energy storage and efficient energy use to minimise energy production from coal in Poland and supporting just transition process of specific industries and regions. Managed by Polish Academy of Sciences and National Centre for Climate Change. It aims toward both adaptation and mitigation measures.","Country submission",null,"Positive",null,"2021-03-09","PLN",1.5,{"$f":"IFERROR(Q541/VLOOKUP(P541,'Exchange rates to USD'!$L$2:$N$225,3,FALSE()),\"\")","v":0.39934195551535}]
["POL19","POL","Grant/Loan (including interest-free loans)","Economy-wide","Multiple or economy-wide","EUR 1.77 billion","Climate Mitigation","Air Pollution","Other","Support scheme package launched by the NFEP&WM to facilitate investment in energy transition (launched in spring 2020)","www.nfosigw.gov.pl",null,"Indeterminate",null,"2021-03-09","EUR",1770,{"$f":"IFERROR(Q542/VLOOKUP(P542,'Exchange rates to USD'!$L$2:$N$225,3,FALSE()),\"\")","v":1951.72402570131}]
["POL20","POL","Regulatory change","Sectoral","Energy",null,"Climate Mitigation","Air Pollution",null,"New Law for Offshore Wind Farm","https://www.gov.pl/web/klimat/ustawa-offshore-przyjeta-przez-senat",null,"Positive",null,"2021-03-09"]
["POL21","POL","Grant/Loan (including interest-free loans)","Sectoral","Energy","PLN 1 million","Climate Mitigation","Air Pollution",null,"Support for cities (gathered in Partnership Iniciative for Cities - Pilotage Programme of Ministry of Development Funds and Regional Policy) determined in prioritising support for public transport, investments and initiatives for improving air quality, clean energy and investments based on natural solutions   ","https://www.gov.pl/web/fundusze-regiony/konkurs-dotacji-w-ramach-partnerskiej-inicjatywy-miast-dla-sieci-pilotazowych-w-latach-2017--2019",null,"Positive",null,"2021-03-09","PLN",1,{"$f":"IFERROR(Q544/VLOOKUP(P544,'Exchange rates to USD'!$L$2:$N$225,3,FALSE()),\"\")","v":0.266227970343567}]
["POL22","POL","Regulatory change","Sectoral","Energy",null,"Climate Mitigation","Air Pollution",null,"Regulation of the Council of Ministries on the maximum amount and value of energy from renewable energy sources that can be sold at auctions in 2021 r.","https://www.cire.pl/item,209269,1,0,0,0,0,0,rzad-przyjal-rozporzadzenie-w-sprawie-przyszlorocznych-aukcji-oze-.html","https://isap.sejm.gov.pl/isap.nsf/DocDetails.xsp?id=WDU20200002363","Positive",null,"2021-03-09"]
["POL25","POL","Other or not specified","Economy-wide","Multiple or economy-wide",null,"Climate Mitigation","Air Pollution",null,"Polish Nuclear Power Programme envisages construction of 6 nuclear power units by 2043. It aims to reinforce the energy security and to contribute to climate protection by replacing ageing fleet of high-emission baseload coal units with dispatchable and scalable zero-emission units. It is envisaged that it will reduce dramatically the emissions of greenhouse gases into the atmosphere from the energy sector. The execution of the programme will bring benefits for the economy:  lack of high costs of purchase\nof CO2 emission allowances, lack of high fuel costs.","Ministry of Climate and Environment","https://www.gov.pl/web/klimat/program-polskiej-energetyki-jadrowej1","Positive",null,"2020-10-02"]
["PRT1","PRT","Other or not specified","City/regional","Surface transport",null,"Climate Mitigation",null,null,"Expansion of the Lisbon and Porto metros, new bridge over the Douro. It also proposes to accelerate the electric mobility of cities, including providing public transport fleets with zero-emission vehicles, electric or hydrogen.",null,null,"Positive",null,null,null,null,{"$f":"IFERROR(Q547/VLOOKUP(P547,'Exchange rates to USD'!$L$2:$N$225,3,FALSE()),\"\")","v":""}]
["PRT2","PRT","Other or not specified","City/regional","Air transport",null,"Climate Mitigation",null,null,"High speed resumption and new airport. This connection \"will enhance the affirmation of the two metropolitan areas of the country and their operation in a network\", in addition to bringing \"great environmental gains by dispensing with aerial connections\". The environmental impacts of building a new airport are unclear - presumably could increase flight capacity.",null,null,"Mixed",null,null,null,null,{"$f":"IFERROR(Q548/VLOOKUP(P548,'Exchange rates to USD'!$L$2:$N$225,3,FALSE()),\"\")","v":""}]
["PRT3","PRT","Other or not specified","Economy-wide","Multiple or economy-wide",null,"Climate Mitigation","Waste & recycling",null,"Compliance with the European Ecological Pact. The economic recovery for Portugal from 2020 to 2030 has to fulfil the objectives of the European Ecological Pact. The manager considers that \"society recognises and demands a green recovery plan\" and points out as objectives \"more renewable energy, more gas and less coal, more electricity, more digital technologies\". It reaffirms the commitment \"of carbon neutrality and the path of reducing emissions\", fulfilling the 2030 targets of the national plans for energy and circular economy, such as the use of 80 percent of renewable energies.",null,null,"Positive",null,null,null,null,{"$f":"IFERROR(Q549/VLOOKUP(P549,'Exchange rates to USD'!$L$2:$N$225,3,FALSE()),\"\")","v":""}]
["PRT4","PRT","Other or not specified","Economy-wide","Multiple or economy-wide",null,"Biodiversity","Water",null,"Centre for managing natural hazards and solutions for the water scarcity. Evidencing a concern with the transformation of the landscape, in order to restore ecosystems, balance land use and combat desertification, the preliminary version highlights the need to create a competence centre for the management of natural and public health risks.\n\n“Portugal may face significant risks in the future, not only in terms of new pandemics, but also in terms of seismic, energy, climate, cyber attacks, natural risks of various types. It is important for the country to invest in its capacities and human resources directed towards the identification and prevention of risk, and the development of response strategies and resilience of the territory”","https://www.portugal.gov.pt/download-ficheiros/ficheiro.aspx?v=%3d%3dBQAAAB%2bLCAAAAAAABAAzNDCztAQAGgIv2wUAAAA%3d",null,"Positive",null,null,null,null,{"$f":"IFERROR(Q550/VLOOKUP(P550,'Exchange rates to USD'!$L$2:$N$225,3,FALSE()),\"\")","v":""}]
["PRT5","PRT","Other or not specified","Sectoral","Industry",null,"Climate Mitigation",null,null,"International consortia to explore national resources. Unclear the implications: the policy proposed creation of \"international consortia\" to take advantage of its strategic resources such as minerals for energy transition (lithium, cobalt, nickel, niobium, tantalum, rare earths) important in the energy transition (manufacture of new batteries, high-end electronics industry precision) - but extraction will have environmental implications.","https://www.portugal.gov.pt/download-ficheiros/ficheiro.aspx?v=%3d%3dBQAAAB%2bLCAAAAAAABAAzNDCztAQAGgIv2wUAAAA%3d",null,"Mixed",null,null,null,null,{"$f":"IFERROR(Q551/VLOOKUP(P551,'Exchange rates to USD'!$L$2:$N$225,3,FALSE()),\"\")","v":""}]
["PRT6","PRT","Grant/Loan (including interest-free loans)","City/regional","Multiple or economy-wide","140 M Euros","Water","Waste & recycling",null,"Waters of Portugal has developed a Urban Water Cycle which includes a set of interventions for the increased resilience and improvement the quality of service of supply systems water and sanitation. (Plan for 2030)","https://www.portugal.gov.pt/download-ficheiros/ficheiro.aspx?v=%3d%3dBQAAAB%2bLCAAAAAAABAAzNDCztAQAGgIv2wUAAAA%3d",null,"Positive",null,"2020-11-09","EUR",140,{"$f":"IFERROR(Q552/VLOOKUP(P552,'Exchange rates to USD'!$L$2:$N$225,3,FALSE()),\"\")","v":154.373651750386}]
["PRT7","PRT","Tax reduction / Other subsidy","Economy-wide","Multiple or economy-wide","480 M Euros","Water",null,null,"Promotion of Asset Renewal: Ensuring better functional conditions for water supply and water drainage system infrastructures\ndomestic wastewater and rainwater, contributing to operational optimization and improving service quality provided. (2021-2030)","https://www.portugal.gov.pt/download-ficheiros/ficheiro.aspx?v=%3d%3dBQAAAB%2bLCAAAAAAABAAzNDCztAQAGgIv2wUAAAA%3d",null,"Positive",null,null,"EUR",480,{"$f":"IFERROR(Q553/VLOOKUP(P553,'Exchange rates to USD'!$L$2:$N$225,3,FALSE()),\"\")","v":529.28109171561}]
["PRT8","PRT","Tax reduction / Other subsidy","Economy-wide","Multiple or economy-wide","724 M Euros","Water",null,null,"Increased Resiliance of Water Supply Systems, Water and Rainwater Drainage:Contribute to the efficient use of water, reduce vulnerability and ensure the resilience of systems and infrastructure, as well as\nmaintenance of the service in the context of climate change and the occurrence of extreme events.(2021-2030)","https://www.portugal.gov.pt/download-ficheiros/ficheiro.aspx?v=%3d%3dBQAAAB%2bLCAAAAAAABAAzNDCztAQAGgIv2wUAAAA%3d",null,"Positive",null,null,"EUR",724,{"$f":"IFERROR(Q554/VLOOKUP(P554,'Exchange rates to USD'!$L$2:$N$225,3,FALSE()),\"\")","v":798.332313337712}]
["PRT9","PRT","Tax reduction / Other subsidy","Economy-wide","Multiple or economy-wide","109 M Euros","Water",null,null,"Promoting Circular Transition for Water Supply: Valuing the resources and by-products generated in the urban water cycle, promoting increased levels of eco-efficiency,\nenvironmental sustainability and innovation (2021-2030)","https://www.portugal.gov.pt/download-ficheiros/ficheiro.aspx?v=%3d%3dBQAAAB%2bLCAAAAAAABAAzNDCztAQAGgIv2wUAAAA%3d",null,"Positive",null,null,"EUR",109,{"$f":"IFERROR(Q555/VLOOKUP(P555,'Exchange rates to USD'!$L$2:$N$225,3,FALSE()),\"\")","v":120.190914577087}]
["PRT10","PRT","Tax reduction / Other subsidy","Economy-wide","Multiple or economy-wide","204 M Euros","Water","Climate Mitigation","Air Pollution","Decarbonisation of Water Sector and Support Climate Change Adaptation: Contribute to the efficient valorisation of available resources, ensuring a sustainable trajectory for reducing greenhouse gas (GHG) emissions, with direct effects on mitigating climate change","https://www.portugal.gov.pt/download-ficheiros/ficheiro.aspx?v=%3d%3dBQAAAB%2bLCAAAAAAABAAzNDCztAQAGgIv2wUAAAA%3d",null,"Positive",null,null,"EUR",204,{"$f":"IFERROR(Q556/VLOOKUP(P556,'Exchange rates to USD'!$L$2:$N$225,3,FALSE()),\"\")","v":224.944463979134}]
["PRT11","PRT","Grant/Loan (including interest-free loans)","Sectoral","Multiple or economy-wide","130 M Euros","Water","Climate Mitigation",null,"Program to Adapt regions with water to risk of flooding by contributing to the development of a higher resilient society that can face climate change while protecting hydro resources to the risk associated to flooding. ","https://www.portugal.gov.pt/download-ficheiros/ficheiro.aspx?v=%3d%3dBQAAAB%2bLCAAAAAAABAAzNDCztAQAGgIv2wUAAAA%3d",null,"Positive",null,null,"EUR",130,{"$f":"IFERROR(Q557/VLOOKUP(P557,'Exchange rates to USD'!$L$2:$N$225,3,FALSE()),\"\")","v":143.346962339644}]
["PRT12","PRT","Grant/Loan (including interest-free loans)","Sectoral","Multiple or economy-wide","580 M Euros","Water","Adaptation",null,"Program for protecting and revaluing hydro resources: Guarantee the compliance of the Directive of Water, ensuring the good state of water sources and disponibility of the resource to support populations, economic activities and ecosystems. ","https://www.portugal.gov.pt/download-ficheiros/ficheiro.aspx?v=%3d%3dBQAAAB%2bLCAAAAAAABAAzNDCztAQAGgIv2wUAAAA%3d",null,"Indeterminate",null,null,"EUR",580,{"$f":"IFERROR(Q558/VLOOKUP(P558,'Exchange rates to USD'!$L$2:$N$225,3,FALSE()),\"\")","v":639.547985823029}]
["PRT13","PRT","Grant/Loan (including interest-free loans)","Sectoral","Multiple or economy-wide","600 M Euros","Water","Adaptation",null,"Adaptation Program of Hydro Areas and Droughts seeks to contribute to the creation of a society that is better prepared for the new climate challenges, ensuring simmultaneausly protection of hydro resources and adaptation of these regions to extreme droughts. ","https://www.portugal.gov.pt/download-ficheiros/ficheiro.aspx?v=%3d%3dBQAAAB%2bLCAAAAAAABAAzNDCztAQAGgIv2wUAAAA%3d",null,"Positive",null,null,"EUR",600,{"$f":"IFERROR(Q559/VLOOKUP(P559,'Exchange rates to USD'!$L$2:$N$225,3,FALSE()),\"\")","v":661.601364644513}]
["PRT14","PRT","R&D subsidies","Sectoral","Multiple or economy-wide","150 M Euros","Water","Climate Mitigation","Biodiversity","Monitoring of marine biodiversity and maritime space by deepening the knowledge of the portuguese sea, understand biodiversity and ecosystems. Develop new systems for monitoring and observating marine areas and develop a network of Marine Protected Areas","https://www.portugal.gov.pt/download-ficheiros/ficheiro.aspx?v=%3d%3dBQAAAB%2bLCAAAAAAABAAzNDCztAQAGgIv2wUAAAA%3d",null,"Positive",null,null,"EUR",150,{"$f":"IFERROR(Q560/VLOOKUP(P560,'Exchange rates to USD'!$L$2:$N$225,3,FALSE()),\"\")","v":165.400341161128}]
["PRT15","PRT","Grant/Loan (including interest-free loans)","Sectoral","Agriculture","75 M Euros","Water","Waste & recycling","Climate Mitigation","Development of Sustainable Agriculture: Promote a sustainable agricultural production in open seas and circular systems to ensure use of all all nutrients. Additionally promote the incorporation of all side-products created in well established chains of production. ","https://www.portugal.gov.pt/download-ficheiros/ficheiro.aspx?v=%3d%3dBQAAAB%2bLCAAAAAAABAAzNDCztAQAGgIv2wUAAAA%3d",null,"Positive",null,null,"EUR",75,{"$f":"IFERROR(Q561/VLOOKUP(P561,'Exchange rates to USD'!$L$2:$N$225,3,FALSE()),\"\")","v":82.7001705805641}]
["PRT16","PRT","Tax reduction / Other subsidy","Sectoral","Surface transport","3.850 M Euros","Air Pollution",null,null,"Sustainable Mobility an Public Transport includes 3.850 M Euros in three different policies. Firstly, Consolidation of Metro Networks (1.895 M Euros), Collective Transport AM (1.755 M Euros) and Collective Transport CIM (200 M Euros), Decarbonising Transport (590 M Euros), National Cycling Grid (300 M Euros), Urban Logistical Decarbonisation (450 M Euros), Electrical Mobility (360 M Euros), Flexible Mobility (75 M Euros) and Innovative Solutions (200 M Euros). PROTransP - program that finances the increase in the offer of public transportation outside the two metropolitan areas of the country - will be provided with € 15 M, the Environmental Fund being also the source of financing","https://www.portugal.gov.pt/download-ficheiros/ficheiro.aspx?v=%3d%3dBQAAAB%2bLCAAAAAAABAAzNDCztAQAGgIv2wUAAAA%3d",null,"Positive",null,null,"EUR",3.85,{"$f":"IFERROR(Q562/VLOOKUP(P562,'Exchange rates to USD'!$L$2:$N$225,3,FALSE()),\"\")","v":4.24527542313562}]
["PRT17","PRT","Grant/Loan (including interest-free loans)","Economy-wide","Waste management","6.901 M Euros (2021)","Waste & recycling","Water","Biodiversity","Sustinable Environment Support which includes CUA, Residual Management, Hydro Resources, Nature Conservation, Forestry, Marine Resources (Together Private and Public Investments ranging up to 7.418 M Euros till 2030). ","https://www.portugal.gov.pt/download-ficheiros/ficheiro.aspx?v=%3d%3dBQAAAB%2bLCAAAAAAABAAzNDCztAQAGgIv2wUAAAA%3d",null,"Positive",null,null,"EUR",6.901,{"$f":"IFERROR(Q563/VLOOKUP(P563,'Exchange rates to USD'!$L$2:$N$225,3,FALSE()),\"\")","v":7.60951836235297}]
["PRT18","PRT","R&D subsidies","Economy-wide","Waste management","223 M Euros","Waste & recycling",null,null,"Solutions for Collective Organic Resiudes: Promote innovative solutions for the selective collection of organic and biodegradable products, as well as reinforce selective collection\nmultimaterial, in view of new targets foreseen for 2030","https://www.portugal.gov.pt/download-ficheiros/ficheiro.aspx?v=%3d%3dBQAAAB%2bLCAAAAAAABAAzNDCztAQAGgIv2wUAAAA%3d",null,"Positive",null,null,"EUR",223,{"$f":"IFERROR(Q564/VLOOKUP(P564,'Exchange rates to USD'!$L$2:$N$225,3,FALSE()),\"\")","v":245.895173859544}]
["PRT19","PRT","Grant/Loan (including interest-free loans)","Economy-wide","Waste management","535 M Euros","Waste & recycling","Water",null,"Promote the efficient use of resources in the transition to a circular economy, covering production, consumption, waste management and the market for secondary raw materials","https://www.portugal.gov.pt/download-ficheiros/ficheiro.aspx?v=%3d%3dBQAAAB%2bLCAAAAAAABAAzNDCztAQAGgIv2wUAAAA%3d",null,"Positive",null,null,"EUR",535,{"$f":"IFERROR(Q565/VLOOKUP(P565,'Exchange rates to USD'!$L$2:$N$225,3,FALSE()),\"\")","v":589.927883474691}]
["PRT20","PRT","Grant/Loan (including interest-free loans)","Economy-wide","Multiple or economy-wide","2 M Euros","Waste & recycling","Plastics",null,"The Environmental Fund will provide support to municipalities or associations of municipalities up to € 2 million. The objective of this budget is to support the implementation of the Biorresident Strategy, with the objective of diverting this waste from landfills. and incineration, through separation and recycling solutions at the source and a selective collection network. This will contribute to the mitigation of climate change, the return of organic matter to the soil and the production of energy","https://www.portugal.gov.pt/download-ficheiros/ficheiro.aspx?v=%3d%3dBQAAAB%2bLCAAAAAAABAAzNDCztAQAGgIv2wUAAAA%3d",null,"Positive",null,null,"EUR",2,{"$f":"IFERROR(Q566/VLOOKUP(P566,'Exchange rates to USD'!$L$2:$N$225,3,FALSE()),\"\")","v":2.20533788214838}]
["PRT21","PRT","Tax reduction / Other subsidy","Sectoral","Waste management","130 M Euros","Waste & recycling",null,null,"Mitigation and Environmental Recovery of contaminated areas resulting from old industrial abandonned areas: Repurpose degraded territories from old industrial zones like coal mines and prevention of contamination of soils, providing higher public and environmental health. ","https://www.portugal.gov.pt/download-ficheiros/ficheiro.aspx?v=%3d%3dBQAAAB%2bLCAAAAAAABAAzNDCztAQAGgIv2wUAAAA%3d",null,"Positive",null,null,"EUR",130,{"$f":"IFERROR(Q567/VLOOKUP(P567,'Exchange rates to USD'!$L$2:$N$225,3,FALSE()),\"\")","v":143.346962339644}]
["PRT22","PRT","Tax reduction / Other subsidy","Sectoral","Waste management","75 M Euros","Waste & recycling","Plastics",null,"Pick up of marine waste in particular in regards to fishing equipement: Contribute to the reduction of sea waste and support of new projects of puck up waste and environmentally-friendly disposal of fishing equipement. ","https://www.portugal.gov.pt/download-ficheiros/ficheiro.aspx?v=%3d%3dBQAAAB%2bLCAAAAAAABAAzNDCztAQAGgIv2wUAAAA%3d",null,"Positive",null,null,"EUR",75,{"$f":"IFERROR(Q568/VLOOKUP(P568,'Exchange rates to USD'!$L$2:$N$225,3,FALSE()),\"\")","v":82.7001705805641}]
["PRT23","PRT","Tax reduction / Other subsidy","Sectoral","Energy","13.060 M Euros","Air Pollution","Adaptation",null,"Energy Grids, Production, Energy Efficiency and Renewable Gases","https://www.portugal.gov.pt/download-ficheiros/ficheiro.aspx?v=%3d%3dBQAAAB%2bLCAAAAAAABAAzNDCztAQAGgIv2wUAAAA%3d",null,"Positive",null,null,"EUR",13.06,{"$f":"IFERROR(Q569/VLOOKUP(P569,'Exchange rates to USD'!$L$2:$N$225,3,FALSE()),\"\")","v":14.4008563704289}]
["PRT24","PRT","Tax reduction / Other subsidy","Sectoral","Air transport",null,"Air Pollution",null,null,"Continued elimination of tax exemptions in the area of product tax petroleum and energy (ISP) that are used in the production of electricity from more polluting fuels, extending this policy to the autonomous regions. Additionally, the scope of theelimination of carbon tax exemptions for the most polluting fuels (coal, fuel and petroleum coke)","https://www.portugal.gov.pt/download-ficheiros/ficheiro.aspx?v=%3d%3dBQAAAB%2bLCAAAAAAABAAzNDCztAQAGgIv2wUAAAA%3d",null,"Positive","The exact quantity of Tax Exemptions changes as new policies are established but currently they range between 10 000 000 euros in 2020 to 9 820 000 Euros in 2021",null,"EUR",19.82,{"$f":"IFERROR(Q570/VLOOKUP(P570,'Exchange rates to USD'!$L$2:$N$225,3,FALSE()),\"\")","v":21.8548984120904}]
["PRT25","PRT","Grant/Loan (including interest-free loans)","Sectoral","Forestry","80 M Euros ","Biodiversity","Air Pollution",null,"With an investment budget of around 80 million, ICNF will reinforce its role in the execution of the Landscape Transformation programs for Vulnerable Forest Territories and structural fire prevention forestry, with emphasis on the execution of the primary network of fuel management bands, including the implementation and the payment of administrative subsidies. Florestgal, S.A. will become a key organization in the landscape transformation policy, reinforcing its role in management of forests and rustic and mixed properties that are of particular relevance for fire prevention forestry","https://www.portugal.gov.pt/download-ficheiros/ficheiro.aspx?v=%3d%3dBQAAAB%2bLCAAAAAAABAAzNDCztAQAGgIv2wUAAAA%3d",null,"Positive",null,null,"EUR",80,{"$f":"IFERROR(Q571/VLOOKUP(P571,'Exchange rates to USD'!$L$2:$N$225,3,FALSE()),\"\")","v":88.2135152859351}]
["PRT26","PRT","Grant/Loan (including interest-free loans)","Sectoral","Multiple or economy-wide","495 M Euros","Water","Biodiversity","Climate Mitigation","Program for Protecting Zones at Risk: Ensuring the protection and maintenance of the coastline, adapting the territory to climate change and safeguarding people, goods and natural systems and reinforce scientific knowledge about coastal dynamics (2021-2030)","https://www.portugal.gov.pt/download-ficheiros/ficheiro.aspx?v=%3d%3dBQAAAB%2bLCAAAAAAABAAzNDCztAQAGgIv2wUAAAA%3d",null,"Indeterminate",null,null,"EUR",495,{"$f":"IFERROR(Q572/VLOOKUP(P572,'Exchange rates to USD'!$L$2:$N$225,3,FALSE()),\"\")","v":545.821125831723}]
["PRT27","PRT","Grant/Loan (including interest-free loans)","Sectoral","Multiple or economy-wide","74 M Euros","Water","Biodiversity","Waste & recycling","Program for revaluing coastal activities: Increase the contribution that economic activities in coastal regions generate while ensuring its decarbonisation, adaptation and circularity. ","https://www.portugal.gov.pt/download-ficheiros/ficheiro.aspx?v=%3d%3dBQAAAB%2bLCAAAAAAABAAzNDCztAQAGgIv2wUAAAA%3d",null,"Positive",null,null,"EUR",74,{"$f":"IFERROR(Q573/VLOOKUP(P573,'Exchange rates to USD'!$L$2:$N$225,3,FALSE()),\"\")","v":81.5975016394899}]
["PRT28","PRT","Grant/Loan (including interest-free loans)","Sectoral","Multiple or economy-wide","231 M Euros","Water","Biodiversity","Waste & recycling","Safeguard and enhance coastal resources and systems, as well as the rehabilitation of the seafront, the preservation and enhancement of the natural, scenic and historical-cultural heritage, which marks the litora's image","https://www.portugal.gov.pt/download-ficheiros/ficheiro.aspx?v=%3d%3dBQAAAB%2bLCAAAAAAABAAzNDCztAQAGgIv2wUAAAA%3d",null,"Positive",null,null,"EUR",231,{"$f":"IFERROR(Q574/VLOOKUP(P574,'Exchange rates to USD'!$L$2:$N$225,3,FALSE()),\"\")","v":254.716525388137}]
["PRT29","PRT","Grant/Loan (including interest-free loans)","Sector-specific","Multiple or economy-wide","120 M Euros","Biodiversity",null,null,"Improvement of the state of conservation of the natural patrimony: Global compromise to end biodiversity loss that will bring wealth in both cultural and social dimensions to the country","https://www.portugal.gov.pt/download-ficheiros/ficheiro.aspx?v=%3d%3dBQAAAB%2bLCAAAAAAABAAzNDCztAQAGgIv2wUAAAA%3d",null,"Positive",null,null,"EUR",120,{"$f":"IFERROR(Q575/VLOOKUP(P575,'Exchange rates to USD'!$L$2:$N$225,3,FALSE()),\"\")","v":132.320272928903}]
["PRT30","PRT","Grant/Loan (including interest-free loans)","Sector-specific","Multiple or economy-wide","100 M Euros","Biodiversity",null,null,"Promotion of knowledge based on natural resources and recognition of its true value to society","https://www.portugal.gov.pt/download-ficheiros/ficheiro.aspx?v=%3d%3dBQAAAB%2bLCAAAAAAABAAzNDCztAQAGgIv2wUAAAA%3d",null,"Positive",null,null,"EUR",100,{"$f":"IFERROR(Q576/VLOOKUP(P576,'Exchange rates to USD'!$L$2:$N$225,3,FALSE()),\"\")","v":110.266894107419}]
["PRT32","PRT","Grant/Loan (including interest-free loans)","Economy-wide","Forestry","800 M Euros","Adaptation","Biodiversity","Air Pollution","Promotion of Landscape transformation of vulnerable forestry territories by turning these territories more resilient to fires by promotng a structural change in management models.","https://www.portugal.gov.pt/download-ficheiros/ficheiro.aspx?v=%3d%3dBQAAAB%2bLCAAAAAAABAAzNDCztAQAGgIv2wUAAAA%3d",null,"Positive",null,null,"EUR",100,{"$f":"IFERROR(Q577/VLOOKUP(P577,'Exchange rates to USD'!$L$2:$N$225,3,FALSE()),\"\")","v":110.266894107419}]
["PRT33","PRT","Grant/Loan (including interest-free loans)","Sector-specific","Forestry","250 M Euros","Adaptation","Biodiversity","Air Pollution","Concentration of a primary network of fuel management: Strucutral Primary Network with the objective of segregate landscapes in order to limit the reach of forestry fires by reducing their occurrence in accordance with the carbon neutrality objectives assumed by Portugal by 2050. ","https://www.portugal.gov.pt/download-ficheiros/ficheiro.aspx?v=%3d%3dBQAAAB%2bLCAAAAAAABAAzNDCztAQAGgIv2wUAAAA%3d",null,"Positive",null,null,"EUR",250,{"$f":"IFERROR(Q578/VLOOKUP(P578,'Exchange rates to USD'!$L$2:$N$225,3,FALSE()),\"\")","v":275.667235268547}]
["PRT34","PRT","Grant/Loan (including interest-free loans)","Sector-specific","Forestry","250 M Euros","Adaptation","Biodiversity","Air Pollution","Investment to fulfill the purposes for which the areas subject to the Forestry Regime are intended: “creation, exploitation and conservation of forestry wealth, from the point of view of view of the national economy, but also the forest cover of land whose afforestation is of public utility, and convenient or necessary for the good water regime and defense of the floodplains, for the enhancement of arid plains and the benefit of the climate, or for the fixation and conservation of the soil, in the mountains, and the sands on the sea coast ”","https://www.portugal.gov.pt/download-ficheiros/ficheiro.aspx?v=%3d%3dBQAAAB%2bLCAAAAAAABAAzNDCztAQAGgIv2wUAAAA%3d",null,"Positive",null,null,"EUR",250,{"$f":"IFERROR(Q579/VLOOKUP(P579,'Exchange rates to USD'!$L$2:$N$225,3,FALSE()),\"\")","v":275.667235268547}]
["PRT35","PRT","Grant/Loan (including interest-free loans)","Sector-specific","Forestry","100 M Euros","Adaptation","Biodiversity","Water","Creation of a forestry barrier against dessertification: Prevent and mitigate the effects of desertification by creating a forest barrier through soil densification and recovery degraded areas occupied by cork and holm oak and afforestation of new areas as measures to adapt to climate change, valuing the territory and promoting the sustainability of its resources","https://www.portugal.gov.pt/download-ficheiros/ficheiro.aspx?v=%3d%3dBQAAAB%2bLCAAAAAAABAAzNDCztAQAGgIv2wUAAAA%3d",null,"Positive",null,null,"EUR",100,{"$f":"IFERROR(Q580/VLOOKUP(P580,'Exchange rates to USD'!$L$2:$N$225,3,FALSE()),\"\")","v":110.266894107419}]
["SVK1","SVK","Grant/Loan (including interest-free loans)","Economy-wide","Multiple or economy-wide","2.097 billion EUR","Other",null,null,"Loan guarantees for financial institutions certified to provide loans in Slovakia. To help enterprises (both SMEs and large) to cope with limited access to capital, caused by events out of the enterprises’ control, and enable them to finance their operational costs and investments in order to maintain employment. Excluded are companies operating in following sectors: primary production of agricultural products, forestry, fishery and aquaculture. Not eligible for credit are: expenditure on the purchase of road haulage vehicles by an enterprise which operates in road haulage; decommissioning or construction of nuclear power plants; investments aimed at reducing greenhouse gas emissions from activities listed in Annex I to Directive 2003/87/EC; production, processing and marketing of tobacco and tobacco products; investments in airport infrastructure, unless they are related to environmental protection or are accompanied by investments necessary to mitigate or reduce the negative impact of that infrastructure on the environment.","https://sario.sk/sites/default/files/files/new_loan_instrument_for_smes_by_sih-sih_anti-corona_guarantee_2.pdf",null,"Mixed",null,null,"EUR",2097,{"$f":"IFERROR(Q581/VLOOKUP(P581,'Exchange rates to USD'!$L$2:$N$225,3,FALSE()),\"\")","v":2312.29676943257}]
["SVK2","SVK","Other or not specified","Economy-wide","Multiple or economy-wide","-","Waste & recycling","Biodiversity","Air Pollution","Due to COVID the adoption of deposit refund system for beverage packaging has been postoned by one year (to 2023). This was due to administrative constraints during the COVID pandemic (regarding the selection of the system administrator). It is now being discussed that this amendment of Act is to be repealed so as to still make the legislation effective by 2022 as planned.  The Amendment has now been repealed and the legislation will take effect as planned in January 2022.\n\nIn April 2020, amendments to 11 individual laws (e.g. water, geology, waste, air) were passed. The consequence was to temporarily halt/postpone deadlines for issuing decisions, deadlines for applications for financial compensation as well as applications for financial support from the Environmental Fund. Currently only the amendment of act suspending the EIA (environmental impact assessments) is still in place. This amendment is now also scheduled to be repealed.  Repealed.","ORIGINAL ANNOUNCEMENTS:\nhttps://www.odpady-portal.sk/Dokument/105249/zalohovanie-sa-posuva-o-rok-viacere-lehoty-dostali-odklad-nr-sr-prijala-dolezite-zmeny.aspx\nhttps://www.odpady-portal.sk/Dokument/105313/covid-19-ovplyvnuje-legislativu-v-oblasti-zivotneho-prostredia.aspx\nhttps://www.minzp.sk/spravy/100-dni-ministra-jana-budaja-restart-ministerstva-zivotneho-prostredia-sr.html\nREPEALED:\nhttps://www.minzp.sk/spravy/minister-jan-budaj-chce-dodrzat-termin-spustenia-zalohovania-pet-flias.html\nhttps://www.enviroportal.sk/clanok/konania-v-oblasti-zivotneho-prostredia-sa-spriechodnia-odobrila-to-prezidentka",null,"Negative","Please note that the postponement of the individual environmental proceedings due to Covid-19 has been repealed by the Parliament in October. Keeping the entry here for the record.","2020-11-05",null,null,{"$f":"IFERROR(Q582/VLOOKUP(P582,'Exchange rates to USD'!$L$2:$N$225,3,FALSE()),\"\")","v":""}]
["SVK3","SVK","Regulatory change","Economy-wide","Multiple or economy-wide","-","Air Pollution",null,null,"Removing duplicate emissions reporting for resources included in the ETS.\n\nEliminating duplicate reporting of emissions data to the National Emission Information System and National Pollution Register.\n\nRemoving duplicate charging for listed resources within the ETS.","https://www.mhsr.sk/uploads/files/O7zsfw1f.pdf",null,"Indeterminate",null,null,null,null,{"$f":"IFERROR(Q583/VLOOKUP(P583,'Exchange rates to USD'!$L$2:$N$225,3,FALSE()),\"\")","v":""}]
["SVK4","SVK","Regulatory change","Economy-wide","Energy","-","Climate Mitigation",null,null,"Introducing a simplified energy audit for large businesses, which have achieved significant energy savings since the implementation of the last energy audit, as well as for companies with very low energy consumption.\n\nLimiting the obligation of the authorised person during regular control of heating or air conditioning systems. The authorised person can agree on the procedures for preparing for regular inspection heating / air conditioning system operatively on the basis of local technical and personnel capacities.\n\nLimiting the obligations for a large company after the execution of mandatory energy audits, so that it does not have to provide the monitoring system operator with an electronic data set and summary information sheet.\n\nReducing the minimum amount of the fine to EUR 500 if a large company does not perform the energy audit in due time (once every 4 years, unless the company does not have a system of certified energy or environmental management in place).\n\nEliminate the recurring information obligations for energy producers.","https://www.mhsr.sk/uploads/files/O7zsfw1f.pdf",null,"Negative",null,null,null,null,{"$f":"IFERROR(Q584/VLOOKUP(P584,'Exchange rates to USD'!$L$2:$N$225,3,FALSE()),\"\")","v":""}]
["SVK5","SVK","Regulatory change","Sectoral","Agriculture","-","Waste & recycling","Biodiversity","Other","Removing the obligation to donate food after the best before date.\n\nAllowing sale of food stuffs after the best before date. \n\nSimplifying the application for a fish farming certificate.\n\nIntroducing a publicly available electronic register for applications for lease of agricultural land.\n\nEnabling the purchasing of raw materials by businesses from small local farmers. ","https://www.mhsr.sk/uploads/files/O7zsfw1f.pdf",null,"Positive",null,null,null,null,{"$f":"IFERROR(Q585/VLOOKUP(P585,'Exchange rates to USD'!$L$2:$N$225,3,FALSE()),\"\")","v":""}]
["SVK6","SVK","Regulatory change","Sector-specific","Waste management","-","Waste & recycling",null,null,"Amendments in the legislation related to the extended producer responsibility, notably related to producers of packaging and producers of non-packaging products as well as producer responsibility organisations in order to ensure the stability of the system of separate collection in municipalities.","https://www.odpady-portal.sk/Dokument/105543/vlada-schvalila-rozsiahle-zmeny-v-odpadovom-hospodarstve-platit-maju-uz-od-1-oktobra.aspx\nhttps://www.odpady-portal.sk/Dokument/105626/exkluzivne-zmeny-v-zakone-c-792015-o-odpadoch-schvalene-24-septembra-2020.aspx",null,"Positive","Please note that the amendment of law had been planned before the outbreak of the pandemic, but the latter has accelerated its adoption (to be effective from 1 October 2020) in a shortened legislative procedure as a response to \"problems that have arisen also for emergency measures adopted in relation to the prevention of the spread of COVID-19\".","2020-11-05",null,null,{"$f":"IFERROR(Q586/VLOOKUP(P586,'Exchange rates to USD'!$L$2:$N$225,3,FALSE()),\"\")","v":""}]
["SVK7","SVK","Other or not specified","Sectoral","Multiple or economy-wide","1.85 billion EUR","Air Pollution","Climate Mitigation",null,"Energy efficiency measures - part of the draft reform programme for the period 2021-2026 (for more information please refer to the comment field). More specifically:\n- replacement of solid fuel boilers for households;\n- comprehensive renovation of public and private buildings;\n- reduction in volume of heat produced from coal.\n(Note that the sectors affected are buildings and heating industry)","https://spectator.sme.sk/c/22502978/the-finance-ministry-introduced-a-reform-plan-for-slovakia.html\nhttps://digitalnakoalicia.sk/wp-content/uploads/2020/10/ModerneaUspesneSlovenskoza10minut.pdf\nhttps://www.mfsr.sk/files/archiv/59/Moderne_a_uspesne_Slovensko_NIRP1.pdf",null,"Positive","The draft document titled \"A Modern and Successful Slovakia\" is Slovakia's new integrated reform plan, which aims at defining the necessary reforms for the period 2021-2016 across 8 areas. One of these is also the green economy. This is not a direct outcome of the pandemic, but it acknowledges climate change along with Covid as the main trigger behind the proposed measures for the green transition. The document is currently undergoing public consultation, and once approved it is intended to form a basis for Slovakia making use of the funds from the EU's Recovery plan. Please note the investment amounts in column F represent the estimated total financial needs for the period 2021 - 2026 and are incomplete (the missing amounts are to be added by April 2021).","2020-11-05","EUR",1850,{"$f":"IFERROR(Q587/VLOOKUP(P587,'Exchange rates to USD'!$L$2:$N$225,3,FALSE()),\"\")","v":2039.93754098725}]
["SVK8","SVK","Other or not specified","Sectoral","Waste management","216 million EUR","Waste & recycling",null,null,"Circular economy transition measures - part of the draft reform programme for the period 2021-2026 (for more information please refer to the comment field). More specifically:\n- reforming sorted collection of waste, and making pay-as-you-throw mandatory;\n- availability of re-use centres;\n- removal of priority illegal dumping sites.",null,null,"Positive",null,"2020-11-05","EUR",216,{"$f":"IFERROR(Q588/VLOOKUP(P588,'Exchange rates to USD'!$L$2:$N$225,3,FALSE()),\"\")","v":238.176491272025}]
["SVK9","SVK","Other or not specified","Sectoral","Multiple or economy-wide","581 million EUR","Biodiversity",null,null,"Measures for strengthening nature protection and supporting tourism and regions - part of the draft reform programme for the period 2021-2026 (for more information please refer to the comment field). More specifically:\n- transfer of land in the third and higher level of nature protection under the administration of nature protection bodies;\n- zoning of natural and national parks;\n- implementation of regional development plans in protected areas.\n(Note that the sectors affected are forestry and tourism)",null,null,"Positive",null,"2020-11-05","EUR",581,{"$f":"IFERROR(Q589/VLOOKUP(P589,'Exchange rates to USD'!$L$2:$N$225,3,FALSE()),\"\")","v":640.650654764103}]
["SVK10","SVK","Other or not specified","Sectoral","Surface transport","9.094 billion EUR","Climate Mitigation","other",null,"Efficient transport investments - part of the draft reform programme for the period 2021-2026 (for more information please refer to the comment field). More specifically:\n- elaboration of priority plans for the development of road, rail, and cycling infrastructure and municipal public transportation;\n- modernisation of laws to ensure more efficient construction and lay the groundwork for transport infrastructure;\n- construction and modernisation of transport infrastructure according to new rules.\n(Note that the main contribution, in terms of environmental focus, is the increased efficiency and environmental benefits of transport investments)",null,null,"Mixed",null,"2020-11-05","EUR",9094,{"$f":"IFERROR(Q590/VLOOKUP(P590,'Exchange rates to USD'!$L$2:$N$225,3,FALSE()),\"\")","v":10027.6713501287}]
["SVK11","SVK","Other or not specified","Sectoral","Multiple or economy-wide","TBA","Climate Mitigation",null,null,"Comprehensive renovations of building across different sectors and fields as education or health care system. Energy efficiency measures will be included in renovation schemes. ",null,null,"Positive",null,"2021-04-08","EUR"]
["SVK12","SVK","Other or not specified","Sectoral","Multiple or economy-wide","700 million EUR","Climate Mitigation",null,null,"Comprehensive renovation of public and private buildings including historic buildings",null,null,"Positive",null,"2021-04-08","EUR",700,{"$f":"IFERROR(Q592/VLOOKUP(P592,'Exchange rates to USD'!$L$2:$N$225,3,FALSE()),\"\")","v":771.868258751932}]
["SVK13","SVK","Other or not specified","Sectoral","Multiple or economy-wide","150 million EUR","Adaptation","Climate Mitigation",null,"Adaptation to Climate Change (including biodiversity protection): adaptation measures, renaturalization of rivers, increasing strictly protected areas",null,null,"Positive",null,"2021-04-08","EUR",150,{"$f":"IFERROR(Q593/VLOOKUP(P593,'Exchange rates to USD'!$L$2:$N$225,3,FALSE()),\"\")","v":165.400341161128}]
["SVK14","SVK","Other or not specified","Sectoral","Multiple or economy-wide","300 million EUR","Climate Mitigation","Air Pollution",null,"Decarbonisation of industry sectors: Allocation based on auction criteria of abatement cost per tonne of GHG emissions. The scheme will support broad spectre of businesses, both those included in the EU ETS and outside. \n",null,null,"Positive",null,"2021-04-08","EUR",300,{"$f":"IFERROR(Q594/VLOOKUP(P594,'Exchange rates to USD'!$L$2:$N$225,3,FALSE()),\"\")","v":330.800682322256}]
["SVK15","SVK","Other or not specified","Sectoral","Surface transport","750 million EUR","Climate Mitigation","Air Pollution",null,"Efficient transport investments - support of low-emission transport, ecological public and cargo transport and building the infrastructure for alternative fuels",null,null,"Positive",null,"2021-04-08","EUR",750,{"$f":"IFERROR(Q595/VLOOKUP(P595,'Exchange rates to USD'!$L$2:$N$225,3,FALSE()),\"\")","v":827.001705805641}]
["SVK16","SVK","Other or not specified","Sectoral","Multiple or economy-wide","220 million EUR","Climate Mitigation","Air Pollution",null,"Renewable energy: Investment into new installed RES capacities, repowering of existing ones, supporting flexibility of the distribution networks and lastly supporting RES in district heating sector. ",null,null,"Positive",null,"2021-04-08","EUR",220,{"$f":"IFERROR(Q596/VLOOKUP(P596,'Exchange rates to USD'!$L$2:$N$225,3,FALSE()),\"\")","v":242.587167036321}]
["SVN1","SVN","Grant/Loan (including interest-free loans)","Economy-wide","Multiple or economy-wide","EUR million 2305",null,null,null,"Funding from the NRRP for sustainable and green transition (grants: EUR million 705; loans:EUR million 1600)","https://www.gov.si/en/news/2020-10-08-government-approves-draft-national-recovery-and-resilience-plan/","http://country.eiu.com/article.aspx?articleid=1910238574&Country=Slovenia&topic=Economy&subtopic=Forecast&subsubtopic=Fiscal+policy+outlook","Indeterminate","The Government approved on 8/10/20 the National Recovery and Resilience Plan (NRRP). Over the next 6 years Slovenia will utilise around EUR 5.7 billion of the funding available under the recovery instrument. In addition to EUR 5.2 billion available under the Recovery and Resilience Facility (RRF), Slovenia is also eligible to EUR 312 million available under the React-EU initiative, EUR 129 million under the Just Transition Fund and EUR 68 million for Rural Development. The government is planning investments in rail and motorway infrastructure, army equipment, and improvements to public health facilities (including energy savings), as well as targeting environmental improvements, scientific research and greater cost competitiveness. The environmental component of the available grants represents the largest share (42%).","2020-12-14","EUR",2305,{"$f":"IFERROR(Q597/VLOOKUP(P597,'[1]Exchange rates to USD'!$L$2:$N$225,3,FALSE()),\"\")","v":2541.651909176}]
["ESP1","ESP","Regulatory change","Sectoral","Agriculture",null,"Climate Mitigation","Air Pollution","Waste & recycling","March 30 2020, essential activities for the maintenance of the activity of agriculture, livestock and fishing can be carried out. Agricultural, livestock and aquaculture production, as well as fishing activity, transformation of agricultural and fishery products, veterinary centers or clinics, transport and distribution of food, as well as its commercialization through retail sales to consumers, form the food supply chain whose activity must be guaranteed in the state of alarm. This implies that the activity of agri-food companies as a whole, including agricultural, livestock, aquaculture and fishing activities, must be maintained, but also that of the companies that, in turn, supply them with the inputs and services necessary to its operation and that they are essential at this time.","Available in Spaish only:\nhttps://www.miteco.gob.es/es/ministerio/medidas-covid19/ \nhttps://www.mapa.gob.es/es/prensa/ultimas-noticias/la-agricultura-ganader%C3%ADa-pesca-industria-alimentaria-y-sus-actividades-relacionadas-son-servicios-esenciales/tcm:30-536830\n; https://www.mapa.gob.es/es/prensa/200330cminextraordinario_tcm30-536832.pdf",null,"Indeterminate",null,null,null,null,{"$f":"IFERROR(Q598/VLOOKUP(P598,'Exchange rates to USD'!$L$2:$N$225,3,FALSE()),\"\")","v":""}]
["ESP2","ESP","Skills training","Sectoral","Multiple or economy-wide",null,"Waste & recycling","Plastics",null,"Orden SND/445/2020, of the 26th of May and Order SND/271/2020, of the 19th March, by which instructions are established in regards to the management of waste products in the contet of the health crisis caused by COVID-19.  Within the context of article 7.1 of Law 22/2011 this Order supports and specifies methods for managing waste specifically related to COVID-19. ","https://www.boe.es/eli/es/o/2020/03/19/snd271","https://www.miteco.gob.es/images/es/200331directricesdesarrolloomsnd2712020_tcm30-509522.pdf","Indeterminate",null,null,null,null,{"$f":"IFERROR(Q599/VLOOKUP(P599,'Exchange rates to USD'!$L$2:$N$225,3,FALSE()),\"\")","v":""}]
["ESP3","ESP","Grant/Loan (including interest-free loans)","Sectoral","Multiple or economy-wide",null,"Biodiversity","Other",null,"Resolution of the 4 May of 2020, of the General Secretary of Fisheries by which activating prices for 2020, in the context of the storage mehcanism for fisheries and aquaculture products financed by the European Maritime Fund for Fisheries. Due to COVID-19 the European Regulation (UE) 2020/560 of the European Parliament and Council of the 23 of April 2020 by which Regulations (UE) n.º 508/2014 y (UE) n.º 1379/2013 are modified in relation to specific measures to limit the impact of COVID-19 in the fishing and aquaculture sectors so that unions can receive financial support by the application of storage during the period of the 1st of February till the 31st of December 2020.  ","https://www.boe.es/eli/es/res/2020/05/04/(2)",null,"Indeterminate",null,null,null,null,{"$f":"IFERROR(Q600/VLOOKUP(P600,'Exchange rates to USD'!$L$2:$N$225,3,FALSE()),\"\")","v":""}]
["ESP4","ESP","Tax reduction / Other subsidy","Sectoral","Energy",null,"Climate Mitigation","Air Pollution","Other","Royal Decree -Law 8/2020, of the 17 of March, of urgent extraordinary measures to face the economic and social impact of COVID-19. Relevant to the environment is the expansion of cover to vulnerable froups in the context of access to essential public services in particular water, natural gas and electricity andfreezing of the prices of LPG. Water supply and natural gas for human consumption is guaranteed by forbidding water cuts when payments are not met if the consumers fall under the category of vulnerable.\nEnergy supply is ensured by extending the Electrical Social Bond until the 15th of September 2020. Additionally the prices for LPG will not be updated to avoid an increase in their price. ","https://www.boe.es/eli/es/rdl/2020/03/17/8",null,"Indeterminate",null,null,null,null,{"$f":"IFERROR(Q601/VLOOKUP(P601,'Exchange rates to USD'!$L$2:$N$225,3,FALSE()),\"\")","v":""}]
["ESP5","ESP","Regulatory change","Sectoral","Multiple or economy-wide",null,"Biodiversity","Climate Mitigation",null,"Order of SND/440/2020, of the 23rd of May, by which diverse orders are modified to improve the management of the health crisis caused by COVID-19 in the implementation of the context of the recovery plan. Re-opening of natural plans is established as long as visitors do not exceed 20% of the maximum capacity. ","https://www.boe.es/eli/es/o/2020/05/23/snd440",null,"Indeterminate",null,null,null,null,{"$f":"IFERROR(Q602/VLOOKUP(P602,'Exchange rates to USD'!$L$2:$N$225,3,FALSE()),\"\")","v":""}]
["ESP6","ESP","Tax reduction / Other subsidy","Sectoral","Energy",null,"Air Pollution","Climate Mitigation","Other","Resolution of the 14th of April of 2020, of the Institute of Diversification and Energy Savings (IDAE), E.P.E., M.P., by which the conditions and the procedure to ask  tax exemptions for moratoriums and quota payments that were meant to enf by 2020 in loans formalised by IDAE","https://www.boe.es/eli/es/res/2020/04/14/(4)",null,"Indeterminate",null,null,null,null,{"$f":"IFERROR(Q603/VLOOKUP(P603,'Exchange rates to USD'!$L$2:$N$225,3,FALSE()),\"\")","v":""}]
["ESP7","ESP","Regulatory change","Sectoral","Multiple or economy-wide",null,"Waste & recycling","Other",null,"Royal Decree 692/2020, of the 21st of July. Measures for the adaptation of the use of maritime-land areas regulated by Law 22/1988, in the contect of exceptional measures adopted by the health authorities in the context of COVID-19","https://www.boe.es/eli/es/rd/2020/07/21/692/con",null,"Indeterminate",null,null,null,null,{"$f":"IFERROR(Q604/VLOOKUP(P604,'Exchange rates to USD'!$L$2:$N$225,3,FALSE()),\"\")","v":""}]
["ESP8","ESP","Regulatory change","City/regional","Multiple or economy-wide",null,"Climate Mitigation","Biodiversity","Waste & recycling","On the 7th of May 2020 Royal Decree 5/2020, on the mitigation of the socio-economic impact of COVID-19 in the area of environment in the region of Murcia. ","https://www.boe.es/ccaa/borm/2020/163/s15878-15878.pdf",null,"Indeterminate",null,null,null,null,{"$f":"IFERROR(Q605/VLOOKUP(P605,'Exchange rates to USD'!$L$2:$N$225,3,FALSE()),\"\")","v":""}]
["ESP9","ESP","Regulatory change","Economy-wide","Multiple or economy-wide",null,"Biodiversity","Other",null,"Royal Decree 570/2020, of the 16th of June, by which the administrative process to authorize the import to Spain of species with the enf of preserve spanish native species is regulated.","https://www.boe.es/eli/es/rd/2020/06/16/570",null,"Positive",null,null,null,null,{"$f":"IFERROR(Q606/VLOOKUP(P606,'Exchange rates to USD'!$L$2:$N$225,3,FALSE()),\"\")","v":""}]
["ESP10","ESP","Regulatory change","Sectoral","Energy",null,"Air Pollution","Other",null,"Royal Decree-Law 23/2020, of the 23rd of June, by which measures in matter of energy and other environments for reactivation of the economy.  It includes certain measures for the development of renewable energy that includes regulation of access and distribution to secure high demand and ensure risk reduction. ","https://www.boe.es/eli/es/rdl/2020/06/23/23",null,"Positive",null,null,null,null,{"$f":"IFERROR(Q607/VLOOKUP(P607,'Exchange rates to USD'!$L$2:$N$225,3,FALSE()),\"\")","v":""}]
["ESP11","ESP","Grant/Loan (including interest-free loans)","Sectoral","Surface transport","100 million EUR","Climate Mitigation","Air Pollution","Other","Royal Decree 569/2020, of the 16th of June, by which subsidies and incentives for efficient and sustainable mobility are regulated. In this context, this programme called MOVES II is designed to face the challenges post COVID-19 in developing a new mobility regime which integrates health safety for passangers and sustanability, energy efficiency and decarbonisation.  ","https://www.boe.es/eli/es/rd/2020/06/16/569",null,"Positive",null,null,"EUR",100,{"$f":"IFERROR(Q608/VLOOKUP(P608,'Exchange rates to USD'!$L$2:$N$225,3,FALSE()),\"\")","v":110.266894107419}]
["ESP12","ESP","Regulatory change","Economy-wide","Multiple or economy-wide",null,"Climate Mitigation","Other",null,"The Climate Change and Energy Transition Law to reach emission neutrality by 2050 was presented by the respective Ministry and approved by the Spanish Parliamnet (Congreso de los Diputados). We can expect further updates on this topic. ","https://www.miteco.gob.es/es/prensa/200519cminproyectoleycambioclimatico_tcm30-509230.pdf",null,"Positive",null,null,null,null,{"$f":"IFERROR(Q609/VLOOKUP(P609,'Exchange rates to USD'!$L$2:$N$225,3,FALSE()),\"\")","v":""}]
["ESP13","ESP","Regulatory change","Sectoral","Surface transport",null,"Air Pollution","Other",null,"Order SND/337/2020, of the 9th of April by which measures to guarantee the demand for essential services is met in regards to fuels for cars and boats in the context of COVID-19. ","https://boe.es/boe/dias/2020/04/11/pdfs/BOE-A-2020-4415.pdf",null,"Indeterminate",null,null,null,null,{"$f":"IFERROR(Q610/VLOOKUP(P610,'Exchange rates to USD'!$L$2:$N$225,3,FALSE()),\"\")","v":""}]
["ESP14","ESP","Grant/Loan (including interest-free loans)","Sectoral","Energy",null,"Climate Mitigation","Other",null,"Royal Decree Law 15/2020,\n(BOE núm. 112, 22/04/2020) - Ref. 38-01\nof the 21st of April, of urgent measures for supporting the economy and employment. Article 6 has developed subsidies of E.P.E. Institute to IDAE under loans. ","https://www.boe.es/boe/dias/2020/04/22/pdfs/BOE-A-2020-4554.pdf","https://www.idae.es/sites/default/files/documentos/ayudas_y_financiacion/escron_06-20ac.pdf","Indeterminate",null,null,null,null,{"$f":"IFERROR(Q611/VLOOKUP(P611,'Exchange rates to USD'!$L$2:$N$225,3,FALSE()),\"\")","v":""}]
["ESP15","ESP","Grant/Loan (including interest-free loans)","City/regional","Energy","316 million EUR","Climate Mitigation","Other",null,"10/09/2020 - The IDEA (Institute for the Diversification and Energy Savings - which is linked to the Ministry of Ecological Transition and Demographic Challenge (MITECO)- allocated the first 181 million EUR to support regional projects for energy and thermal generation in Andalucia, Asturias, Castilla-La Mancha, Cataluña, Extremadura, Madrid and Murcia. The IDAE will soon approve the remaining 316 million EUR for the public package towards renewable projects, which will be funded with the EU funds given towards the COVID-19 economic recovery. The funds will be used for:  - Aid for the installation of electricity generation with renewable sources, which supports photovoltaic, wind, biomass or renewable gas projects, including renewable hydrogen and self-consumption initiatives, among others.\n \n- Aid for the construction of facilities that generate thermal energy from renewable sources, which promotes projects with technologies such as geothermal energy, solar thermal energy, aerothermal energy or biomass. Projects will be financed, including innovative applications, that will allow companies to reduce energy costs and CO2 emissions and strengthen their competitiveness.","https://www.miteco.gob.es/es/prensa/ultimas-noticias/el-idae-destina-181-millones-a-las-primeras-convocatorias-para-financiar-proyectos-renovables-innovadores-en-siete-comunidades-aut%C3%B3nomas/tcm:30-511638","https://www.miteco.gob.es/es/prensa/200910coadidae_tcm30-511636.pdf","Positive",null,"2020-09-10","EUR",316,{"$f":"IFERROR(Q612/VLOOKUP(P612,'Exchange rates to USD'!$L$2:$N$225,3,FALSE()),\"\")","v":348.443385379443}]
["ESP16","ESP","Skills training","Economy-wide","Multiple or economy-wide","10.7 million EUR","Biodiversity","Other",null,"8/10/2020 - The Ministry for the Ecological Transition and the Demographic Challenge (MITECO), through the Biodiversity Foundation, has opened the deadline for two calls for grants to support the hiring of unemployed people and training and advice projects in the green and blue economy. With these calls, MITECO seeks to contribute to a green recovery. The objective of these grants is to address the current economic challenges generated by COVID-19, the loss of biodiversity, climate change and depopulation.","https://www.miteco.gob.es/es/prensa/201008convocatoriasprogramaempleaverde_tcm30-513891.pdf",null,"Positive",null,"2020-10-22","EUR",10.7,{"$f":"IFERROR(Q613/VLOOKUP(P613,'Exchange rates to USD'!$L$2:$N$225,3,FALSE()),\"\")","v":11.7985576694938}]
["ESP17","ESP","Grant/Loan (including interest-free loans)","Sectoral","Agriculture","4.3 million EUR","Biodiversity","Other",null,"15/10/2020 - The Biodiversity Foundation of the Ministry for the Ecological Transition and the Demographic Challenge (MITECO) allocates 4.3 million euros to support 47 projects that will work to reinforce the sustainability of fishing and aquaculture activities in Spain. In total, 34 entities will develop these projects, which will be co-financed by the European Maritime and Fisheries Fund (EMFF).","https://www.miteco.gob.es/es/prensa/201015elmitecodestina43millonesparaapoyarlasostenibilidaddelsectorpesqueroyacuicola_tcm30-514259.pdf",null,"Positive","Althougth it is not clear whether this project is actually accelerated because of COVID, the Biodiversity Foundation has already financed over 18 million EUR in the last few years. ","2020-10-22","EUR",4.3,{"$f":"IFERROR(Q614/VLOOKUP(P614,'Exchange rates to USD'!$L$2:$N$225,3,FALSE()),\"\")","v":4.74147644661901}]
["ESP18","ESP","Grant/Loan (including interest-free loans)","Sectoral","Energy","7.4 billion USD","Climate Mitigation","Air Pollution",null,"Recovery, Transformation and Resilience Plan for the Spanish Economy: Energy Transition","https://www.lamoncloa.gob.es/presidente/actividades/Paginas/2020/071020-sanchez_plan.aspx (Accessed 8 October 2020)_x000D_\n, https://www.lamoncloa.gob.es/serviciosdeprensa/notasprensa/presidencia/Paginas/2020/07102020_planrecuperacion.aspx (Accessed 8 October 2020)_x000D_\n, https://www.lamoncloa.gob.es/presidente/actividades/Documents/2020/07102020_PlanRecuperacion.pdf (Accessed 8 October 2020)",null,"POsitive",null,"2020-11-15","USD",7400,{"$f":"IFERROR(Q615/VLOOKUP(P615,'Exchange rates to USD'!$L$2:$N$225,3,FALSE()),\"\")","v":7400}]
["ESP19","ESP","Grant/Loan (including interest-free loans)","Sectoral","Surface transport","881 million USD","Climate Mitigation","Air Pollution",null,"Compensation for extraordinary expenses in public transport as part of the COVID-19 Fund","https://www.mitma.gob.es/el-ministerio/sala-de-prensa/noticias/mar-16062020-1616  Accessed 1 September 2020_x000D_\n_x000D_\n, https://www.lamoncloa.gob.es/consejodeministros/resumenes/Paginas/2020/160620-cministros.aspx  Accessed 1 September 2020_x000D_\n_x000D_\n, https://www.boe.es/diario_boe/txt.php?id=BOE-A-2020-6232  Accessed 1 September 2020_x000D_\n","https://revistas.eleconomista.es/transporte/2020/julio/el-gobierno-destina-800-millones-al-transporte-publico-por-el-covid-19-IN3825082  Accessed 1 September 2020","Indeterminate",null,"2020-11-15","USD",881,{"$f":"IFERROR(Q616/VLOOKUP(P616,'Exchange rates to USD'!$L$2:$N$225,3,FALSE()),\"\")","v":881}]
["ESP20","ESP","Grant/Loan (including interest-free loans)","Sectoral","Surface transport","303 million USD","Climate Mitigation","Air Pollution",null,"Fund to finance the extraordinary deficit of public transport services of local entities caused by COVID-19","https://www.boe.es/buscar/act.php?id=BOE-A-2020-9131  Accessed 26 August 2020_x000D_\n_x000D_\n, https://www.lamoncloa.gob.es/serviciosdeprensa/notasprensa/transportes/Paginas/2020/050820-transportes_local.aspx  Accessed 26 August 2020",null,"Indeterminate",null,"2020-11-15","USD",303,{"$f":"IFERROR(Q617/VLOOKUP(P617,'Exchange rates to USD'!$L$2:$N$225,3,FALSE()),\"\")","v":303}]
["ESP21","ESP","Grant/Loan (including interest-free loans)","Sectoral","Air transport","1.11 billion USD","Climate Mitigation",null,null,"IAG (Iberia, Vueling) airlines support, unconditional",null,null,"Negative",null,"2020-11-15","USD",1110,{"$f":"IFERROR(Q618/VLOOKUP(P618,'Exchange rates to USD'!$L$2:$N$225,3,FALSE()),\"\")","v":1110}]
["ESP22","ESP","Grant/Loan (including interest-free loans)","Sectoral","buildings","330.3 million USD","Climate Mitigation",null,null,"The Building Energy Rehabilitation Program (PREE), endowed with â‚¬ 300 million, aims to improve energy efficiency in buildings built before 2007 with measures such as changing the thermal envelope or replacing old boilers with more sustainable ones. The importance of these actions comes from the fact that the energy consumed in homes represents 30% of the final energy consumed in Spain._x000D_\nThese aids are co-financed by the European Regional Development Fund (ERDF)._x000D_\nThe government estimates that this â€œwave of rehabilitationâ€\u009d will generate, according to PNIEC estimates, some 48,000 net jobs per year between 2021 and 2030.","https://www.lamoncloa.gob.es/serviciosdeprensa/notasprensa/transicion-ecologica/Paginas/2020/180220-ccaa.aspx  Accessed 29 September 2020  , https://www.miteco.gob.es/es/prensa/ultimas-noticias/el-gobierno-destina-300-millones-de-euros-a-ayudas-para-la-rehabilitaci%C3%B3n-energ%C3%A9tica-de-edificios-/tcm:30-511135  Accessed 29 September 2020     ",null,"Positive",null,"2020-11-16","USD",330.3,{"$f":"IFERROR(Q619/VLOOKUP(P619,'Exchange rates to USD'!$L$2:$N$225,3,FALSE()),\"\")","v":330.3}]
["ESP23","ESP","Tax reduction / Other subsidy","Sectoral","Energy","271 million uSD","Climate Mitigation",null,null,"Subsidies to support innovative projects that stimulate the integration of renewable energies in electrical or thermal power generation systems","https://www.boe.es/diario_boe/txt.php?id=BOE-A-2020-9261 Accessed 29 September 2020_x000D_\n_x000D_\n, https://www.lamoncloa.gob.es/serviciosdeprensa/notasprensa/transicion-ecologica/Paginas/2020/050820-proyectos.aspx  Accessed 29 September 2020",null,"Positive",null,"2020-11-17","USD",271,{"$f":"IFERROR(Q620/VLOOKUP(P620,'Exchange rates to USD'!$L$2:$N$225,3,FALSE()),\"\")","v":271}]
["SWE1","SWE","Grant/Loan (including interest-free loans)","Sectoral","Air transport","SEK 5 bn","Climate Mitigation",null,null,"17/03 - Proposed credit guarantees for airlines of max SEK 5 billlion (of which 1.5 bn for SAS)","https://www.government.se/press-releases/2020/03/state-credit-guarantees-to-airlines-and-expanded-credit-guarantee-framework-for-the-swedish-export-credit-agency-to-mitigate-the-effects-of-sars-cov-2/",null,"Negative","tbc if conditions attached to these","26.10.2020","SEK",5000,{"$f":"IFERROR(Q621/VLOOKUP(P621,'Exchange rates to USD'!$L$2:$N$225,3,FALSE()),\"\")","v":517.542608413246}]
["SWE2","SWE","Skills training","Sectoral","Forestry","SEK 150 million","Climate Mitigation","Biodiversity","Other","Relaunching an initiative for green jobs for people who are far from the labour market (part of the Government’s proposed Spring Amending Budget for 2020)","https://www.government.se/articles/2020/04/green-jobs-important-measure-to-tackle-unemployment-during-covid-19-crisis/",null,"Positive",null,"26.10.2020","SEK",150,{"$f":"IFERROR(Q622/VLOOKUP(P622,'Exchange rates to USD'!$L$2:$N$225,3,FALSE()),\"\")","v":15.5262782523974}]
["SWE3","SWE","Regulatory change","Sectoral","Industry",null,null,null,null,"Give exploration companies an additional year to carry out their work (does not cover exploration permits for coal, oil or gaseous hydrocarbons)","https://www.government.se/press-releases/2020/06/one-year-extension-of-exploration-permits-due-to-covid-19-presented-to-riksdag/",null,"Indeterminate",null,"26.10.2020",null,null,{"$f":"IFERROR(Q623/VLOOKUP(P623,'Exchange rates to USD'!$L$2:$N$225,3,FALSE()),\"\")","v":""}]
["SWE4","SWE","Grant/Loan (including interest-free loans)","Sectoral","Energy",null,"Climate Mitigation","Air Pollution",null,"The Government proposes an expansion of support for the installation of solar cells to enable more people to be granted support.","https://www.government.se/press-releases/2020/04/the-government-presents-the-2020-spring-fiscal-policy-bill/",null,"Positive",null,"26.10.2020",null,null,{"$f":"IFERROR(Q624/VLOOKUP(P624,'Exchange rates to USD'!$L$2:$N$225,3,FALSE()),\"\")","v":""}]
["SWE5","SWE","R&D subsidies","Sectoral","Energy","SEK 120 million","Climate Mitigation","Air Pollution",null,"The Government proposes a reinforcement of support for the production of biogas.","https://www.government.se/press-releases/2020/04/the-government-presents-the-2020-spring-fiscal-policy-bill/",null,"Positive",null,"26.10.2020","SEK",120,{"$f":"IFERROR(Q625/VLOOKUP(P625,'Exchange rates to USD'!$L$2:$N$225,3,FALSE()),\"\")","v":12.4210226019179}]
["SWE6","SWE","Other or not specified","Sectoral","Buildings","SEK 0.90 billion (2021)","Climate Mitigation","Air Pollution",null,"Energy efficiency and renovation of multi-dwelling buildings and outdoor environments 0.90 2.40 1.00 ","https://www.government.se/4a6f35/globalassets/government/dokument/finansdepartementet/excel/bp-2021/table-1.1-reform-table.pdf",null,"Positive",null,"26.10.2020","SEK",900,{"$f":"IFERROR(Q626/VLOOKUP(P626,'Exchange rates to USD'!$L$2:$N$225,3,FALSE()),\"\")","v":93.1576695143843}]
["SWE7","SWE","Other or not specified","Sectoral","Buildings","SEK 1.10 billion (2022)","Climate Mitigation","Air Pollution",null,"Investment support for rental housing 1.10 1.90 ","https://www.government.se/4a6f35/globalassets/government/dokument/finansdepartementet/excel/bp-2021/table-1.1-reform-table.pdf",null,"Indeterminate",null,"26.10.2020","SEK",1100,{"$f":"IFERROR(Q627/VLOOKUP(P627,'Exchange rates to USD'!$L$2:$N$225,3,FALSE()),\"\")","v":113.859373850914}]
["SWE8","SWE","Other or not specified","Sectoral","Surface transport","SEK 1.22 billion (2021)","Climate Mitigation","Air Pollution",null,"Transition of the transport sector 1.22 1.22 0.89 ","https://www.government.se/4a6f35/globalassets/government/dokument/finansdepartementet/excel/bp-2021/table-1.1-reform-table.pdf",null,"Positive",null,"26.10.2020","SEK",1220,{"$f":"IFERROR(Q628/VLOOKUP(P628,'Exchange rates to USD'!$L$2:$N$225,3,FALSE()),\"\")","v":126.280396452832}]
["SWE9","SWE","Other or not specified","Sectoral","Surface transport","SEK -0.15 billion (2021)","Climate Mitigation","Air Pollution",null,"Adjusted taxable benefit rates for passenger cars -0.15 -0.73 -1.31 ","https://www.government.se/4a6f35/globalassets/government/dokument/finansdepartementet/excel/bp-2021/table-1.1-reform-table.pdf",null,"Positive",null,"26.10.2020","SEK",150,{"$f":"IFERROR(Q629/VLOOKUP(P629,'Exchange rates to USD'!$L$2:$N$225,3,FALSE()),\"\")","v":15.5262782523974}]
["SWE10","SWE","Other or not specified",null,null,"SEK -0.33 billion (2021)","Climate Mitigation","Air Pollution",null,"Enhanced and simplified environmental governance in the bonus-malus system -0.33 -0.85 -1.38 ","https://www.government.se/4a6f35/globalassets/government/dokument/finansdepartementet/excel/bp-2021/table-1.1-reform-table.pdf",null,"Positive",null,"26.10.2020","SEK",330,{"$f":"IFERROR(Q630/VLOOKUP(P630,'Exchange rates to USD'!$L$2:$N$225,3,FALSE()),\"\")","v":34.1578121552742}]
["SWE11","SWE","Other or not specified","Sector-specific",null,"SEK -0.15 billion (2021)","Climate Mitigation","Air Pollution",null,"Abolished reduction of energy tax on fuel in certain sectors -0.15 -0.60 -0.60 ","https://www.government.se/4a6f35/globalassets/government/dokument/finansdepartementet/excel/bp-2021/table-1.1-reform-table.pdf",null,"Positive",null,"26.10.2020","SEK",150,{"$f":"IFERROR(Q631/VLOOKUP(P631,'Exchange rates to USD'!$L$2:$N$225,3,FALSE()),\"\")","v":15.5262782523974}]
["SWE12","SWE","Other or not specified","Sectoral","Surface transport","SEK 0.50 billion (2021)","Climate Mitigation","Air Pollution",null,"Charging infrastructure for heavy vehicles 0.50 0.55 ","https://www.government.se/4a6f35/globalassets/government/dokument/finansdepartementet/excel/bp-2021/table-1.1-reform-table.pdf",null,"Positive",null,"26.10.2020","SEK",500,{"$f":"IFERROR(Q632/VLOOKUP(P632,'Exchange rates to USD'!$L$2:$N$225,3,FALSE()),\"\")","v":51.7542608413246}]
["SWE13","SWE","Other or not specified","Sectoral","Surface transport","SEK 2 billion (2021)","Climate Mitigation","Air Pollution",null,"Support to public transport 2.00 ","https://www.government.se/4a6f35/globalassets/government/dokument/finansdepartementet/excel/bp-2021/table-1.1-reform-table.pdf",null,"Positive",null,"26.10.2020","SEK",2000,{"$f":"IFERROR(Q633/VLOOKUP(P633,'Exchange rates to USD'!$L$2:$N$225,3,FALSE()),\"\")","v":207.017043365298}]
["SWE14","SWE","Other or not specified","Sectoral","Surface transport","SEK 0.50 billion (2021)","Climate Mitigation","Air Pollution",null,"Maintenance of railways 0.50 0.50 0.50 ","https://www.government.se/4a6f35/globalassets/government/dokument/finansdepartementet/excel/bp-2021/table-1.1-reform-table.pdf",null,"Positive",null,"26.10.2020","SEK",500,{"$f":"IFERROR(Q634/VLOOKUP(P634,'Exchange rates to USD'!$L$2:$N$225,3,FALSE()),\"\")","v":51.7542608413246}]
["SWE15","SWE","Other or not specified","Sector-specific",null,"SEK 1.59 billion (2021)","Biodiversity","Climate Mitigation",null,"Investments to protect natural areas 1.59 1.67 0.61 ","https://www.government.se/4a6f35/globalassets/government/dokument/finansdepartementet/excel/bp-2021/table-1.1-reform-table.pdf",null,"Positive",null,"26.10.2020","SEK",1590,{"$f":"IFERROR(Q635/VLOOKUP(P635,'Exchange rates to USD'!$L$2:$N$225,3,FALSE()),\"\")","v":164.578549475412}]
["SWE16","SWE","Other or not specified","Economy-wide",null,"SEK 1.88 billion (2021)","Climate Mitigation","Air Pollution",null,"Reduce climate emissions 1.88 1.14 0.52 ","https://www.government.se/4a6f35/globalassets/government/dokument/finansdepartementet/excel/bp-2021/table-1.1-reform-table.pdf",null,"Positive",null,"26.10.2020","SEK",1880,{"$f":"IFERROR(Q636/VLOOKUP(P636,'Exchange rates to USD'!$L$2:$N$225,3,FALSE()),\"\")","v":194.596020763381}]
["SWE17","SWE","Other or not specified","Sectoral","Forestry","SEK 0.60 billion (2021)","Biodiversity","Adaptation",null,"Measures to protect valuable natural areas 0.60 0.25","https://www.government.se/4a6f35/globalassets/government/dokument/finansdepartementet/excel/bp-2021/table-1.1-reform-table.pdf",null,"Positive",null,"26.10.2020","SEK",600,{"$f":"IFERROR(Q637/VLOOKUP(P637,'Exchange rates to USD'!$L$2:$N$225,3,FALSE()),\"\")","v":62.1051130095895}]
["SWE18","SWE","Tax reduction / Other subsidy","Sectoral","Multiple or economy-wide","SEK 0.20 billion (2021)","Air Pollution","Biodiversity",null,"Tax reduction for installation of green technology 0.20 0.20 0.20 ","https://www.government.se/4a6f35/globalassets/government/dokument/finansdepartementet/excel/bp-2021/table-1.1-reform-table.pdf",null,"Positive",null,"26.10.2020","SEK",200,{"$f":"IFERROR(Q638/VLOOKUP(P638,'Exchange rates to USD'!$L$2:$N$225,3,FALSE()),\"\")","v":20.7017043365298}]
["SWE19","SWE","Other or not specified","Economy-wide","Multiple or economy-wide","SEK 0.15 billion (2021)","Waste & recycling","Plastics",null,"Circular economy 0.15 0.14 0.01","https://www.government.se/4a6f35/globalassets/government/dokument/finansdepartementet/excel/bp-2021/table-1.1-reform-table.pdf",null,"Positive",null,"26.10.2020","SEK",150,{"$f":"IFERROR(Q639/VLOOKUP(P639,'Exchange rates to USD'!$L$2:$N$225,3,FALSE()),\"\")","v":15.5262782523974}]
["CHE1","CHE","Grant/Loan (including interest-free loans)","Economy-wide","Multiple or economy-wide","59.1 billion",null,null,null,"Federal Financial Stimulus Package (not connected to environmental standards)\n\nSwitzerland’s COVID-19 response primarily consists of a financial package of more than CHF57 billion ($59.1 billion) to help businesses and institutions cope with the impact of the coronavirus pandemic in Switzerland. Green industries are likely to benefit from this support, but  will not recieve any special treatment.\n\nThe package consists of loan guarantees to small and medium-sized companies (CHF40 billion), a scheme for short-time work compensation (CHF6 billion),  benefits for one-person business ventures (CHF5.3 billion) and aid for the Swiss aviation sector (CHF1.9 Billion, see CHE 3 for more details).\n\nSeveral parliamentary parties tried to link federal COVID-19 aid to environmental standards, but these demands were rejected in the final package. \n","https://www.swissinfo.ch/eng/sign-off-session_swiss-parliament-extends-coronavirus-relief-package/45737938","https://www.imf.org/en/Topics/imf-and-covid19/Policy-Responses-to-COVID-19","Indeterminate","Switzerland has not announced further fiscal stimulus packages - with several credit programs having already concluded in August/September. There has been no change to recovery efforts environmentral standard criteria's (I.e. they still don't exist). ",null,"USD",59100,{"$f":"IFERROR(Q640/VLOOKUP(P640,'Exchange rates to USD'!$L$2:$N$225,3,FALSE()),\"\")","v":59100}]
["CHE2","CHE","Grant/Loan (including interest-free loans)","Sectoral","Surface transport","873 Million","Climate Mitigation","Air Pollution",null,"Grant/Loan Support for Swiss Rail and Public Transport\n\nFederal Council has announced seperate fiscal meassures (primarily  grants and credit support) totaling 873 Million USD to help Switzerland's ailing Rail and Public Transport Industry in the wake of COVID-19. This has been justified on the grounds that Switzerland's emission reduction strategy is centered upon increased use of rail and public transport, and therefore the industry needs to come out strong from the crisis. \n","https://www.admin.ch/gov/de/start/dokumentation/medienmitteilungen.msg-id-79707.html","https://www.admin.ch/gov/de/start/dokumentation/medienmitteilungen.msg-id-79707.html","Positive","Program on-going. ",null,"USD",873,{"$f":"IFERROR(Q641/VLOOKUP(P641,'Exchange rates to USD'!$L$2:$N$225,3,FALSE()),\"\")","v":873}]
["CHE3","CHE","Grant/Loan (including interest-free loans)","Sectoral","Air transport","1.98 Billion","Climate Mitigation",null,null,"Support for Civil Aviation Industry (Expanded August 26th)\n\nAs part of its $59 Billion Financial Stimuls Package (see CHE1) the government has provided aid to the Swiss Civil Aviation industry, totaling $1.93 Billion, to ensure vital transport infrastructure for the Swiss economy.\n\nThe government will provide CHF1.275 billion to guarantee loans to airlines operating in Switzerland, and CHF600 million to support aviation companies at national airports. On August 26th, a 130 million loan to air traffic control company Skyguide.\n\nThe target is to maintain the same level of airline connections and passenger traffic as the beginning of 2020 after the pandemic.The government has opened up for more support to the aviation industry if the crisis prolongs.\n","https://www.swissinfo.ch/eng/coronavirus-and-airlines_parliament-pays-up-to-keep-vital-swiss-air-links-open/45740514","https://www.swissinfo.ch/eng/-parliament-agrees-extra-millions-for-covid-19-budget/46024120","Negative","Support expanded to provide financial support for companies like Skybridge, which otherwise would face insolvency due to the continued decline in flight numbers. ",null,"USD",1980,{"$f":"IFERROR(Q642/VLOOKUP(P642,'Exchange rates to USD'!$L$2:$N$225,3,FALSE()),\"\")","v":1980}]
["CHE4","CHE","Grant/Loan (including interest-free loans)","Sectoral","Energy","47 Million","Climate Mitigation","Other",null,"Financial support for Solar Energy Installations\n\nThe government has increased its financial support of residential and commercial rooftop solar energy markets to help the sectors withstand the COVID-19 crisis.\n\nThe Swiss government has increased financial support of its solar PV rebate scheme by $47 million. This means $387.6 million is now available in rebates for rooftop solar energy projects.\n\nSwitzerland recorded an increase in the number of residential consumers applying for rebates between 2018 and January 2020. Applications have declined over the past four months, a trend expected to continue due to the worsening pandemic. Authorities predict the situation would lead to failures in compensating for project costs without further financial support. \n","https://www.smart-energy.com/renewable-energy/covid-19-switzerland-avoids-a-slump-in-the-solar-market/",null,"Positive",null,null,"USD",47,{"$f":"IFERROR(Q643/VLOOKUP(P643,'Exchange rates to USD'!$L$2:$N$225,3,FALSE()),\"\")","v":47}]
["CHE5","CHE","R&D subsidies","Economy-wide","Energy","168 Million","Climate Mitigation",null,null,"Credit Guarentees for Green Energy/Tech Start-ups (Expired in August)\n\n The Federal and Canton governments are deploying system of credit guarantees to shield start-ups from coronavirus-related insolvency.\n\nMany (though not all) of these start-ups are expected to work within green tech/energy. The Confederation can guarantee up to CHF 100 million in total, and with the cantons, guarantees can be provided for up to CHF 154 million in credits.\n","https://www.smart-energy.com/renewable-energy/covid-19-switzerland-avoids-a-slump-in-the-solar-market/","https://www.imf.org/en/Topics/imf-and-covid19/Policy-Responses-to-COVID-19","Mixed","Policy expired in August. ",null,"USD",168,{"$f":"IFERROR(Q644/VLOOKUP(P644,'Exchange rates to USD'!$L$2:$N$225,3,FALSE()),\"\")","v":168}]
["CHE6","CHE","Regulatory change","Economy-wide","Air transport","N/A","Climate Mitigation","Biodiversity","Air Pollution","Maintenance of climate targets attatched to Civil Aviation Support\n\nAfter a long debate, the Swiss government has decided it will not alter climate targets for its aviation industry in the wake of COVID-19. \n\nConsequently the government’s existing climate targets are still valid and airlines are expected to contribute to them in exchange for financial support.\n","https://www.reuters.com/article/us-health-coronavirus-swiss-politics/swiss-environmentalists-demand-green-recovery-after-coronavirus-idUSKBN22G1G3",null,"Mixed","Still in effect",null,"USD",null,{"$f":"IFERROR(Q645/VLOOKUP(P645,'Exchange rates to USD'!$L$2:$N$225,3,FALSE()),\"\")","v":0}]
["CHE7","CHE","R&D subsidies","Economy-wide","Energy","221.1 Million","Climate Mitigation",null,null,"Increased subsidies for Renewable Energy Projects\n\n The federal government has decided to offer additional support for renewable energy by providing the electricity industry with greater planning and investment security, while strengthening supply security.\n\nSubsidies for PV arrays, biomass installations, and hydroelectric power projects will be maintained until 2035, and owners of new wind farms, small hydropower plants, biogas projects, and geothermal facilities will be able to request additional subsidies to cover planning costs.\n\nThe cost of the redesigned incentive measures (all renewable) will amount to around CHF 215 million (USD 221.2 million) per year. Incentives will be financed via a levy collected on the network.\n","https://www.swissinfo.ch/eng/coronavirus-and-airlines_parliament-pays-up-to-keep-vital-swiss-air-links-open/45740514",null,"Positive","Still in effect.",null,"USD",221.1,{"$f":"IFERROR(Q646/VLOOKUP(P646,'Exchange rates to USD'!$L$2:$N$225,3,FALSE()),\"\")","v":221.1}]
["CHE8","CHE","Tax reduction / Other subsidy","Economy-wide","Multiple or economy-wide","500 Million","Climate Mitigation","Adaptation",null,"Swiss Parliament strentghen the countries CO2 Law to reduce carbon emissions by 50% by 2030 relative to 1990 levels.\nThe new law introduces numerous incentives to reduce greenhouse gas emissions in line with the Paris Agreement, include a tax on private jet flights as well as a tax on airline tickets of CHF30-120 ($33-131) depending on the flight distance.  Higher taxes on fossil fuels including oil are also part of the package.These are expected to genarate 500 Million CHF. \n\nThis revenue will partially fund the creation of a special climate fund to research new technology.\n\nIn addition, the Swiss Financial Market Supervisory Authority and the Swiss National Bank will have to periodically measure the financial risks resulting from climate change.\n\n\n","https://www.swissinfo.ch/eng/politics/passengers-to-pay-a-co2-tax-on-plane-tickets/45826798","https://www.swissinfo.ch/eng/parliament-agrees-on-air-ticket-tax-and-other-incentives-to-reach-climate-target/46052860","Positive","Swiss Parliament has approved the legislation, but it is possible it may be lifted to a referendum. ",null,"USD",500,{"$f":"IFERROR(Q647/VLOOKUP(P647,'Exchange rates to USD'!$L$2:$N$225,3,FALSE()),\"\")","v":500}]
["CHE9","CHE","Other or not specified","Sectoral","Multiple or economy-wide","150 Million","Climate Mitigation",null,null,"Swiss Government increases its contributions to the Green Climate Fund\n\nSwitzerland will commit $150 million (approx. CHF135 million) to the fund aimed at helping developing countries reduce greenhouse gas emissions and adapt to climate change, highlighting the need to enable financing following the COVID pandemic.\n","https://www.swissinfo.ch/eng/switzerland-to-substantially-boost-funding-of-green-climate-fund/45977814",null,"Indeterminate","Alongside the Carbon offset deal, I think this policy highlights the extent to which Switzerland is orienting its green recovery response towards international spending",null,"USD",150,{"$f":"IFERROR(Q648/VLOOKUP(P648,'Exchange rates to USD'!$L$2:$N$225,3,FALSE()),\"\")","v":150}]
["CHE10","CHE","Grant/Loan (including interest-free loans)","Economy-wide","Multiple or economy-wide","70 Million","Climate Mitigation","Adaptation",null,"Swiss Government signs the worlds first Carbon Offset Deal with Peru\n\nSwitzerland has struck a carbon offsetting agreement with Peru, in what the two nations say is the first deal of its kind under Article 6 of the Paris agreement.\n\nThe deal signed on Tuesday allows Peru to fund sustainable development projects, while Switzerland gets to count the resulting emissions cuts against its national targets. It is expected to include initial Green Credit Lines of 70$ Million, and is expected to expand over time. \n","https://www.climatechangenews.com/2020/10/21/peru-switzerland-sign-world-first-carbon-offset-deal-paris-agreement/",null,"Indeterminate","Important to note it's a carbon offset deal - the actual emission reductions will occur in Peru, with Switzerland essentially paying for it in exchange for including it in their national emission reductions. ",null,"USD",70,{"$f":"IFERROR(Q649/VLOOKUP(P649,'Exchange rates to USD'!$L$2:$N$225,3,FALSE()),\"\")","v":70}]
["TUR1","TUR","Tax reduction / Other subsidy","Sectoral","Air transport",null,"Climate Mitigation",null,null,"In April: Reduction of VAT on domestic air travel from 18% to 1% for three months; Update in September: \"Payments in April, May and June related to withholding tax returns, VAT returns and Social Security Premiums and service documents will be postponed for six months for companies operating in certain industries (e.g. retail, iron steel, automotive, logistics and transportation, cinema and theatre, accommodation, food and beverages, textile and garment and event organization).\"","https://www.invest.gov.tr/tr/news/newsletters/lists/investnewsletter/yat%C4%B1r%C4%B1m-ofisi-nis-2020-b%C3%BClten.pdf; https://home.kpmg/xx/en/home/insights/2020/04/turkey-tax-developments-in-response-to-covid-19.html","https://www.medefinternational.fr/wp-content/uploads/2020/03/C19_Economic-Stability-Shield-Program.pdf","Negative",null,"2020-11-06"]
["TUR2","TUR","Other or not specified","Economy-wide",null,"not specified","Waste & recycling",null,null,"The New Economic Program 2021-2023 released on 30 September includes this somewhat vague statement: \"Z ero waste practices will continue to be expanded with the\nperspective of green economy and sustainable environment.\" Goal assigned to the Ministry of Environment and Urbanisation to be achieved by 2023, but no quantitative target or associated budget.","https://ms.hmb.gov.tr/uploads/2020/10/New-Economy-Program-2021-2023.pdf",null,"Positive",null,"2020-11-06"]
["TUR3","TUR","Other or not specified","Sectoral","Agriculture","not specified","Other",null,null,"The New Economic Program 2021-2023 aims to boost domestic food production in an effort to ensure food (and water) security. It explicitly frames this as a climate change risk-related decision \"In view of the climate change and other risks, to meet the required and strategic farm products with supply deficit primarily by our resources and to meet the future generations’ food supply safety; planned production studies will be completed and plans will be updated every year to ensure food and water safety in the long term by setting agricultural and forestry policies based on strategic production and sustainability principles and enforcing them in a holistic and integrated way. \"; also assigned to the Ministry of Environment and Urbanisation without an assigned budget or quantitative target.","https://ms.hmb.gov.tr/uploads/2020/10/New-Economy-Program-2021-2023.pdf",null,"Mixed",null,"2020-11-06"]
["TUR4","TUR","Regulatory change","Economy-wide","Multiple or economy-wide","not specified",null,null,null,"The New Eeconomic Program 2021-2023: Turkey aims to prepare its export sector for the European Green Deal \"Within the scope of the Turkey-EU Customs Union, necessary work and preparation will be made in dialogue with the EU by coordinating the public sector, the private sector, NGOs and universities to ensure adaptation to the European Green Deal regarding Turkish exports to the EU.\"","https://ms.hmb.gov.tr/uploads/2020/10/New-Economy-Program-2021-2023.pdf",null,"Indeterminate",null,"2020-11-06"]
["TUR5","TUR","Regulatory change","Sectoral","Energy",null,"Climate Mitigation",null,null,"The Renewable Energy Support Scheme (YEKDEM) was first introduced into the system in 2013 and it outlines feed-in-tariffs of $0.133 for solar and biomass, $0.105 for geothermal, $0.073 for wind and hydro plants and it is valid for 10 years. Although this scheme was previously set to be repealed by the end of 2020 (November, 2nd being the last date of applications) now the Ministry of Energy and Natural Resources proposes to extend the application date for another 6 months, to benefit the renewable energy investors who were struggling with their imports and finances.","https://www.resmigazete.gov.tr/eskiler/2020/09/20200918-8.pdf Accessed 21 September 2020.",null,"Positive",null,"2020-11-15"]
["TUR6","TUR","Regulatory change","Sectoral","Energy",null,"Climate Mitigation",null,null,"Turkey is introducing a 'green tariff' to encourage the use of domestic renewable energy and to direct citizens with high environmental awareness to renewable energy consumption. As of August, the special tariff will be available to consumers who want to use electricity produced solely from renewable energy sources. The prices will vary between 79.25 and 91.46 cents TRY per kilowatt-hour, depending on the consumer group.","https://www.resmigazete.gov.tr/eskiler/2020/07/20200724-24.pdf _x000D_\nAccessed 27 July 2020",null,"Positive",null,"2020-11-15"]
["GBR1","GBR","Grant/Loan (including interest-free loans)","Sectoral","Buildings","GBP 500 million","Climate Mitigation",null,null,"£500 million funding will be allocated to local authorities through the Green Homes Grant Local Authority Delivery (LAD) scheme, to improve the energy efficiency of homes of low-income households, helping reduce fuel poverty, phasing out high carbon fossil fuel heating, and delivering progress towards the UK’s commitment to net zero by 2050.","https://www.gov.uk/government/publications/green-homes-grant-local-authority-delivery-scheme-entering-a-bid",null,"Positive",null,"2021-04-08","GBP",500,{"$f":"IFERROR(Q656/VLOOKUP(P656,'Exchange rates to USD'!$L$2:$N$225,3,FALSE()),\"\")","v":637.04128074595}]
["GBR2","GBR","Grant/Loan (including interest-free loans)","Sectoral","Buildings","GBP 320 million","Climate Mitigation",null,null,"£320 million over the next Financial Year to pay for green improvements such as loft, wall and floor insulation that could save some households hundreds of pounds a year on their energy bills. Vouchers will cover two-thirds of the cost of eligible improvements, up to a maximum government contribution of £5,000","https://www.gov.uk/government/publications/the-ten-point-plan-for-a-green-industrial-revolution/title",null,"Positive",null,null,"GBP",320,{"$f":"IFERROR(Q657/VLOOKUP(P657,'Exchange rates to USD'!$L$2:$N$225,3,FALSE()),\"\")","v":407.706419677408}]
["GBR3","GBR","Grant/Loan (including interest-free loans)","Sectoral","Buildings","1.4 billion","Climate Mitigation",null,null,"£1bn fund for public buildings, such as hospitals, schools, to improve energy efficiency.","https://www.gov.uk/government/news/rishis-plan-for-jobs-will-help-britain-bounce-back",null,"Positive",null,null,"USD",1400,{"$f":"IFERROR(Q658/VLOOKUP(P658,'Exchange rates to USD'!$L$2:$N$225,3,FALSE()),\"\")","v":1400}]
["GBR4","GBR","Grant/Loan (including interest-free loans)","Sectoral","Industry","182.52 million","Climate Mitigation","Air Pollution",null,"£139 million to cut emissions in heavy industry by supporting the transition from natural gas to clean hydrogen power, and scaling up carbon capture and storage (CCS) technology which can stop over 90% of emissions being released from industrial plants into the air by storing carbon permanently underground","https://www.gov.uk/government/news/pm-commits-350-million-to-fuel-green-recovery",null,"Positive",null,"2020-11-06","USD",182.52,{"$f":"IFERROR(Q659/VLOOKUP(P659,'Exchange rates to USD'!$L$2:$N$225,3,FALSE()),\"\")","v":182.52}]
["GBR5","GBR","R&D subsidies","Sectoral","Industry","195.66 million","Climate Mitigation","Waste & recycling",null,"£149 million to drive the use of innovative materials in heavy industry; the 13 initial projects will include proposals to reuse waste ash in the glass and ceramics industry, and the development of recyclable steel","https://www.gov.uk/government/news/pm-commits-350-million-to-fuel-green-recovery",null,"Positive",null,"2020-11-06","USD",195.66,{"$f":"IFERROR(Q660/VLOOKUP(P660,'Exchange rates to USD'!$L$2:$N$225,3,FALSE()),\"\")","v":195.66}]
["GBR6","GBR","R&D subsidies","Sectoral","Buildings","34.14 million","Climate Mitigation","Waste & recycling",null,"£26 million to support advanced new building techniques in order to reduce build costs and carbon emissions in the construction industry","https://www.gov.uk/government/news/pm-commits-350-million-to-fuel-green-recovery",null,"Positive",null,"2020-11-06","USD",34.14,{"$f":"IFERROR(Q661/VLOOKUP(P661,'Exchange rates to USD'!$L$2:$N$225,3,FALSE()),\"\")","v":34.14}]
["GBR7","GBR","R&D subsidies","Sectoral","Buildings","13.13 million","Climate Mitigation","Waste & recycling",null,"£10 million boost for state of the art construction tech which will go towards 19 projects focused on improving productivity and building quality, for example, re-usable roofs and walls and “digital clones” of buildings that analyse data in real time","https://www.gov.uk/government/news/pm-commits-350-million-to-fuel-green-recovery",null,"Positive",null,"2020-11-06","USD",13.13,{"$f":"IFERROR(Q662/VLOOKUP(P662,'Exchange rates to USD'!$L$2:$N$225,3,FALSE()),\"\")","v":13.13}]
["GBR8","GBR","R&D subsidies","Economy-wide","Multiple or economy-wide","19.7 million","Climate Mitigation",null,null,"New National Space Innovation Programme backed by £15 million initial funding from the UK Space Agency, which will see the first £10million go towards projects that will monitor climate change across the globe, which could protect local areas from the impacts of extreme weather by identifying changes in the environment","https://www.gov.uk/government/news/pm-commits-350-million-to-fuel-green-recovery",null,"Positive",null,"2020-11-06","USD",19.7,{"$f":"IFERROR(Q663/VLOOKUP(P663,'Exchange rates to USD'!$L$2:$N$225,3,FALSE()),\"\")","v":19.7}]
["GBR9","GBR","Regulatory change","Economy-wide","Multiple or economy-wide",null,"Climate Mitigation",null,null,"UK Infrastructure Bank with capitalisation of £12bn. The Policy Design of the UK Infrastructure Bank provides further detail on the mandate and design of the new UK Infrastructure Bank, including the rationale for the Bank and its initial areas of focus. It announces the following: the initial capital available for the Bank; the location of the Bank’s headquarters; a local authority lending rate; next steps in the Bank’s development","https://www.gov.uk/government/publications/policy-design-of-the-uk-infrastructure-bank",null,"Mixed",null,"2021-04-08","GBP"]
["GBR10","GBR","Grant/Loan (including interest-free loans)","Economy-wide","Multiple or economy-wide","7.34 billion","Climate Mitigation",null,null,"£5.6bn of infrastructure spending. This will primarily be spent on maintenance and upgrades for hospitals (£1.5bn) and schools (£1.8bn), as well as £1bn for other local projects and smaller sums for maintenance of courts and roads.","https://www.instituteforgovernment.org.uk/explainers/governments-post-covid-19-stimulus-package","https://www.gov.uk/government/publications/a-plan-for-jobs-documents/a-plan-for-jobs-2020#policy-decisions","Mixed","Some of the projects were planned pre-COVID, others not. PM Johnson set up a taskforce Project Speed, but it is still unclear which projects are being funded at this stage. ","2020-11-06","USD",7340,{"$f":"IFERROR(Q665/VLOOKUP(P665,'Exchange rates to USD'!$L$2:$N$225,3,FALSE()),\"\")","v":7340}]
["GBR11","GBR","Grant/Loan (including interest-free loans)","Sectoral","Surface transport","GBP 13.4 billion","Climate Mitigation",null,null,"HM Treasury has provided £13.4 billion of targeted support for essential public transport services, in addition to the economy-wide schemes, including £8.8 billion for rail services, £3.3 billion for services in London, and over £1.3 billion of support for bus and light rail services across the rest of England. HM Treasury has approved £5.3 billion of targeted support for essential public transport services, in addition to the economy-wide schemes, including £3.5 billion for rail services, over £1 billion for services in London, and support for bus and light rail services across the rest of England.","https://assets.publishing.service.gov.uk/government/uploads/system/uploads/attachment_data/file/963166/Supplementary_Estimates_2020-21_web.pdf",null,"Positive",null,"2021-04-07","GBP",13400,{"$f":"IFERROR(Q666/VLOOKUP(P666,'Exchange rates to USD'!$L$2:$N$225,3,FALSE()),\"\")","v":17072.7063239914}]
["GBR12","GBR","Grant/Loan (including interest-free loans)","Sectoral","Buildings","GBP 110 million","Climate Mitigation",null,null,"Additional £60 million over FY21/22 to fund energy efficiency upgrades to Social Housing. The scheme builds upon the £50 million Social Housing Demonstrator project launched last year to create a total of £110m","https://www.gov.uk/government/publications/a-plan-for-jobs-documents/a-plan-for-jobs-2020","https://www.energypolicytracker.org/search-results/?_sfm_country=82","Positive",null,"2021-01-11","GBP",110,{"$f":"IFERROR(Q667/VLOOKUP(P667,'Exchange rates to USD'!$L$2:$N$225,3,FALSE()),\"\")","v":140.149081764109}]
["GBR13","GBR","R&D subsidies","Sectoral","Surface transport","GBP 73.5 million","Climate Mitigation",null,null,"£73.5m of funding awarded through the APC (Advanced Propulsion Centre) Core Competition which supports R&D targetted at strategically important parts of the vehicle value chain. ","https://www.gov.uk/government/news/735-million-to-boost-green-economic-recovery-in-automotive-sector",null,"Positive",null,"2021-01-11","GBP",73.5,{"$f":"IFERROR(Q668/VLOOKUP(P668,'Exchange rates to USD'!$L$2:$N$225,3,FALSE()),\"\")","v":93.6450682696546}]
["GBR14","GBR","Grant/Loan (including interest-free loans)","Sectoral","Industry","495.72 million","Climate Mitigation",null,null,"Support to Iberdrola International B.V. through Covid Corporate Financing Facility (CCFF) - Wind (125.94 million GBP)","https://www.bankofengland.co.uk/-/media/boe/files/markets/covid-corporate-financing-facility/cp-held-by-ccff-by-business.xlsx?",null,"Indeterminate","All CCFF lines marked as indeterminate following discussion with UK Treasury","2021-04-08","USD",495.72,{"$f":"IFERROR(Q669/VLOOKUP(P669,'Exchange rates to USD'!$L$2:$N$225,3,FALSE()),\"\")","v":495.72},"Country asked neutral focus"]
["GBR15","GBR","Grant/Loan (including interest-free loans)","Sectoral","Industry","181.77 million","Climate Mitigation",null,null,"Support to National Express Group PLC through Covid Corporate Financing Facility (CCFF) - Mobility General (377.83 million)","https://www.bankofengland.co.uk/-/media/boe/files/markets/covid-corporate-financing-facility/cp-held-by-ccff-by-business.xlsx?",null,"Indeterminate","All CCFF lines marked as indeterminate following discussion with UK Treasury","2021-04-08","USD",181.77,{"$f":"IFERROR(Q670/VLOOKUP(P670,'Exchange rates to USD'!$L$2:$N$225,3,FALSE()),\"\")","v":181.77},"Country asked neutral focus"]
["GBR16","GBR","Grant/Loan (including interest-free loans)","Sectoral","Industry","991.45 million","Climate Mitigation",null,null,"Support for Honda Finance Europe PLC through Covid Corporate Financing Facility (CCFF) - Oil and Oil Products (138.54 million) ","https://www.bankofengland.co.uk/-/media/boe/files/markets/covid-corporate-financing-facility/cp-held-by-ccff-by-business.xlsx?",null,"Indeterminate","All CCFF lines marked as indeterminate following discussion with UK Treasury","2020-11-08","USD",991.45,{"$f":"IFERROR(Q671/VLOOKUP(P671,'Exchange rates to USD'!$L$2:$N$225,3,FALSE()),\"\")","v":991.45},"Country asked neutral focus"]
["GBR17","GBR","Grant/Loan (including interest-free loans)","Sectoral","Industry","991.45 million","Climate Mitigation",null,null,"Support for Nissan Motor Co., Ltd through Covid Corporate Financing Facility (CCFF) - (755.67 million)","https://www.bankofengland.co.uk/-/media/boe/files/markets/covid-corporate-financing-facility/cp-held-by-ccff-by-business.xlsx?",null,"Indeterminate","All CCFF lines marked as indeterminate following discussion with UK Treasury","2020-11-08","USD",991.45,{"$f":"IFERROR(Q672/VLOOKUP(P672,'Exchange rates to USD'!$L$2:$N$225,3,FALSE()),\"\")","v":991.45},"Country asked neutral focus"]
["GBR18","GBR","Grant/Loan (including interest-free loans)","Sectoral","Air transport","991.45 million","Climate Mitigation",null,null,"Support for EasyJet through Covid Corporate Financing Facility (CCFF) - (755.67 million)","https://www.bankofengland.co.uk/-/media/boe/files/markets/covid-corporate-financing-facility/cp-held-by-ccff-by-business.xlsx?",null,"Indeterminate","All CCFF lines marked as indeterminate following discussion with UK Treasury","2020-11-08","USD",991.45,{"$f":"IFERROR(Q673/VLOOKUP(P673,'Exchange rates to USD'!$L$2:$N$225,3,FALSE()),\"\")","v":991.45},"Country asked neutral focus"]
["GBR19","GBR","Grant/Loan (including interest-free loans)","Sectoral","Air transport","991.45 million","Climate Mitigation",null,null,"Support for Ryanair through Covid Corporate Financing Facility (CCFF) (755.67 million)","https://www.bankofengland.co.uk/-/media/boe/files/markets/covid-corporate-financing-facility/cp-held-by-ccff-by-business.xlsx?",null,"Indeterminate","All CCFF lines marked as indeterminate following discussion with UK Treasury","2020-11-08","USD",991.45,{"$f":"IFERROR(Q674/VLOOKUP(P674,'Exchange rates to USD'!$L$2:$N$225,3,FALSE()),\"\")","v":991.45},"Country asked neutral focus"]
["GBR20","GBR","Grant/Loan (including interest-free loans)","Sectoral","Air transport","495.72 million","Climate Mitigation",null,null,"Support for British Airways through Covid Corporate Financing Facility (CCFF) - (377.83 million)","https://www.bankofengland.co.uk/-/media/boe/files/markets/covid-corporate-financing-facility/cp-held-by-ccff-by-business.xlsx?",null,"Indeterminate","All CCFF lines marked as indeterminate following discussion with UK Treasury","2020-11-08","USD",495.72,{"$f":"IFERROR(Q675/VLOOKUP(P675,'Exchange rates to USD'!$L$2:$N$225,3,FALSE()),\"\")","v":495.72},"Country asked neutral focus"]
["GBR21","GBR","Grant/Loan (including interest-free loans)","Sectoral","Air transport","495.72 million","Climate Mitigation",null,null,"Support for Wizz Air through Covid Corporate Financing Facility (CCFF) (377.83 million)","https://www.bankofengland.co.uk/-/media/boe/files/markets/covid-corporate-financing-facility/cp-held-by-ccff-by-business.xlsx?",null,"Indeterminate","All CCFF lines marked as indeterminate following discussion with UK Treasury","2020-11-08","USD",495.72,{"$f":"IFERROR(Q676/VLOOKUP(P676,'Exchange rates to USD'!$L$2:$N$225,3,FALSE()),\"\")","v":495.72},"Country asked neutral focus"]
["GBR22","GBR","Grant/Loan (including interest-free loans)","Sectoral","Industry",null,"Climate Mitigation",null,null,"Celsa Steel Loan - Emergency loan included legally binding conditions, including commitments around climate change and net-zero.","https://www.gov.uk/government/news/government-agrees-support-package-to-uk-steel-company",null,"Positive",null,"2020-11-08","USD",null,{"$f":"IFERROR(Q677/VLOOKUP(P677,'Exchange rates to USD'!$L$2:$N$225,3,FALSE()),\"\")","v":0},"Country asked mixed focus"]
["GBR23","GBR","Grant/Loan (including interest-free loans)","Sectoral","Surface transport","2.63 billion","Climate Mitigation",null,null,"Emergency Active Travel Fund - A £250 million emergency active travel fund as part of a £2 billion package for cycling and walking as part of plans to boost greener, active transport. Includes £25m Fix Your Bike Voucher Scheme.","https://www.gov.uk/government/news/2-billion-package-to-create-new-era-for-cycling-and-walking",null,"Positive",null,"2020-11-08","USD",2630,{"$f":"IFERROR(Q678/VLOOKUP(P678,'Exchange rates to USD'!$L$2:$N$225,3,FALSE()),\"\")","v":2630}]
["GBR24","GBR","Regulatory change","Sectoral","Surface transport","NA","Climate Mitigation",null,null,"Reallocating Road Space Statutory Guidance - Fast-tracked statutory guidance, to tell councils to reallocate roadspace for significantly-increased numbers of cyclists and pedestrians.","https://www.gov.uk/government/news/2-billion-package-to-create-new-era-for-cycling-and-walking",null,"Positive",null,"2020-11-08","USD",null,{"$f":"IFERROR(Q679/VLOOKUP(P679,'Exchange rates to USD'!$L$2:$N$225,3,FALSE()),\"\")","v":0}]
["GBR25","GBR","Regulatory change","Sectoral","Surface transport","NA","Climate Mitigation",null,null,"E-scooter trials - E-scooter trials brought forward from next year to help encourage more people off public transport and onto greener alternatives. Originally set to take place in 4 Future Transport Zones, the trials of rental e-scooters – now offered to all local areas across the country","https://www.gov.uk/government/news/2-billion-package-to-create-new-era-for-cycling-and-walking",null,"Positive",null,"2020-11-08","USD",null,{"$f":"IFERROR(Q680/VLOOKUP(P680,'Exchange rates to USD'!$L$2:$N$225,3,FALSE()),\"\")","v":0}]
["GBR26","GBR","R&D subsidies","Sectoral","Surface transport","13.14 million","Climate Mitigation",null,null,"Zero emission vehicle research - Funding for the OLEV R&D programme to launch new competitions this summer with £10m for a new ZEV innovation competition and £2m to the Niche Vehicle Network to support SMEs.","https://www.gov.uk/government/news/green-number-plates-get-the-green-light-for-a-zero-emission-future",null,"Positive",null,"2020-11-08","USD",13.14,{"$f":"IFERROR(Q681/VLOOKUP(P681,'Exchange rates to USD'!$L$2:$N$225,3,FALSE()),\"\")","v":13.14}]
["GBR27","GBR","Grant/Loan (including interest-free loans)","Economy-wide","Multiple or economy-wide","223.31 million","Adaptation",null,null,"Shovel-Ready Flood Defence Schemes - up to £170 million will be spent to accelerate work on shovel-ready flood defence schemes that will begin construction in 2020 or 2021. 22 areas across the country will benefit from this immediate boost to jobs supporting the local economy as communities recover from the impact of coronavirus","https://www.gov.uk/government/news/multi-billion-pound-investment-as-government-unveils-new-long-term-plan-to-tackle-flooding",null,"Positive",null,"2021-04-08","USD",223.31,{"$f":"IFERROR(Q682/VLOOKUP(P682,'Exchange rates to USD'!$L$2:$N$225,3,FALSE()),\"\")","v":223.31},"Country asked mixed focus: Positive to adaptation, but negative for mitigation, as most building infra (concrete!) is."]
["GBR28","GBR","Regulatory change","City/regional","Energy",null,"Climate Mitigation","Air Pollution",null,"The Scottish Government has set a new ambition to increase offshore wind capacity to 11GW of energy installed by 2030, up from 8GW target and 1GW currently installed, and has adopted a plan that identifies commercial-scale offshore wind sites._x000D_\nThe aim of substantially increasing the offshore wind capacity in Scottish waters supports the delivery of Scotlandâ€™s 2017 Energy Strategy and the decarbonisation of heat and transport. The strategy has been agreed following an extensive consultation with industry, stakeholders, coastal communities and environmental organisations.","https://www.gov.scot/publications/offshore-wind-policy-statement/pages/3/ Accessed 2 November 2020",null,"Positive",null,"2020-11-15","USD",null,{"$f":"IFERROR(Q683/VLOOKUP(P683,'Exchange rates to USD'!$L$2:$N$225,3,FALSE()),\"\")","v":0}]
["GBR29","GBR","Grant/Loan (including interest-free loans)","City/regional","Energy","80 million","Climate Mitigation",null,null,"The Scottish government will commit £60 million to support decarbonisation of industrial and manufacturing sectors including the Â£34 million Scottish Industrial Energy Transformation Fund and the £26 million Low Carbon Manufacturing Challenge Fund.\" The current government also announced that it would continue \"to support and invest in the development of CCUS projects in Scotland and commission a suite of research projects for CCUS,\" develop a Carbon Capture and Utilisation Challenge Fund, and publish a refreshed Energy Strategy.","https://www.gov.scot/publications/protecting-scotland-renewing-scotland-governments-programme-scotland-2020-2021/pages/5/#page-top  Accessed 7 September 2020.",null,"Positive",null,"2020-11-15","USD",80,{"$f":"IFERROR(Q684/VLOOKUP(P684,'Exchange rates to USD'!$L$2:$N$225,3,FALSE()),\"\")","v":80}]
["GBR30","GBR","Grant/Loan (including interest-free loans)","City/regional","Energy","2.02 billion","Climate Mitigation",null,null,"The Scottish government plans to increase energy efficiency spending to £398m per year by 2025 (for a total of £1.6bn), with the following: ","https://www.gov.scot/publications/protecting-scotland-renewing-scotland-governments-programme-scotland-2020-2021/pages/5/#page-top Accessed 7 September 2020.",null,"Positive",null,"2020-11-15","USD",2020,{"$f":"IFERROR(Q685/VLOOKUP(P685,'Exchange rates to USD'!$L$2:$N$225,3,FALSE()),\"\")","v":2020}]
["GBR31","GBR","Grant/Loan (including interest-free loans)","Sectoral","Buildings","GBP 1.3 billion","Climate Mitigation",null,null,"£1.3 billion investment to deliver homes, infrastructure and jobs","https://www.gov.uk/government/news/1-3-billion-investment-to-deliver-homes-infrastructure-and-jobs Accessed 4 August 2020",null,"Mixed","This consists of £400m Brownfield Fund and a £900 million Getting Building Fund. The latter is to deliver jobs, skills and infrastructure across the country. This investment is being targeted in areas facing the biggest economic challenges as a result of the pandemic. It is supporting the delivery of shovel-ready infrastructure projects, agreed with mayors and Local Enterprise Partnerships to boost economic growth, and fuel local recovery and jobs.  Link to the announcement may be found here https://www.gov.uk/guidance/getting-building-fund ","2021-01-11","GBP",1300,{"$f":"IFERROR(Q686/VLOOKUP(P686,'Exchange rates to USD'!$L$2:$N$225,3,FALSE()),\"\")","v":1656.30732993947}]
["GBR32","GBR","Grant/Loan (including interest-free loans)","City/regional","Multiple or economy-wide","1.89 billion","Climate Mitigation",null,null,"London Â£1.5bn green infrastructure package",null,"https://www.edie.net/news/6/London-unveils--1-5bn-green-infrastructure-package-to-kick-start-economy-post-lockdown/ Accessed 3 August 2020","Mixed",null,"2020-11-15","USD",1890,{"$f":"IFERROR(Q687/VLOOKUP(P687,'Exchange rates to USD'!$L$2:$N$225,3,FALSE()),\"\")","v":1890}]
["GBR33","GBR","R&D subsidies","Sectoral","Air transport","250 million","Climate Mitigation",null,null,"£200 million funding for R&D to green the aerospace sector","https://www.gov.uk/government/news/uk-aerospace-sector-to-benefit-from-400-million-funding-to-go-green Accessed 24 July 2020","https://www.edie.net/news/11/-350m-for-decarbonising-heavy-industry-and--400m-for-sustainable-aviation--Boris-Johnson-unveils-fresh-green-recovery-spending/ Accessed 24 July 2020","Positive",null,"2020-11-15","USD",250,{"$f":"IFERROR(Q688/VLOOKUP(P688,'Exchange rates to USD'!$L$2:$N$225,3,FALSE()),\"\")","v":250}]
["GBR34","GBR","Regulatory change","Sectoral","Surface transport","NA","Climate Mitigation","Air Pollution",null,"Phase out the sale of new petrol and diesel cars by 2030. All new cars and vans to have significant zero emission capability\n(e.g. plug-in and full hybrids) from 2030 and be 100% zero emissions from 2035.","https://assets.publishing.service.gov.uk/government/uploads/system/uploads/attachment_data/file/936567/10_POINT_PLAN_BOOKLET.pdf",null,"Positive","Phase out the sale of new petrol and diesel cars by 2030. All new cars and vans to have significant zero emission capability.","2021-02-05","USD",null,{"$f":"IFERROR(Q689/VLOOKUP(P689,'Exchange rates to USD'!$L$2:$N$225,3,FALSE()),\"\")","v":0}]
["GBR35","GBR","Other or not specified","Sectoral","Energy","NA ","Climate Mitigation","Air Pollution",null,"Produce 40GW of offshore wind by 2030, including 1 GW of floating offshore wind ","https://assets.publishing.service.gov.uk/government/uploads/system/uploads/attachment_data/file/936567/10_POINT_PLAN_BOOKLET.pdf",null,"Positive",null,"2020-11-20","USD",null,{"$f":"IFERROR(Q690/VLOOKUP(P690,'Exchange rates to USD'!$L$2:$N$225,3,FALSE()),\"\")","v":0}]
["GBR36","GBR","Other or not specified","Sectoral","Energy","212.5 million","Climate Mitigation","Air Pollution",null," £160 million into modern ports and manufacturing infrastructure to manufacture wind turbines (for the above goal) ","https://assets.publishing.service.gov.uk/government/uploads/system/uploads/attachment_data/file/936567/10_POINT_PLAN_BOOKLET.pdf",null,"Positive",null,"2020-11-20","USD",212.5,{"$f":"IFERROR(Q691/VLOOKUP(P691,'Exchange rates to USD'!$L$2:$N$225,3,FALSE()),\"\")","v":212.5}]
["GBR37","GBR","Other or not specified","Sectoral","Multiple or economy-wide","NA ","Climate Mitigation",null,null,"5GW of low carbon hydrogen production capacity by 2030","https://assets.publishing.service.gov.uk/government/uploads/system/uploads/attachment_data/file/936567/10_POINT_PLAN_BOOKLET.pdf",null,"Positive",null,"2020-11-20","USD",null,{"$f":"IFERROR(Q692/VLOOKUP(P692,'Exchange rates to USD'!$L$2:$N$225,3,FALSE()),\"\")","v":0}]
["GBR38","GBR","Grant/Loan (including interest-free loans)","Sectoral","Multiple or economy-wide","318.8 million","Climate Mitigation",null,null,"£240 million Net Zero Hydrogen Fund","https://assets.publishing.service.gov.uk/government/uploads/system/uploads/attachment_data/file/936567/10_POINT_PLAN_BOOKLET.pdf",null,"Positive",null,"2020-11-20","USD",318.8,{"$f":"IFERROR(Q693/VLOOKUP(P693,'Exchange rates to USD'!$L$2:$N$225,3,FALSE()),\"\")","v":318.8}]
["GBR39","GBR","Grant/Loan (including interest-free loans)","Sectoral","Energy","225.8 million ","Climate Mitigation","Air Pollution",null,"Up to £170 million for a research and development programme on Advanced Modular Reactors. These reactors could operate at over 800°C and the high-grade heat could unlock efficient production of hydrogen and synthetic fuels","https://assets.publishing.service.gov.uk/government/uploads/system/uploads/attachment_data/file/936567/10_POINT_PLAN_BOOKLET.pdf",null,"Positive",null,"2020-11-20","USD",225.8,{"$f":"IFERROR(Q694/VLOOKUP(P694,'Exchange rates to USD'!$L$2:$N$225,3,FALSE()),\"\")","v":225.8}]
["GBR40","GBR","Grant/Loan (including interest-free loans)","Sectoral","Energy","53.3 million","Climate Mitigation","Air Pollution",null,"£40 million in developing the regulatory frameworks and supporting UK supply chain for small modular and advanced modular reactors ","https://assets.publishing.service.gov.uk/government/uploads/system/uploads/attachment_data/file/936567/10_POINT_PLAN_BOOKLET.pdf",null,"Mixed","Nuclear regulatory framework and building a Thermal Hydraulics Facility is not a knock-out positive impact on the climate.","2021-04-08","USD",53.3,{"$f":"IFERROR(Q695/VLOOKUP(P695,'Exchange rates to USD'!$L$2:$N$225,3,FALSE()),\"\")","v":53.3},"Country asked mixed focus"]
["GBR41","GBR","Grant/Loan (including interest-free loans)","Sectoral","Surface transport","1.33 billion","Climate Mitigation","Air Pollution",null,"£1 billion to support the electrification of UK vehicles and their supply chains","https://assets.publishing.service.gov.uk/government/uploads/system/uploads/attachment_data/file/936567/10_POINT_PLAN_BOOKLET.pdf","Ten Point Plan ","Positive","Up to £1 billion to support the electrification of UK vehicles and their supply chains. The first £500m of investment will be made available in this Parliament. ","2021-04-08","USD",1330,{"$f":"IFERROR(Q696/VLOOKUP(P696,'Exchange rates to USD'!$L$2:$N$225,3,FALSE()),\"\")","v":1330}]
["GBR42","GBR","Grant/Loan (including interest-free loans)","Sectoral","Surface transport","1.73 billion","Climate Mitigation","Air Pollution",null,"£1.3 billion to accelerate the roll out of charging infrastructure, targeting support on rapid charge points on motorways and major roads to dash any anxiety around long journeys, and installing more on-street charge points near homes and workplaces to make charging as easy as refuelling a petrol or diesel car.","https://assets.publishing.service.gov.uk/government/uploads/system/uploads/attachment_data/file/936567/10_POINT_PLAN_BOOKLET.pdf",null,"Positive",null,"2020-11-20","USD",1730,{"$f":"IFERROR(Q697/VLOOKUP(P697,'Exchange rates to USD'!$L$2:$N$225,3,FALSE()),\"\")","v":1730}]
["GBR43","GBR","Grant/Loan (including interest-free loans)","Sectoral","Surface transport","772.86 million","Climate Mitigation","Air Pollution",null,"582 million to extend the Plug-in Car, Van, Taxi and Motorcycle grants to 2022–23 to reduce their sticker price for the consumer.","https://assets.publishing.service.gov.uk/government/uploads/system/uploads/attachment_data/file/936567/10_POINT_PLAN_BOOKLET.pdf",null,"Positive",null,"2020-11-20","USD",772.86,{"$f":"IFERROR(Q698/VLOOKUP(P698,'Exchange rates to USD'!$L$2:$N$225,3,FALSE()),\"\")","v":772.86}]
["GBR44","GBR","R&D subsidies","Sectoral","Surface transport","26.56 million","Climate Mitigation","Air Pollution",null,"£20 million next year in freight trials to pioneer hydrogen and other zero emission lorries,","https://assets.publishing.service.gov.uk/government/uploads/system/uploads/attachment_data/file/936567/10_POINT_PLAN_BOOKLET.pdf",null,"Positive",null,"2020-11-20","USD",26.56,{"$f":"IFERROR(Q699/VLOOKUP(P699,'Exchange rates to USD'!$L$2:$N$225,3,FALSE()),\"\")","v":26.56}]
["GBR45","GBR","Grant/Loan (including interest-free loans)","Sectoral","Surface transport","159.35 million","Climate Mitigation","Air Pollution",null,"£120 million next year to begin the introduction of at least 4,000 more British built zero emission buses.","https://assets.publishing.service.gov.uk/government/uploads/system/uploads/attachment_data/file/936567/10_POINT_PLAN_BOOKLET.pdf",null,"Positive",null,"2020-11-20","USD",159.35,{"$f":"IFERROR(Q700/VLOOKUP(P700,'Exchange rates to USD'!$L$2:$N$225,3,FALSE()),\"\")","v":159.35}]
["GBR46","GBR","Grant/Loan (including interest-free loans)","Sectoral","Surface transport","Amount Unknown ","Climate Mitigation","Air Pollution",null,"Fund at least two all-electric bus towns, beginning this financial year, as well as developing the first fully zero-emission city centre.","https://assets.publishing.service.gov.uk/government/uploads/system/uploads/attachment_data/file/936567/10_POINT_PLAN_BOOKLET.pdf",null,"Positive",null,"2020-11-20","USD",null,{"$f":"IFERROR(Q701/VLOOKUP(P701,'Exchange rates to USD'!$L$2:$N$225,3,FALSE()),\"\")","v":0}]
["GBR47","GBR","R&D subsidies","Sectoral","Air transport","19.92 million","Climate Mitigation",null,null,"£15 million into FlyZero – a 12-month study, delivered through the Aerospace Technology Institute (ATI), into the strategic, technical and commercial issues in designing and developing zero-emission aircraft that could enter service in 2030.","https://assets.publishing.service.gov.uk/government/uploads/system/uploads/attachment_data/file/936567/10_POINT_PLAN_BOOKLET.pdf",null,"Positive",null,"2020-11-20","USD",19.92,{"$f":"IFERROR(Q702/VLOOKUP(P702,'Exchange rates to USD'!$L$2:$N$225,3,FALSE()),\"\")","v":19.92}]
["GBR48","GBR","Grant/Loan (including interest-free loans)","Sectoral","Air transport","19.92 million","Climate Mitigation",null,null,"£15 million competition to support the production of Sustainable Aviation Fuels (SAF) in the UK, building on the success of the Future, Fuels for Freight and Flight Competition","https://assets.publishing.service.gov.uk/government/uploads/system/uploads/attachment_data/file/936567/10_POINT_PLAN_BOOKLET.pdf",null,"Positive",null,"2020-11-20","USD",19.92,{"$f":"IFERROR(Q703/VLOOKUP(P703,'Exchange rates to USD'!$L$2:$N$225,3,FALSE()),\"\")","v":19.92}]
["GBR49","GBR","R&D subsidies","Sectoral","Surface transport","26.56 million","Climate Mitigation",null,null,"£20 million into the Clean Maritime Demonstration Programme to develop clean maritime technology. We are already running hydrogen ferry trials in Orkney and due to launch a hydrogen refuelling port in Teesside, as we seek to revitalise our ports and coastal communities.","https://assets.publishing.service.gov.uk/government/uploads/system/uploads/attachment_data/file/936567/10_POINT_PLAN_BOOKLET.pdf",null,"Positive",null,"2020-11-20","USD",26.56,{"$f":"IFERROR(Q704/VLOOKUP(P704,'Exchange rates to USD'!$L$2:$N$225,3,FALSE()),\"\")","v":26.56}]
["GBR50","GBR","Other or not specified","Sectoral","Buildings","NA","Climate Mitigation",null,null,"600,000 heat pump installations per year by 2028,","https://assets.publishing.service.gov.uk/government/uploads/system/uploads/attachment_data/file/936567/10_POINT_PLAN_BOOKLET.pdf",null,"Positive",null,"2020-11-20","USD",null,{"$f":"IFERROR(Q705/VLOOKUP(P705,'Exchange rates to USD'!$L$2:$N$225,3,FALSE()),\"\")","v":0}]
["GBR51","GBR","Other or not specified","Sectoral","Buildings","NA","Climate Mitigation",null,null,"Extend the Energy Company Obligation to 2026, so suppliers can help improve the draughtiest and coldest homes.","https://assets.publishing.service.gov.uk/government/uploads/system/uploads/attachment_data/file/936567/10_POINT_PLAN_BOOKLET.pdf",null,"Positive",null,"2020-11-20","USD",null,{"$f":"IFERROR(Q706/VLOOKUP(P706,'Exchange rates to USD'!$L$2:$N$225,3,FALSE()),\"\")","v":0}]
["GBR52","GBR","Grant/Loan (including interest-free loans)","Sectoral","Industry","1.33 billion","Climate Mitigation",null,null,"£1 billion CCUS Infrastructure Fund will provide industry with the certainty required to deploy CCUS at pace and at scale","https://assets.publishing.service.gov.uk/government/uploads/system/uploads/attachment_data/file/936567/10_POINT_PLAN_BOOKLET.pdf",null,"Positive",null,"2020-11-20","USD",1330,{"$f":"IFERROR(Q707/VLOOKUP(P707,'Exchange rates to USD'!$L$2:$N$225,3,FALSE()),\"\")","v":1330}]
["GBR53","GBR","Grant/Loan (including interest-free loans)","Economy-wide","Multiple or economy-wide","106.12million","Climate Mitigation","Biodiversity",null,"The £80m Green Recovery Challenge fund will award grants to environmental charities and their partners across England to create and retain jobs while restoring nature and tackling climate change.","https://assets.publishing.service.gov.uk/government/uploads/system/uploads/attachment_data/file/936567/10_POINT_PLAN_BOOKLET.pdf",null,"Positive","The £80m Green Recovery Challenge fund will award grants to environmental charities and their partners across England to create and retain jobs while restoring nature and tackling climate change.","2021-04-08","USD",106,{"$f":"IFERROR(Q708/VLOOKUP(P708,'Exchange rates to USD'!$L$2:$N$225,3,FALSE()),\"\")","v":106}]
["GBR54","GBR","Grant/Loan (including interest-free loans)","City/regional","Multiple or economy-wide","6.91 billion","Adaptation",null,null,"£5.2 billion in a six-year programme for flood and coastal defences","https://assets.publishing.service.gov.uk/government/uploads/system/uploads/attachment_data/file/936567/10_POINT_PLAN_BOOKLET.pdf",null,"Mixed",null,"2021-04-08","USD",6910,{"$f":"IFERROR(Q709/VLOOKUP(P709,'Exchange rates to USD'!$L$2:$N$225,3,FALSE()),\"\")","v":6910},"Country asked for mixed focus: Positive to adaptation, but negative for mitigation, as most building infra (concrete!) is."]
["GBR55","GBR","Grant/Loan (including interest-free loans)","Sectoral","Surface transport","GBP 20 million","Climate Mitigation",null,null,"£20 million in financial year 2020/21 under the On-street Residential Chargepoint Scheme to ensure more local authorities and residents can benefit from the scheme.  ",null,null,"Positive",null,null,"GBP",20,{"$f":"IFERROR(Q710/VLOOKUP(P710,'Exchange rates to USD'!$L$2:$N$225,3,FALSE()),\"\")","v":25.481651229838}]
["GBR56","GBR","Other or not specified","Sectoral","Surface transport","Amount Unknown ","Climate Mitigation",null,null,"Developing the first fully zero-emission city centre",null,null,"Positive",null,null,null,null,{"$f":"IFERROR(Q711/VLOOKUP(P711,'Exchange rates to USD'!$L$2:$N$225,3,FALSE()),\"\")","v":""}]
["GBR57","GBR","Other or not specified","Sectoral","Air transport","3.984 million","Climate Mitigation",null,null,"£3m for a clearing house programme to deliver early stage testing, funding and expert advice for new fuels. ","https://assets.publishing.service.gov.uk/government/uploads/system/uploads/attachment_data/file/936567/10_POINT_PLAN_BOOKLET.pdf",null,"Positive",null,"2021-01-15","USD",3.984,{"$f":"IFERROR(Q712/VLOOKUP(P712,'Exchange rates to USD'!$L$2:$N$225,3,FALSE()),\"\")","v":3.984}]
["GBR58","GBR","R&D subsidies","Sectoral","Air transport","3.984 million","Climate Mitigation",null,null,"£3m for R&D into the infrastructure upgrades required at UK airports to move to battery and hydrogen aircrafts.","https://assets.publishing.service.gov.uk/government/uploads/system/uploads/attachment_data/file/936567/10_POINT_PLAN_BOOKLET.pdf",null,"Positive",null,"2021-01-15","USD",3.984,{"$f":"IFERROR(Q713/VLOOKUP(P713,'Exchange rates to USD'!$L$2:$N$225,3,FALSE()),\"\")","v":3.984}]
["GBR59","GBR","Grant/Loan (including interest-free loans)","Sectoral","Buildings","£150m GBP","Climate Mitigation",null,null,"£150 million over FY21/22 for the Home Upgrade Grant scheme to upgrade the worst performing low-income homes not connected to the gas grid. ","https://www.gov.uk/government/news/government-boosts-energy-efficiency-spending-to-13-billion-with-extra-funding-for-green-homes",null,"Positive",null,"2021-04-16","GBP",150,{"$f":"IFERROR(Q714/VLOOKUP(P714,'Exchange rates to USD'!$L$2:$N$225,3,FALSE()),\"\")","v":191.112384223785}]
["GBR60","GBR","Grant/Loan (including interest-free loans)","Sectoral","Energy","£27m GBP","Climate Mitigation",null,null,"£27 million for the Aberdeen Energy Transition Zone will help support North East Scotland to play a leading role in meeting our net zero ambitions.","https://assets.publishing.service.gov.uk/government/uploads/system/uploads/attachment_data/file/966868/BUDGET_2021_-_web.pdf",null,"Positive",null,"2021-04-16","GBP",27,{"$f":"IFERROR(Q715/VLOOKUP(P715,'Exchange rates to USD'!$L$2:$N$225,3,FALSE()),\"\")","v":34.4002291602813}]
["GBR61","GBR","Grant/Loan (including interest-free loans)","Sectoral","Energy","£2m GBP","Climate Mitigation",null,null,"£2m for North Sea Transition Deal","https://assets.publishing.service.gov.uk/government/uploads/system/uploads/attachment_data/file/966868/BUDGET_2021_-_web.pdf",null,"Positive",null,"2021-04-16","GBP",2,{"$f":"IFERROR(Q716/VLOOKUP(P716,'Exchange rates to USD'!$L$2:$N$225,3,FALSE()),\"\")","v":2.5481651229838}]
["GBR62","GBR","Grant/Loan (including interest-free loans)","Sectoral","Energy","£5m GBP","Climate Mitigation",null,null,"£5m uplift for Global Underwater Hub","https://assets.publishing.service.gov.uk/government/uploads/system/uploads/attachment_data/file/966868/BUDGET_2021_-_web.pdf",null,"Positive",null,"2021-04-16","GBP",5,{"$f":"IFERROR(Q717/VLOOKUP(P717,'Exchange rates to USD'!$L$2:$N$225,3,FALSE()),\"\")","v":6.3704128074595}]
["GBR63","GBR","Grant/Loan (including interest-free loans)","Sectoral","Buildings","£300m GBP","Climate Mitigation",null,null,"An additional £300 million for FY 21/22 will be allocated to local authorities through the Green Homes Grant Local Authority Delivery (LAD) scheme, to improve the energy efficiency of homes of low-income households, helping reduce fuel poverty, phasing out high carbon fossil fuel heating, and delivering progress towards the UK’s commitment to net zero by 2050. This is additonal to the £500 million of funding given to the scheme in July 2020","https://www.gov.uk/government/publications/green-homes-grant-local-authority-delivery-scheme-entering-a-bid",null,"Positive",null,"2021-04-16","GBP",300,{"$f":"IFERROR(Q718/VLOOKUP(P718,'Exchange rates to USD'!$L$2:$N$225,3,FALSE()),\"\")","v":382.22476844757}]
["USA1",{"$f":"LEFT(A719,3)","v":"USA"},"Regulatory change","Sectoral","Industry","N/A","Water","Air Pollution","Climate Mitigation","Temporary Suspension of EPA Enforcement (ended on August 31st)\n\n\nOn March 26 2020, the Environmental Protection Agency enforcement discretion policy temporarily relaxed the agency’s enforcement of environmental regulations on companies that are unable to comply, owing to the COVID-19 pandemic. (See above). However, on June 29, 2020, the EPA announced that this policy will be terminated on August 31, 2020.\n\nThe current enforcement discretion requires facilities to keep records of their non-compliance, including its pandemic-related causes, but EPA does not require any public disclosures or reporting to EPA. The Natural Resources Defense Council and other organizations have petitioned the EPA to require regulated facilities to monitor and report violations to EPA and state and local authorities. Brookings scholar Adele Morris encourages transparency and warns against potential worsening of the health crisis.","https://www.epa.gov/sites/production/files/2020-06/documents/covid19addendumontermination.pdf","https://www.epa.gov/sites/production/files/2020-06/documents/covid19addendumontermination.pdf","Negative","Policy Terminated on August 31st"]
["USA2",{"$f":"LEFT(A720,3)","v":"USA"},"Regulatory change","Sectoral","Multiple or economy-wide","N/A","Climate Mitigation","Biodiversity",null,"\nRollback of Review Process for new mines, highways, pipelines and other projects due to the current economic emergency.\n\n\n\nPresident Trump signed Executive Order 13927 on June 4, 2020 to expedite infrastructure investments for facilitating the post-COVID-19 economic recovery. The Executive Order (EO) directs federal agencies, including the Departments of Interior, Army, Transportation, Defense, and Agriculture to speed investments in infrastructure and expedite work on existing projects.\n\nIt permits the agencies to implement emergency provisions that scale back environmental reviews under the National Environmental Policy Act (NEPA), Clean Water Act, and Endangered Species Act.","https://www.federalregister.gov/documents/2020/06/09/2020-12584/accelerating-the-nations-economic-recovery-from-the-covid-19-emergency-by-expediting-infrastructure",null,"Negative",null,null,null,null,{"$f":"IFERROR(Q720/VLOOKUP(P720,'Exchange rates to USD'!$L$2:$N$225,3,FALSE()),\"\")","v":""}]
["USA3",{"$f":"LEFT(A721,3)","v":"USA"},"Regulatory change","Sectoral","Industry","N/A","Water","Climate Mitigation",null,"Environmental Protection Agency (EPA) limits states’ ability to block the construction of new energy infrastructure projects\n\n\nThe rule curtails sections of the U.S. Clean Water Act that New York has used to block an interstate gas pipeline, and Washington employed to oppose a coal export terminal. \n\nIt limits to one year the amount of time states and tribes can take to review a project, and restricts states to taking water quality only into consideration when judging permits (climate change is no longer a valid consideration). \n\nThe government argued that the change will help promote gas pipelines, coal terminals and other fossil fuel development that would help the nation recover from the economic crisis. \n\n","https://www.nytimes.com/2020/06/01/climate/trump-clean-water-pipelines.html?smid=tw-share","https://www.onegreenplanet.org/environment/21-states-sue-trump-administration-for-rollback-of-nepa/","Negative","21 states are challening the policy in the court, and observers believe they may be succesfull, but for now the policy is still in place. ",null,null,null,{"$f":"IFERROR(Q721/VLOOKUP(P721,'Exchange rates to USD'!$L$2:$N$225,3,FALSE()),\"\")","v":""}]
["USA4",{"$f":"LEFT(A722,3)","v":"USA"},"Regulatory change","Economy-wide","Multiple or economy-wide","N/A","Other",null,null,"Executive order further loosening regulatory standards in response to the economic impacts of COVID-19.\n\n\nOn May 19, 2020 President Trump issued an Executive Order encouraging federal agencies to continue deregulatory measures that foster the post-pandemic economic recovery. \n\nThe EO asks agencies to “identify regulatory standards that may inhibit economic recovery.” The EO calls upon agencies to give businesses, especially small businesses, the confidence they need to re-open by providing guidance on what the law requires; by recognizing the efforts of businesses to comply with often-complex regulations in complicated and swiftly changing circumstances. \n\n\n","https://www.whitehouse.gov/presidential-actions/executive-order-regulatory-relief-support-economic-recovery/",null,"Mixed","Executive Order still in effect, but has not materialized into concrete policies. ",null,null,null,{"$f":"IFERROR(Q722/VLOOKUP(P722,'Exchange rates to USD'!$L$2:$N$225,3,FALSE()),\"\")","v":""}]
["USA5",{"$f":"LEFT(A723,3)","v":"USA"},"Tax reduction / Other subsidy","Sectoral","Energy","N/A","Climate Mitigation","Waste & recycling",null,"Treasury, IRS provide safe harbor for taxpayers that develop renewable energy projects (Expanded for another year)\n\n\nTreasury Department and the Internal Revenue Service has provided tax relief for taxpayers that develop renewable energy projects that produce electricity from sources such as wind, biomass, geothermal, landfill gas, trash, and hydropower, and use technologies such as solar panels, fuel cells, micro-turbines, and combined heat and power systems.\n\nIt specifically seeks to extend wind/PV tax incentives because of issues in RE supply chains and development during COVID-19 shutdown. The safe harbor seeks to raise flexibility around, extending, beginning of construction and placed in service deadlines for tax credits that financially underpin the industry, by providing a 3½ Month safe harbor. \n\nEnsure that the deadlines for wind/PV incentives are extended because of issues in RE supply chains and development during COVID-19 shutdown.\n","https://www.irs.gov/newsroom/treasury-irs-provide-safe-harbor-for-taxpayers-that-develop-renewable-energy-projects","https://www.renewableenergymagazine.com/wind/new-american-wind-power-total-capacity-over-20200817","Positive","Expanded for another year (2021)",null,null,null,{"$f":"IFERROR(Q723/VLOOKUP(P723,'Exchange rates to USD'!$L$2:$N$225,3,FALSE()),\"\")","v":""}]
["USA6",{"$f":"LEFT(A724,3)","v":"USA"},"R&D subsidies","Sectoral","Energy","122$ Million","Water","Air Pollution","Climate Mitigation","DOE Announces Intent to Provide $122M to Establish Coal Products Innovation Centers\n\n\nDepartment of Energy (DOE) intends to make approximately $122 million available, through a competitive process, to establish coal products innovation centers. \n\nThe innovation centers will focus on manufacturing value-added, carbon-based products from coal, as well developing new methods to extract and process rare earth elements and critical minerals from coal. \n\nDOE anticipates funding innovation centers in a multiple of U.S. coal producing basins. New and existing coalitions of private industry, academia, national laboratories, and state and local governments are encouraged to compete to establish the centers. \n\nOnce established - the public-private innovation centers will research and incubate innovative mining, beneficiation, processing, and purification technologies that are environmentally sustainable. \n","https://www.energy.gov/articles/doe-announces-intent-provide-122m-establish-coal-products-innovation-centers",null,"Negative",null,null,"USD",122,{"$f":"IFERROR(Q724/VLOOKUP(P724,'Exchange rates to USD'!$L$2:$N$225,3,FALSE()),\"\")","v":122}]
["USA7",{"$f":"LEFT(A725,3)","v":"USA"},"Grant/Loan (including interest-free loans)","Sectoral","Energy","100$ Million","Climate Mitigation",null,null,"USDA competitive grants for activities designed to expand the availability and sale of renewable fuels.\n\n\nU.S. Department of Agriculture intends to make available up to $100 million in competitive grants for activities designed to expand the availability and sale of renewable fuels.\n\nThe program has committed to $100 million in funding for competitive grants or sales incentives to eligible entities for activities designed to expand the sale and use of ethanol and biodiesel fuels. \n\nFunds will be made directly available to assist transportation fueling and biodiesel distribution facilities with converting to higher ethanol and biodiesel blends by sharing the costs related to and/or offering sales incentives for the installation of fuel pumps, related equipment and infrastructure.\n","https://www.usda.gov/media/press-releases/2020/05/04/usda-announces-100-million-american-biofuels-infrastructure",null,"Positive",null,null,"USD",100,{"$f":"IFERROR(Q725/VLOOKUP(P725,'Exchange rates to USD'!$L$2:$N$225,3,FALSE()),\"\")","v":100}]
["USA8",{"$f":"LEFT(A726,3)","v":"USA"},"Tax reduction / Other subsidy","Sectoral","Energy","500$ Million","Climate Mitigation","Air Pollution",null,"Federal tax credit for investment in carbon capture and sequestration projectS (expanded mid-august)\n\n\nTreasury Department has released new rules guiding how companies use a federal tax credit designed to spur investment in carbon capture and sequestration projects.\n\nCredits are $50 per metric ton of CO2 for projects that sequester carbon and $35 per ton for projects where carbon is captured and then used for recovering oil underground.\n\nThe new rules aim to give investors and developers clearer guidelines for 45Q tax credit program and ensure that projects are capturing and burying the amount of carbon they are supposed to before they embark on the costly projects.\n\nAmong the new measures are monitoring requirements for projects to demonstrate durable geologic storage of CO2 injected underground, standards for measuring utilization of carbon and rules for credit recapture.\n","https://www.reuters.com/article/us-usa-energy-carboncapture/u-s-treasury-unveils-rules-for-carbon-capture-tax-credits-idUSKBN2352S6","https://www.cpapracticeadvisor.com/tax-compliance/news/21151392/what-does-irs-treasury-carbon-capture-tax-credit-guidance-mean-for-future-energy-production","Positive","Practical guidelines for credits released in mid-august ",null,"USD",500,{"$f":"IFERROR(Q726/VLOOKUP(P726,'Exchange rates to USD'!$L$2:$N$225,3,FALSE()),\"\")","v":500}]
["USA9",{"$f":"LEFT(A727,3)","v":"USA"},"Other or not specified","Sectoral","Energy","- 1.95$ Billion (47$ Million revenue gain from terminating the holiday period, 2$ Billion revenue loss from reducing royalty payments)","Climate Mitigation",null,null,"Termination of a two-year rent holiday for solar and wind projects operating on federal lands.\n\n\nThe Bureau of Land Management has terminated a two-year rent holiday for wind and solar companies using federal land. It’s FY21 budget forecasts collecting $50 million from wind and solar projects in 2020, an increase from roughly $1.1 million in 2019 and $21.6 million in 2018.\n\nIn the same statement it also reduced royalty payments for oil companies use of onshore wells on federal land. Oil and gas producers typically pay the federal government 12.5 percent of the revenues from onshore wells on federal land, but the Interior Department’s Bureau of Land Management has approved cuts for between 2.5 and 5 percent, and said it would consider reducing the royalty rate to as low as 0.5 percent.\n","https://www.reuters.com/article/us-usa-interior-renewables/trump-admin-slaps-solar-wind-operators-with-retroactive-rent-bills-idUSKBN22U0FW","Bureau of Land Managemen's decision to raise rents for renewables and reduce them for Oil and Gas producers is an apt illustration of the recoveries direction.","Negative","Policy continues to generate attention as a hallmark example of the US recovery direction ",null,"USD",1950,{"$f":"IFERROR(Q727/VLOOKUP(P727,'Exchange rates to USD'!$L$2:$N$225,3,FALSE()),\"\")","v":1950}]
["USA10",{"$f":"LEFT(A728,3)","v":"USA"},"Skills training","Economy-wide","Industry","N/A","Other",null,null,"Alteration of the Industry-Recognized Apprenticeship Programs (IRAPs).\n\n \nStarting May 11th, the US Department of Labour has introduced the IRAP, which seeks to increase the number of American apprentices from 500,000 to 5 million by decentralizing apprenticeship authority from the DOL to hundreds of third party IRAP authorizers.\n\nUnder the new IRAP rules, industry associations, unions, non-profit organizations, and higher education institutions that meet DOL standards can qualify for Stadards Recognition Entity (SRE), which in turn endows them with the authority to bless and oversee IRAPs. \n\nHowever, crucially, third-parties are expected to pay for everything\n","https://www.dol.gov/newsroom/releases/eta/eta20200310",null,"Indeterminate","Policy already in planning before COVID-19, only adapted post COVID-19",null,null,null,{"$f":"IFERROR(Q728/VLOOKUP(P728,'Exchange rates to USD'!$L$2:$N$225,3,FALSE()),\"\")","v":""}]
["USA11",{"$f":"LEFT(A729,3)","v":"USA"},"Grant/Loan (including interest-free loans)","City/regional","Energy","N/A","Climate Mitigation","Air Pollution",null,"Expanding the deadline of the NY-Sun Solar Affordability Program (New York)\n\nWhilst New York has paused all non-essential clean energy work under the state’s COVID-19 shutdown, it has extended the completion deadline for projects under its NY-Sun solar affordability program.\n\nProjects awarded funding were provided an extension without penalty or default\n\n\n","https://www.congress.gov/bill/116th-congress/senate-bill/3779",null,"Positive","Program introduced before COVID-19, and it was very popular, so it may have been expanded even without COVID-19. ",null,null,null,{"$f":"IFERROR(Q729/VLOOKUP(P729,'Exchange rates to USD'!$L$2:$N$225,3,FALSE()),\"\")","v":""}]
["USA12",{"$f":"LEFT(A730,3)","v":"USA"},"Tax reduction / Other subsidy","City/regional","Energy","741$ Million","Climate Mitigation",null,null,"EV Make-Ready Program: 751$ Million Commitment to improve Electrical Car usage and infrastructure (New York)\n\n The project seeks to improve electric vehicle (EV) charging station economics by covering up to 90% of the costs to “make-ready” a site for EV charging; these costs currently present an economic barrier to EV charging station developers.\n\nIn addition, the program will provide 20,000 rebates  for New Yorkers to purchase electric cars under the Drive Clean Rebate initiative, which provides residents with a rebate of up to $2,000 for the purchase or lease of a new electric car from participating dealers.","https://www.governor.ny.gov/news/governor-cuomo-announces-nation-leading-initiatives-expand-electric-vehicle-use-combat-climate",null,"Positive",null,null,"USD",741,{"$f":"IFERROR(Q730/VLOOKUP(P730,'Exchange rates to USD'!$L$2:$N$225,3,FALSE()),\"\")","v":741}]
["USA13",{"$f":"LEFT(A731,3)","v":"USA"},"Grant/Loan (including interest-free loans)","City/regional","Energy","10$ Million","Climate Mitigation",null,null,"10 million in grants for geothermal-related projects (California) \n\n\nCalifornia Energy Commission (CEC) awarded nearly $10 million in grants today for three geothermal-related projects that will help California meet its 100 percent clean electricity goal and expand the state’s emerging lithium recovery industry.\n\nThe grants were funded through the CEC’s Electric Program Investment Charge (EPIC) program, the state's public interest research initiative.\n","https://www.energy.ca.gov/news/2020-05/geothermal-lithium-recovery-projects-get-boost-california-energy-commission",null,"Positive",null,null,"USD",10,{"$f":"IFERROR(Q731/VLOOKUP(P731,'Exchange rates to USD'!$L$2:$N$225,3,FALSE()),\"\")","v":10}]
["USA14",{"$f":"LEFT(A732,3)","v":"USA"},"Regulatory change","Sectoral","Energy",null,"Climate Mitigation","Other",null,"Treasury Dept and Internal Revenue Service extend the deadlines for renewable energy projects eligible for tax credits as a result of delays due to the coronavirus pandemic. \n(a) “The IRS recognizes that COVID-19 has caused industry-wide delays in the supply chain for components needed to complete renewable energy projects otherwise eligible for important tax credits,” agency says in statement; \n(b) New guidance gives projects required to be completed in four years an additional year; and \n(c) IRS also gives projects more time to meet a safe harbor requirement for starting construction","https://news.bloombergtax.com/daily-tax-report/u-s-treasury-extends-deadlines-for-renewable-energy-projects",null,"Positive",null,null,null,null,{"$f":"IFERROR(Q732/VLOOKUP(P732,'Exchange rates to USD'!$L$2:$N$225,3,FALSE()),\"\")","v":""}]
["USA15",{"$f":"LEFT(A733,3)","v":"USA"},"Skills training","Economy-wide","Industry","N/A","Other",null,null,"Skills Renewal Act (Still in congress, but expected to pass)\n\n\nThis bill allows eligible individuals a refundable tax credit, up to $4,000 in a taxable year, for expenses paid for qualified training services. The bill defines\n\n•\tqualified training service as a course or program of study that is listed in provisions of the Workforce Innovation and Opportunity Act or that relates to computer science, technology, or another high-need area, such as a coding boot camp, that have been precertified by the Department of Labor; and\n\n•\teligible individual as an individual who became unemployed or furloughed in 2020 but was otherwise able to work and was available for work and has applied for or is receiving pandemic emergency unemployment compensation related to COVID-19 (i.e., coronavirus disease 2019).\n\n\n","https://www.congress.gov/bill/116th-congress/senate-bill/3779",null,"Indeterminate",null,null,null,null,{"$f":"IFERROR(Q733/VLOOKUP(P733,'Exchange rates to USD'!$L$2:$N$225,3,FALSE()),\"\")","v":""}]
["USA16",{"$f":"LEFT(A734,3)","v":"USA"},"Skills training","Economy-wide","Industry","50$ Billion (Proposal)","Other",null,null,"Biden Re-training Proposal (campaign proposal)\n\n\nJoe Biden has proposed a $50 billion investment in workforce training, including community-college business partnerships and apprenticeships.\n\nThese funds would exponentially increase the number of apprenticeships by strengthening the Registered Apprenticeship Program. A large section of these apprecentiships are planned to occur within clean tech. \n","https://joebiden.com/BeyondHS/",null,"Indeterminate",null,null,"USD",50000,{"$f":"IFERROR(Q734/VLOOKUP(P734,'Exchange rates to USD'!$L$2:$N$225,3,FALSE()),\"\")","v":50000}]
["USA17",{"$f":"LEFT(A735,3)","v":"USA"},"Grant/Loan (including interest-free loans)","Sectoral","Air transport","60$ Billion ","Climate Mitigation",null,null,"A total of US$60 billion in bailout funding has been made available to ten airlines in the US. \nThe stimulus was provided without any green conditions, although conditions on employee retention and equity stakes have been introduced for some carriers depending on firm financials. \nThe US government has warrants on up to 1.9% of shares for any airline receiving grants or loans.","https://www.vivideconomics.com/wp-content/uploads/2020/07/GreenStimulusIndex14July.pdf",null,"Negative",null,null,"USD",60000,{"$f":"IFERROR(Q735/VLOOKUP(P735,'Exchange rates to USD'!$L$2:$N$225,3,FALSE()),\"\")","v":60000}]
["USA18",{"$f":"LEFT(A736,3)","v":"USA"},"Tax reduction / Other subsidy","Sectoral","Energy","N/A","Climate Mitigation",null,null,"In response to record low oil prices recorded during the covid-19 pandemic, the US Administration issued a new guidance where all companies would be eligible for near-zero royalties whenever the price of oil goes below a certain point. The US Federal Government has lowered royalty charges including those for oil and gas extraction, from 12.5% of gross sales to 0.5%. \n\nIn April 2020, the Bureau of Land Management (BLM) approved all 76 reduction requests it received and notified oil and gas companies the reduction of royalty rates from 12.5% to as low as 0.5%.\n","https://www.ft.com/content/4d3d88c8-7eb6-4d06-bec0-c0ca8d91a045",null,"Negative",null,null,null,null,{"$f":"IFERROR(Q736/VLOOKUP(P736,'Exchange rates to USD'!$L$2:$N$225,3,FALSE()),\"\")","v":""}]
["USA19",{"$f":"LEFT(A737,3)","v":"USA"},"Tax reduction / Other subsidy","Sectoral","Energy","N/A",null,null,null,"Changes to tax restrictions and rebates loosened rules on accounting for business losses, allowing businesses to carry back losses from 2018-2020 (both before and as a result of COVID-19) and decrease taxable profits for years prior to 2018. \n\nAt least 37 oil companies claimed more than USD 1.9 billion in CARES act tax benefits. National Oilwell Varco expects to file a tax refund claim for $123 million by carrying back its 2019 net operating losses.  Diamond Offshore Drilling recognized a tax benefit of $9.7 million as a result of the CARES Act carry back, despite facing bankruptcy.  Occidental Petroleum Corporation anticipates a cash refund of approximately $195 million.\n","https://www.wri.org/blog/2020/06/coronavirus-stimulus-packages-clean-energy\nhttps://www.bloomberg.com/news/articles/2020-05-15/-stealth-bailout-shovels-millions-of-dollars-to-oil-companies?sref=vdNmoUVL\n",null,"Indeterminate",null,null,null,null,{"$f":"IFERROR(Q737/VLOOKUP(P737,'Exchange rates to USD'!$L$2:$N$225,3,FALSE()),\"\")","v":""}]
["USA20",{"$f":"LEFT(A738,3)","v":"USA"},"Other or not specified","Sectoral","Energy","N/A","Climate Mitigation",null,null,"US Administration plans to pay drillers to leave oil in ground amid covid-induced record low prices (21 Apr)\n\nUnder the plan the US Energy Department would pay producers not to produce and make the untapped crude part of the US government’s emergency stockpile. The agency would contract with companies to buy proven oil reserves but delay production for several years, if not indefinitely. \n","https://www.bloomberg.com/news/articles/2020-04-15/u-s-weighs-paying-drillers-to-leave-oil-in-the-ground-amid-glut?sref=HeRxKWIM",null,"Mixed",null,null,null,null,{"$f":"IFERROR(Q738/VLOOKUP(P738,'Exchange rates to USD'!$L$2:$N$225,3,FALSE()),\"\")","v":""}]
["USA21",{"$f":"LEFT(A739,3)","v":"USA"},"Other or not specified","City/regional","Energy","N/A","Climate Mitigation",null,null,"Wyoming regulators look to stimulate oil production in the state with a new tax relief proposal that calls for a tax exemption until the price of WTI reaches $45 per barrel\n\nWhile the tax exemption will only be temporary, to be in effect no longer than 12 months after the benchmark price of oil reaches the necessary threshold, its sponsors believe it could have a positive effect on the oil and gas industry in Wyoming.\n","https://oilprice.com/Energy/Crude-Oil/The-Cowboy-State-Looks-To-Stimulate-Oil-Drilling-With-Tax-Cuts.html",null,"Negative",null,null,null,null,{"$f":"IFERROR(Q739/VLOOKUP(P739,'Exchange rates to USD'!$L$2:$N$225,3,FALSE()),\"\")","v":""}]
["USA22","USA","Regulatory change","City/regional","Energy","N/A","Biodiversity","Other",null,"Oil drilling in the Arctic National Wildlife Refuge\n\nThe Arctic National Wildlife Refuge (ANWR) is home to approximately 19.64 million acres of land and water in Alaska. In September 2019, The Bureau of Land Management (BLM) completed an environmental impact statement (EIS) to analyze potential impacts of the programand proposed to lease the entire 1.57 acres of coastal plain for oil and gas leasing. Subsequently, on August 17, 2020, David Bernhardt, the Secretary of Interior, signed a record decision adopting the EIS recommendation and authorizing the program pursuant to TCJA. This action made the entire program area available for oil and gas leasing, leaving the Refuge vulnerable to future exploration, development, and transportation. On August 24, 2020, environmental and indigenous groups filed lawsuits claiming the federal government did not adequately comply with environmental laws requiring thorough impact assessments.\n","https://eplanning.blm.gov/public_projects/102555/200241580/20024135/250030339/Coastal%20Plain%20Record%20of%20Decision.pdf",null,"Negative","The Tax Cuts and Jobs Act of 2017 (TCJA) lifted the Section 1003 provision for the Coastal plain and directed the Secretary of Interior (Secretary) to establish a program for leasing, development, production, and transportation of oil and gas in and from the area. ",null,null,null,{"$f":"IFERROR(Q740/VLOOKUP(P740,'Exchange rates to USD'!$L$2:$N$225,3,FALSE()),\"\")","v":""}]
["USA23","USA","Tax reduction / Other subsidy","City/regional","Energy","667 Million USD","Climate Mitigation","Air Pollution",null,"Tax credit for natural gas manufacturing (petrochemical) facilities – Pennsylvania. \n\nThe Pennsylvanian state government has provided royalty or govt. fee break (GRF) for the Exploration or production or processing or storage or transportation of natural gas manufacturing, entering into force by the 23/07/2020 for the General Assembly of Pennsylvania.\n\n","https://www.legis.state.pa.us/cfdocs/billInfo/billInfo.cfm?sYear=2019&sInd=0&body=H&type=B&bn=732",null,"Negative","New Policy",null,"USD",667,{"$f":"IFERROR(Q741/VLOOKUP(P741,'Exchange rates to USD'!$L$2:$N$225,3,FALSE()),\"\")","v":667}]
["USA24","USA","Tax reduction / Other subsidy","City/regional","Energy","200 Million USD","Climate Mitigation",null,null,"New York has authorized 200 Million USD investments to support offshore wind development\n\nGovernor Cuomo Announces Largest Combined Solicitations for Renewable Energy Ever Issued in the U.S. to Combat Climate Change. In seeking at least 1,000 megawatts of offshore wind, coordinated with a $200 million opportunity to support local and private investment in port infrastructure, NYSERDA will accept offshore wind bids between 400 megawatts and up to 2,500 megawatts. In addition to delivering a significant amount of clean, renewable energy to New Yorkers, this combined solicitation requests proposals for investment in port infrastructure, aimed to further incentivize private investment, and maximize economic benefits and job creation for New Yorkers while driving future cost reductions for this technology and establishing New York as the hub of the offshore wind supply chain. Notable provisions in this comprehensive solicitation include:\n","https://www.governor.ny.gov/news/governor-cuomo-announces-largest-combined-solicitations-renewable-energy-ever-issued-us-combat",null,"Positive","New Policy",null,"USD",200,{"$f":"IFERROR(Q742/VLOOKUP(P742,'Exchange rates to USD'!$L$2:$N$225,3,FALSE()),\"\")","v":200}]
["USA25","USA","Regulatory change","Sectoral","Industry","N/A","Climate Mitigation",null,null,"Environmental Protection Agency (EPA) ris amending the emissions reporting regulations applicable to sources that monitor and report emissions under the Acid Rain Program, the Cross-State Air Pollution Rule (CSAPR), and/or the NOX SIP Call. The amendments provide that if an affected unit fails to complete a required quality-assurance, certification or recertification, fuel analysis, or emission rate test by the applicable deadline under the regulations because of travel, plant access, or other safety restrictions implemented to address the current COVID-19 national emergency and if the unit's actual monitored data would be considered valid if not for the delayed test, the unit may temporarily continue to report actual monitored data instead of substitute data.\n\n\n","https://www.federalregister.gov/documents/2020/04/22/2020-08581/continuous-emission-monitoring-quality-assurance-requirements-during-the-covid-19-national-emergency",null,"Negative",null,null,null,null,{"$f":"IFERROR(Q743/VLOOKUP(P743,'Exchange rates to USD'!$L$2:$N$225,3,FALSE()),\"\")","v":""}]
["USA26","USA","Regulatory change","Sectoral","Energy","120 Million USD","Climate Mitigation",null,null,"Environmental Protection Agency (EPA) rolls back a rule regulating the amount of toxic pollutants discharged by steam electric power plants.\n\nAmong all industries regulated under the Clean Water Act, steam electric power plants contribute the greatest amount of toxic pollutants discharged to surface waters. The power plant water pollution rule establishes limits on the amount of toxic metals and other harmful pollutants that steam electric power plants are allowed to discharge into surface water. The rule was finalized on November 3, 2015, but recently rolled back by EPA Administrator Scott Pruitt. The elimination of the rule is expected to save $140 million annually in reduced compliance costs. \n","https://www.federalregister.gov/documents/2017/09/18/2017-19821/postponement-of-certain-compliance-dates-for-the-effluent-limitations-guidelines-and-standards-for",null,"Mixed","New Policy",null,"USD",120,{"$f":"IFERROR(Q744/VLOOKUP(P744,'Exchange rates to USD'!$L$2:$N$225,3,FALSE()),\"\")","v":120}]
["CRI1","CRI","Tax reduction / Other subsidy","Economy-wide","Multiple or economy-wide",null,"Other",null,null,"3 month moratorium on payment of VAT and Customs and import Tariffs by companies ","https://www.thecentralamericangroup.com/five-costa-rican-covid-19-economic-measures/#contactus",null,"Indeterminate",null,null,null,null,{"$f":"IFERROR(Q745/VLOOKUP(P745,'Exchange rates to USD'!$L$2:$N$225,3,FALSE()),\"\")","v":""}]
["CRI3","CRI","Grant/Loan (including interest-free loans)","Economy-wide","Multiple or economy-wide","USD 1.6 billion","Other",null,null,"USD 1.6 billion in gurantees and loans on preferential rates towards working capital and start-up capital (applicable to all entities in the productive sector). Proceeds of the loan may be used for seed capital, purchase of supplies, or for the payment of payroll, according to the needs of tourism, commerce, restaurants, agriculture, livestock, construction, artistic activities, among others.","1. https://intallaght.ie/costa-rica-government-announces-%E2%82%A1-900-billion-in-loans-to-the-productive-sector-for-the-countrys-recovery/ 2.  https://www.caribbean-council.org/costa-rican-government-announces-post-pandemic-economic-stimulus-package/ 3. https://www.efe.com/efe/america/economia/costa-rica-anuncia-1-500-millones-dolares-en-creditos-para-recuperar-la-economia/20000011-4241970",null,"Indeterminate",null,null,"USD",1600,{"$f":"IFERROR(Q746/VLOOKUP(P746,'Exchange rates to USD'!$L$2:$N$225,3,FALSE()),\"\")","v":1600}]
["CRI4","CRI","Grant/Loan (including interest-free loans)","Sectoral","Surface transport","USD 5.5. billion","Climate Mitigation",null,null,"USD 5.5 billion public investment over 2020-2021. Notable projects inlcude:  Route 27 (US $ 500 million), Route 32: San José – Río (US $ 640 million), Route 1: Road Corridor San José – San Ramón (US $ 400 million), Route 2: San José – Cartago 400 (US $ 400 million) and the Electric Passenger Train (US $ 550 million). The Elecrtic Passenger Train is a flagship project and key piece transportation infrastruture for the country. ","1. https://intallaght.ie/costa-rica-government-announces-%E2%82%A1-900-billion-in-loans-to-the-productive-sector-for-the-countrys-recovery/ 2. https://www.prensa-latina.cu/index.php?o=rn&id=364412&SEO=gobierno-de-costa-rica-revelara-medidas-para-recuperacion-economica",null,"Mixed",null,null,"USD",5500,{"$f":"IFERROR(Q747/VLOOKUP(P747,'Exchange rates to USD'!$L$2:$N$225,3,FALSE()),\"\")","v":5500}]
["CRI5","CRI","Skills training","Economy-wide","Multiple or economy-wide",null,"Other",null,null,"Bill to modernise the National Learning Institute and give it greater lattitude to respond to the skilling needs of the young population and enahnce employability in post COVID economy. This includes freelance work. ","https://intallaght.ie/costa-rica-government-announces-%E2%82%A1-900-billion-in-loans-to-the-productive-sector-for-the-countrys-recovery/",null,"Indeterminate",null,null,null,null,{"$f":"IFERROR(Q748/VLOOKUP(P748,'Exchange rates to USD'!$L$2:$N$225,3,FALSE()),\"\")","v":""}]
["CRI6","CRI","Other or not specified","Sectoral","Agriculture",null,"Biodiversity",null,null,"The productivity of SMEs, agriculture and tourism will be boosted with tailored programs. In June, an e-commerce platform will be launched to bring supply and demand closer together to reduce transaction costs and deepen value chains. The AGROINNOVA 4.0 program will be promoted, which encourages the use of high technology to improve productivity and sustainability in the agricultural sector, replicating it in various parts of the country.",null,null,"Indeterminate",null,null,null,null,{"$f":"IFERROR(Q749/VLOOKUP(P749,'Exchange rates to USD'!$L$2:$N$225,3,FALSE()),\"\")","v":""}]
["CRI7","CRI","Other or not specified","Economy-wide","Multiple or economy-wide","USD 300 million ","Climate Mitigation","Adaptation",null,"USD 300 milliion loan by the world bank to support the Government's recovery measures. The loan focuses on promoting low-carbon development inlcuding fostering the recovery of a steady growth trajectory post COVID-19, by strengthening the country’s foundations for green growth and low-carbon development. Measures include accelerating the deployment of low-carbon technologies and expanding resilience of the national energy system. Taking out the loan points to future public expenditure to encourage green infrastructrue. ","https://www.worldbank.org/en/news/press-release/2020/06/25/apoyo-del-banco-mundial-a-costa-rica-para-promover-la-recuperacion-economica-y-un-desarrollo-bajo-en-carbono",null,"Positive",null,null,"USD",300,{"$f":"IFERROR(Q750/VLOOKUP(P750,'Exchange rates to USD'!$L$2:$N$225,3,FALSE()),\"\")","v":300}]
["CRI8","CRI","Other or not specified","Economy-wide","Multiple or economy-wide","USD 300 million ","Climate Mitigation",null,null,"USD 300 million loan by the CABEI to support the Government's recover measures and ensure low-carbon development. Taking out this loan alos points towards future expeditures in low-carbon infrastructure and initiatives. ","https://www.eleconomista.net/actualidad/BCIE-aprueba-300-millones-a-Costa-Rica-para-recuperacion-economica-20200724-0008.html",null,"Positive",null,null,"USD",300,{"$f":"IFERROR(Q751/VLOOKUP(P751,'Exchange rates to USD'!$L$2:$N$225,3,FALSE()),\"\")","v":300}]
["CRI9","CRI","Tax reduction / Other subsidy","Economy-wide","Multiple or economy-wide","USD 44.244 million","Climate Mitigation",null,null,"Removal of fossil fuel subsidies taking advantage of low international oil prices to protect workers that lost their job due to COVID 19 pandemic (Colon billion 27). The measure will benefits 75 000 families nation-wide","https://www.elmundo.cr/costa-rica/aprueban-en-segundo-debate-proyecto-que-crea-subsidio-en-favor-de-trabajadores/",null,"Positive","Law 21 909 approved 22/04/20. Prices will be freezed for 3 months, with possible extension of 3 more months. Excluded are diesel, LPG, and fuels for the fishing sector,","2020-11-19","USD",44.244,{"$f":"IFERROR(Q752/VLOOKUP(P752,'Exchange rates to USD'!$L$2:$N$225,3,FALSE()),\"\")","v":44.244}]
["BRA1","BRA","Tax reduction / Other subsidy","Economy-wide","Multiple or economy-wide","US$ 20.6 billion\n",null,null,null,"Up to US$ 45.4 billion for workers and the most vulnerable population. Fiscal impact: US$ 20.6 billion","https://www.gov.br/economia/pt-br/centrais-de-conteudo/publicacoes/publicacoes-em-outros-idiomas/covid-19/covid-19-2020-04-24-brazil-policy-measures-1830-1.pdf/view",null,"Indeterminate",null,"26.10.2020","USD",20600,{"$f":"IFERROR(Q753/VLOOKUP(P753,'Exchange rates to USD'!$L$2:$N$225,3,FALSE()),\"\")","v":20600}]
["BRA2","BRA","Tax reduction / Other subsidy","Economy-wide","Multiple or economy-wide","USD 14.4 billion",null,null,null,"Up to US$ 26.7 billion in aid to states and municipalities. Fiscal impact: US$ 14.4 billion","https://www.gov.br/economia/pt-br/centrais-de-conteudo/publicacoes/publicacoes-em-outros-idiomas/covid-19/covid-19-2020-04-24-brazil-policy-measures-1830-1.pdf/view",null,"Indeterminate",null,"26.10.2020","USD",14400,{"$f":"IFERROR(Q754/VLOOKUP(P754,'Exchange rates to USD'!$L$2:$N$225,3,FALSE()),\"\")","v":14400}]
["BRA3","BRA","Grant/Loan (including interest-free loans)","Economy-wide","Multiple or economy-wide","USD 54.8 billion",null,null,null,"US$ 54.8 billion in credit measures","https://www.gov.br/economia/pt-br/centrais-de-conteudo/publicacoes/publicacoes-em-outros-idiomas/covid-19/covid-19-2020-04-24-brazil-policy-measures-1830-1.pdf/view",null,"Indeterminate",null,"26.10.2020","USD",54800,{"$f":"IFERROR(Q755/VLOOKUP(P755,'Exchange rates to USD'!$L$2:$N$225,3,FALSE()),\"\")","v":54800}]
["BRA4","BRA","Regulatory change","Economy-wide","Multiple or economy-wide","USD 10.3 billion.",null,null,null,"Up to US$ 104.9 billion in cash flow measures and a program for employment in companies. Fiscal impact of US$ 10.3 billion.","https://www.gov.br/economia/pt-br/centrais-de-conteudo/publicacoes/publicacoes-em-outros-idiomas/covid-19/covid-19-2020-04-24-brazil-policy-measures-1830-1.pdf/view",null,"Indeterminate",null,"26.10.2020","USD",10300,{"$f":"IFERROR(Q756/VLOOKUP(P756,'Exchange rates to USD'!$L$2:$N$225,3,FALSE()),\"\")","v":10300}]
["BRA5","BRA","Other or not specified",null,"Multiple or economy-wide","USD 3.6 billion",null,null,null,"US$ 4.9 billion to fight the COVID-19 (funds and measures to assure supplies, treatment and protection). Fiscal impact: US$ 3.6 billion","https://www.gov.br/economia/pt-br/centrais-de-conteudo/publicacoes/publicacoes-em-outros-idiomas/covid-19/covid-19-2020-04-24-brazil-policy-measures-1830-1.pdf/view",null,"Indeterminate",null,"26.10.2020","USD",3600,{"$f":"IFERROR(Q757/VLOOKUP(P757,'Exchange rates to USD'!$L$2:$N$225,3,FALSE()),\"\")","v":3600}]
["BRA6","BRA","Other or not specified",null,"Multiple or economy-wide",null,null,null,null,"Liquidity assistance of US$ 240 billion from the Central Bank","https://www.gov.br/economia/pt-br/centrais-de-conteudo/publicacoes/publicacoes-em-outros-idiomas/covid-19/covid-19-2020-04-24-brazil-policy-measures-1830-1.pdf/view",null,"Indeterminate",null,"26.10.2020",null,null,{"$f":"IFERROR(Q758/VLOOKUP(P758,'Exchange rates to USD'!$L$2:$N$225,3,FALSE()),\"\")","v":""}]
["BRA7","BRA","Other or not specified",null,"Multiple or economy-wide",null,null,null,null,"Capital release of US$ 640 billion","https://www.gov.br/economia/pt-br/centrais-de-conteudo/publicacoes/publicacoes-em-outros-idiomas/covid-19/covid-19-2020-04-24-brazil-policy-measures-1830-1.pdf/view",null,"Indeterminate",null,"26.10.2020",null,null,{"$f":"IFERROR(Q759/VLOOKUP(P759,'Exchange rates to USD'!$L$2:$N$225,3,FALSE()),\"\")","v":""}]
["BRA8","BRA","Other or not specified",null,"Multiple or economy-wide",null,"Climate Mitigation","Other",null,"Creation of new financial mechanisms for green bonds issuance for sustainable infrastructure, expected to attract up to US$34 billion by 2029.","http://www.planalto.gov.br/ccivil_03/_ato2019-2022/2020/decreto/D10387.htm",null,"Positive",null,"26.10.2020",null,null,{"$f":"IFERROR(Q760/VLOOKUP(P760,'Exchange rates to USD'!$L$2:$N$225,3,FALSE()),\"\")","v":""}]
["BRA9","BRA","Other or not specified","Sectoral","Multiple or economy-wide",null,"Biodiversity","Climate Mitigation","Adaptation","Ease of regularisations of private occupation of public lands, weakening compliance with environmental law after regularization and granting amnesty to those practicing illegal logging. This PL (\"law project\") is a proposal presented to the deputy chambers, as a result of the expiring of a similar provisory measure that deputees were unable to agree upon, presented in December 2019. The government is now presenting this PL, asking for voting on an urgency regime, during the COVID crisis, seen by many as a strategy to push forward easures for easing regulation in the environmental sector while society is \"distracted\" by the pandemics.","https://www.camara.leg.br/proposicoesWeb/fichadetramitacao?idProposicao=2252589",null,"Positive","PL 2633/2020 aims at the legalization of public land which will allow for better law enforcement of the Forest Code and other environmental protective measures. The proposal clearly forbids legal land tenure of tenants using practices such as slavery-related labor and irregular deforestation. It fosters the use of satellite images to assess the evolution of land use, regular land tenure by traditional population groups - such as quilombolas - and surveillance of land under suspicion of irregular use and deforestation","2021-03-09",null,null,{"$f":"IFERROR(Q761/VLOOKUP(P761,'Exchange rates to USD'!$L$2:$N$225,3,FALSE()),\"\")","v":""},"Changed from Neg. to Positive"]
["BRA10","BRA","Fiscal","Sectoral","Air transport",608519270,"Climate Mitigation",null,null,"Congress added important points in the MP (Provisional Measure) that had been set by the President early in the pandemic. The airline companies will not be held responsible for flight delays due to \"force majeure\" and they may use the National Civil Aviation Fund (FNAC) for loan guarantees of up to BRL 3 billion.","https://www.camara.leg.br/noticias/674316-camara-aprova-texto-base-de-mp-sobre-remarcacao-de-passagens-aereas\nhttp://www.planalto.gov.br/ccivil_03/_ato2019-2022/2020/lei/L14034.htm","https://www.in.gov.br/en/web/dou/-/lei-n-14.034-de-5-de-agosto-de-2020-270712514 (accessed 07/08/2020)","Indeterminate","The MP was converted into Law n. 14.034/2020. It mainly regulates air companies’s obligations towards passangers regarding refunds in case of cancelation of flights. It also allows the use of the National Civil Aviation Fund (FNAC) for loans and loan guarantees. ","2021-03-09","BRL",608.51927,{"$f":"IFERROR(Q762/VLOOKUP(P762,'Exchange rates to USD'!$L$2:$N$225,3,FALSE()),\"\")","v":203.519366979585},"Changed from Neg. to Indeterminate"]
["BRA11","BRA","Fiscal","Sectoral","Buildings",6085193,"Climate Mitigation","Air Pollution",null,"The National Program for Electrical Energy Conservation (Procel) committed 30 million BRL for the National Development Bank's (BNDES) energy efficiency fund. The resources will be used as grants to support energy efficiency projects through guarantees in different sectors of the economy. The objective is to reduce risks of default and increase access to credits for such projects.","https://agenciadenoticias.bndes.gov.br/detalhe/noticia/Fundo-para-eficiencia-energetica-do-BNDES-recebera-aporte-de-R$-30-milhoes-do-Procel/",null,"Positive",null,"26.10.2020","BRL",6.085193,{"$f":"IFERROR(Q763/VLOOKUP(P763,'Exchange rates to USD'!$L$2:$N$225,3,FALSE()),\"\")","v":2.0351937701309},null,null,{"$f":"IF(G763=H763,\"****\",\"\")","v":""},{"$f":"IF(H763=\"\",\"\",IF(H763=I763,\"****\",\"\"))","v":""}]
["BRA12","BRA","Fiscal","Sectoral","Energy",0,"Climate Mitigation",null,null,"It provides for the reduction of royalties and the incentive for small or medium-sized companies in the activities of exploration, development and production of oil and natural gas.","https://www.gov.br/anp/pt-br/canais_atendimento/imprensa/noticias-comunicados/reducao-de-royalties-para-empresas-de-pequeno-e-medio-portes-e-tema-de-workshop-1","https://web.archive.org/web/20200722013932/, http://www.in.gov.br/en/web/dou/-/despacho-do-presidente-da-republica-264424998","Negative",null,"2021-03-09",null,null,{"$f":"IFERROR(Q764/VLOOKUP(P764,'Exchange rates to USD'!$L$2:$N$225,3,FALSE()),\"\")","v":""},"Changed from Neg. to Mixed",null,"Changed back to neg"]
["BRA13","BRA","Other or not specified","Sectoral","Energy",0,"Climate Mitigation","Air Pollution","Biodiversity","The \"More Light for the Amazon\" program foresees the use of renewable sources of electricity generation, mainly photovoltaic systems, and the replacement of small diesel or gasoline electric power generators, which today are the only source of electricity for many families that live in these remote regions, thus contributing to the reduction of greenhouse gas emissions and encouraging the sustainable use of resources in the Amazon Forest.","https://www.gov.br/casacivil/pt-br/assuntos/noticias/2020/junho/mais-luz-para-a-amazonia-manual-de-operacionalizacao-do-programa-e-aprovado",null,"Positive",null,"2021-03-09",null,null,{"$f":"IFERROR(Q765/VLOOKUP(P765,'Exchange rates to USD'!$L$2:$N$225,3,FALSE()),\"\")","v":""}]
["BRA14","BRA","Fiscal","Sectoral","Energy",0,"Climate Mitigation",null,null,"Aims to encourage the entry of new actors and attract investments to the oil refinery sector. ","https://web.archive.org/web/20200713014452/\nhttp://www.mme.gov.br/web/guest/todas-as-noticias/-/asset_publisher/pdAS9IcdBICN/content/diretrizes-para-desinvestimentos-no-setor-de-refino-brasileiro\nhttp://www.mme.gov.br/web/guest/todas-as-noticias/-/asset_publisher/pdAS9IcdBICN/content/diretrizes-para-desinvestimentos-no-setor-de-refino-brasileiro?inheritRedirect=false&redirect=\nhttp://antigo.mme.gov.br/web/guest/todas-as-noticias/-/asset_publisher/pdAS9IcdBICN/content/cade-e-petrobras-celebram-acordo-para-venda-de-refinarias-de-petrol-1/pop_up?_101_INSTANCE_pdAS9IcdBICN_viewMode=print&_101_INSTANCE_pdAS9IcdBICN_languageId=pt_BR","https://web.archive.org/web/20200713014452/, http://www.mme.gov.br/web/guest/todas-as-noticias/-/asset_publisher/pdAS9IcdBICN/content/diretrizes-para-desinvestimentos-no-setor-de-refino-brasileiro? ","Indeterminate",null,"2021-03-09",null,null,{"$f":"IFERROR(Q766/VLOOKUP(P766,'Exchange rates to USD'!$L$2:$N$225,3,FALSE()),\"\")","v":""},"Changed from Neg. to Indeterminate"]
["BRA15","BRA","Other or not specified","Sectoral","Energy",0,"Climate Mitigation",null,null,"Establishes procedures for controlling and reducing oil and gas burns and losses. Aims to foster, on economic grounds, an increase in the share of domestic natural gas production in serving the Brazilian market, including by reducing the burning of natural gas in exploration and production activities.","https://web.archive.org/web/20200713012922/, http://www.anp.gov.br/noticias/5589-anp-aperfeicoa-regras-para-queima-de-gas",null,"Positive",null,"2021-03-11",null,null,{"$f":"IFERROR(Q767/VLOOKUP(P767,'Exchange rates to USD'!$L$2:$N$225,3,FALSE()),\"\")","v":""},"Changed from Neg. to Positive"]
["BRA16","BRA","Other or not specified","Sectoral","Energy",0,"Climate Mitigation",null,null,"To allow the extension of deadlines related to oil and natural gas exploration and production contracts in the context of COVID.","https://web.archive.org/web/20200713010848/, http://www.in.gov.br/web/dou/-/resolucao-n-815-de-20-de-abril-de-2020-253195842",null,"Indeterminate",null,"2021-03-11",null,null,{"$f":"IFERROR(Q768/VLOOKUP(P768,'Exchange rates to USD'!$L$2:$N$225,3,FALSE()),\"\")","v":""},"Changed from Neg. to Indeterminate"]
["BRA17","BRA","Other or not specified","Sectoral","Energy",0,"Climate Mitigation",null,null,"Temporary measures to confront Covid-19 for the oil and gas sector, specifically changes in procedures to be adopted by regulated agents from from the Oil National Agency","https://web.archive.org/web/20200421193251/, http://www.in.gov.br/web/dou/-/resolucao-n-816-de-20-de-abril-de-2020-253195837",null,"Indeterminate",null,"2021-03-11",null,null,{"$f":"IFERROR(Q769/VLOOKUP(P769,'Exchange rates to USD'!$L$2:$N$225,3,FALSE()),\"\")","v":""},"Changed from Neg. to Indeterminate"]
["BRA18","BRA","Fiscal","Sectoral","Energy",0,"Climate Mitigation",null,null,"Relief to the electricity sector (creation of \"COVID-account\", destined to receive resources to cover deficits or antecipate costs)","https://web.archive.org/web/20200712204420/, http://www.in.gov.br/en/web/dou/-/decreto-n-10.350-de-18-de-maio-de-2020-257267211","https://www.demarest.com.br/wp-content/uploads/2020/06/Boletim-Energia-Junho-2020-Demarest-Advogados_.pdf","Positive",null,"26.10.2020",null,null,{"$f":"IFERROR(Q770/VLOOKUP(P770,'Exchange rates to USD'!$L$2:$N$225,3,FALSE()),\"\")","v":""}]
["BRA19","BRA","Fiscal","Sectoral","Energy",0,"Climate Mitigation",null,null,"Relief to the electricity sector (temporary measures to confront Covid-19 for the electricity sector)","https://web.archive.org/web/20200712203630/, http://www.in.gov.br/en/web/dou/-/medida-provisoria-n-950-de-8-de-abril-de-2020-251768271",null,"Positive",null,"2021-03-12",null,null,{"$f":"IFERROR(Q771/VLOOKUP(P771,'Exchange rates to USD'!$L$2:$N$225,3,FALSE()),\"\")","v":""},"Indeterminate to Positive"]
["BRA20","BRA","Other or not specified","Sectoral","Energy",0,"Climate Mitigation",null,null,"To postpone energy auctions indefinitely in order to adopt measures to deal with the public health emergency of international importance resulting from the coronavirus  ","https://web.archive.org/web/20200712161825/, http://www.in.gov.br/en/web/dou/-/portaria-n-134-de-28-de-marco-de-2020-250263670",null,"Indeterminate",null,"2021-03-12",null,null,{"$f":"IFERROR(Q772/VLOOKUP(P772,'Exchange rates to USD'!$L$2:$N$225,3,FALSE()),\"\")","v":""},"Indeterminate to Positive",null,"Changed back to indeterm"]
["BRA21","BRA","Other or not specified","Sectoral","Multiple or economy-wide",0,"Climate Mitigation",null,null,"The objective is the guarantee of the provision of energy services; the preservation of the mineral goods production and supply chain; of petroleum and its derivatives; of natural gas; and biofuels. ","https://web.archive.org/web/20200712144231/, http://www.in.gov.br/en/web/dou/-/portaria-n-131-de-27-de-marco-de-2020-250710862","https://www.iea.org/reports/sustainable-recovery/a-sustainable-recovery-plan-for-the-energy-sector ","Mixed",null,"26.10.2020",null,null,{"$f":"IFERROR(Q773/VLOOKUP(P773,'Exchange rates to USD'!$L$2:$N$225,3,FALSE()),\"\")","v":""}]
["BRA22","BRA","Other or not specified","Sectoral","Energy",0,"Climate Mitigation",null,null,"To prevent electricity service from being interrupted or cut during the COVID crisis. ","https://web.archive.org/web/20200712142308/, http://www.in.gov.br/en/web/dou/-/resolucao-normativa-n-878-de-24-de-marco-de-2020-249621270",null,"Indeterminate",null,"26.10.2020",null,null,{"$f":"IFERROR(Q774/VLOOKUP(P774,'Exchange rates to USD'!$L$2:$N$225,3,FALSE()),\"\")","v":""}]
["BRA23","BRA","Other or not specified","Sectoral","Energy",0,"Biodiversity","Other",null,"To help facilitate environmental licensing for uranium and phosphate mining projects.","https://web.archive.org/web/20200707222635/, http://www.mme.gov.br/web/guest/todas-as-noticias/-/asset_publisher/pdAS9IcdBICN/content/mme-aprova-no-ppi-o-programa-de-minerais-estrategicos?inheritRedirect=false&redirect=, http%3A%2F%2Fwww.mme.gov.br%2Fweb%2Fguest%2Ftodas-as-noticias%3Fp_p_id%3D101_INSTANCE_pdAS9IcdBICN%26p_p_lifecycle%3D0%26p_p_state%3Dnormal%26p_p_mode%3Dview%26p_p_col_id%3Dcolumn-1%26p_p_col_count%3D1",null,"Mixed",null,"2021-03-12",null,null,{"$f":"IFERROR(Q775/VLOOKUP(P775,'Exchange rates to USD'!$L$2:$N$225,3,FALSE()),\"\")","v":""},"Negative to Indeterminate",null,"Changed to mixed"]
["BRA24","BRA","Fiscal","Sectoral","Energy",202839757,"Climate Mitigation",null,null,"The Project contributes to the reduction of greenhouse gas emissions per MWh of energy from the Brazilian electric matrix by adding energy generation capacity through a clean and renewable source of resources; and it also contributes to the strengthening of the supply chain for the wind turbine sector established in the country.","https://web.archive.org/web/20200712024353/, https://www.bndes.gov.br/wps/portal/site/home/imprensa/noticias/conteudo/projeto-eolico-no-rio-grande-do-norte-apoiado-pelo-bndes-fornece-a-energia-limpa-a-800-mil-residencias/%21ut/p/z1/zZRLb9swDMc_yw45EqJl-XV00zzauA22PtL4UsiynKiLJddR222ffnLRAVuHxBiyDPNFoEj__qRJk-TkjuSaP6sVt8povnH2Mg_vs2Q2mrI5ZhhcM0xP_YjdRCOcxZTckpzkQtvGrsmy0KXc3iu9tco-iVfCANemlgNUddNKveUD1MYqofh2gMJoK59KM8CmNQ_SGpBmo4QBbaBVBlYtd0Aou4vWSuCNUdxZjdwYeNWCyrRaCucCqWW7Uhw2Tok7O0aEWm2glVtVSt0pdqk2QpVkGSeFpGHpgYiqEFgQxFB4nge8LApRJdSPaUEWfbXnzo07nhTf3t8TkO_GszHu1-8C8v3pLbp6ezLoy-FdwOQ0o5hmwRjHHy8no5S-D5if-SNMp8MsYKOZN0l8snRVRLvT9MniWckXcuNaXLuBu_rDJk2xR2FOD1TowQfHxUdHxTN2IP68bwjdAqHtxfBi5bDcrkHpypC7f_S_O3H18PiYp25FdbvmiyV3__uO2tswNvZ2NywKMUFRlhB6DIEhp5AEYQlRxTmjzhuK3-fh6sR3-OgsyCYJTmn0l_G_Zn8bHhcfHBd_6Mc579u2B88raeo69r8qBZ8_Tb-dXMJkWMQv11X9dixi-7P54zb98B2x5CNI/dz/d5/L2dBISEvZ0FBIS9nQSEh/",null,"Positive","Investment in 6 windmill parks with 76 generators with a total capacity of 319.2MW, enough to supply up to 800,000 residencies in the region.","2021-03-12","BRL",202.839757,{"$f":"IFERROR(Q776/VLOOKUP(P776,'Exchange rates to USD'!$L$2:$N$225,3,FALSE()),\"\")","v":67.8397891046785}]
["BRA25","BRA","Fiscal","Sectoral","Energy",19269777,"Climate Mitigation",null,null,"To increase the diversification of the power supply through investment in renewables, and also to improve energy security.",null,null,"Positive",null,"26.10.2020","BRL",19.269777,{"$f":"IFERROR(Q777/VLOOKUP(P777,'Exchange rates to USD'!$L$2:$N$225,3,FALSE()),\"\")","v":6.44477999337272}]
["BRA26","BRA","Fiscal","Sectoral","Energy",229208925,"Climate Mitigation",null,null,"Financing to support an investment plan in the electricity sector, with a view to expanding the system, reduction commercial losses, improving the quality of energy supply, expanding the customer base and improving the operation of the electricity system. ","https://web.archive.org/save/, https://www.bndes.gov.br/wps/portal/site/home/imprensa/noticias/conteudo/bndes-financia-investimentos-em-empresas-de-energia-de-pi-al-desestatizadas-com-apoio-do-banco/!ut/p/z1/zVTbbqMwEP2WfeDR8gDm9kjT3EmjVZum4aUyxkm8KjYNNNn06zuJol3tViGVIqQiJBt8fGbmnLFpSp9oqvlWrXitjOYv-L1I_eckGncHbAoJeA8M4ls3YLOgC-PQofMjAM48MdD0_H7WA_pIU5oKXZf1mi4yncvqWemqVvWbOGZgwdoU0gJVlBupK26BNrUSilcWCKNr-ZYbC44byVJprnGJKL2VyFFIXZuKyAJf3F3xiuSSSC03KwThtFSEv-CkQjRW_M5zhAhTEF4aZUhuSIaE5pBiKVROF2Fuc8-OXCLtyCbMFpJw6WXEky4TdmYLJwhOkjTUnH5F0gZA2qz46FIANNXZTDqTFZbF6zXKtTT0qWUNMaj69fqaxmj3wbff9SnkN_R7fnD8gof_Avq3iQNx4vWg9_Ou342d_wHToduFeNBJPNYd2_3IPQEafFxgHwTnc7DpfKvkjs602RR4VO__tmngQwQiz4lvMyAMuEMiz89JsOScObjqi4wOPke4v3ExQjD0kn4EAye4MkJzAY9-u_Reu_TXijO61GFXH5jmCsahe76CL91zzfRTp116r136oFV6xq6kL4tZEbp7RdJs74IaksVou9s9LItOFp6Gvft-c3f4_2eYxD8-AHWazoo!/dz/d5/L2dBISEvZ0FBIS9nQSEh/",null,"Positive","Investments to improve the operation efficiency in general, including modernization of equipment and transmission lines, aiming to reduce the operational of energy in at least 30% in the affected areas","2021-03-12","BRL",229.208925,{"$f":"IFERROR(Q778/VLOOKUP(P778,'Exchange rates to USD'!$L$2:$N$225,3,FALSE()),\"\")","v":76.6589615511621}]
["BRA27","BRA","Fiscal","Sectoral","Energy",263691684,"Climate Mitigation","Air Pollution",null,"To diversify the energy mix in Brazil, increase the installed capacity of the national electricity system, and contribute to the strengthening of the wind turbine sector's supply chain established in the country.","https://web.archive.org/web/20200712021311/, https://www.bndes.gov.br/wps/portal/site/home/imprensa/noticias/conteudo/bndes-aprova-1-3-bilhao-para-implantacao-de-projeto-eolico-na-paraiba/%21ut/p/z1/xZVdc6IwFIZ_Sy-4jIkQQPeO1m9pO65rrdw4IUSNAwkNUbv76zdYb6oVZ8c6ywUM4c1zTt5z5gAj-AojQbZ8STSXgqTmfRZ587A5bPfwMwqR-wujoOX4eOK30bBhw-legM5cAYLR-f24g-ALjGBEhc71Cs5ikbBizkWhud7QfQYWWsmMWYhnuWKiIBYSUnPKSWEhKoVmm0RaaL8RkFzJLQF14ICYpysiQU4UAWZrSoQm1CwkDBjRmmkJmEw5lUCQvYrHpMwkpzyBM9-uI-LYGDQc2wGYxhgQbBPgYoYXNm3gmHqHk1dYE1UbU7m_tCaqxg-OBGjURkE4-vncd0Yo6Dtl7Wz1-PC4NMciegW4WEj4Wt5VRqg0hklFScaMNcr4eQI8ifg18Hu8N2y-fnuLAtMNZVnf9YH8_9phWjbEhRJ9FnRboW1q4HZQZ_TUbQf2scDUxhSp9xC6uD2sd5vOQVDRJjPTJv75qjhwuuVsByeirGoKx__Yxb1LEZ7tKyNcwLu3xfs3xWN8Szzu1CvwHmoimiTAq2MEMCI2aLpeAvwFMWHMV4_GJ_jxvWPwft8Nu03Us_1vxn_O_sW7Ld69Lf5acwaXhsfVI68MsUxl_PGfDkTsNMxoVmzBFFO1jTLLK63z4oeFLLTb7Wp7em0pt7VYmZXcDM1cKl3GKLhmFZG-4K9kYRI-xsI8m2QN5zcHUeym23Ax7q_dZTZv3T-B2WD759zjQx3c3f0FQOyfDA%21%21/dz/d5/L2dBISEvZ0FBIS9nQSEh/",null,"Positive",null,"26.10.2020","BRL",263.691684,{"$f":"IFERROR(Q779/VLOOKUP(P779,'Exchange rates to USD'!$L$2:$N$225,3,FALSE()),\"\")","v":88.191725802637}]
["BRA28","BRA","Fiscal","Sectoral","Energy",243407708,"Climate Mitigation",null,null,"The stimulus aims to help move Brazil toward a low-carbon economy, and to expand the private energy market in the country. ","https://web.archive.org/save/, https://www.bndes.gov.br/wps/portal/site/home/imprensa/noticias/conteudo/com-financiamento-do-bndes-parque-eolico-na-bahia-vai-gerar-energia-limpa-para-850-mil-domicilios/!ut/p/z1/xVVNc9owFPwtOXB8o4ctf3B0CZgPJyQhhOALI2QZ1MEysQ2U_vrKJJk2pODJUKa-yJZW-3b2rWQSkmcSKraRc1bIVLGl_p6E9jRo9FsdOsAArUeK3rXp0JHTwr5rkPFHwKBrttDrNAOLtvp1v2GS8Ph-2kbyREISclWsigWZzFQk8qlUeSGLNd8rqOEiTUQNZbLKhMpZDVVaSC5ZXkOeqkKso7R8SyCWiim9kAhVpBClsGeDFcte1gJEupQ8BcVgxhaSwYZJmIuMZSCUyOZ6ZqlLsBLOwLUQErnUJIkutZRpXqpccRmRiVMX1HQjA2wztoFybgEzGgbEnEczFxlllnXoymfbSlfwyOPh2_4TgApXT9YvAeFpeb2PAP8B6-hZ_bb3dN030aBlLozspnkz17awYgFSxSl5jsuG5JAJvs5ybZpGye8vL6GnW1wu_SjI84keFxlTuW6AKNtYw1e2aSSm74Tvc78rHAgdBL6DXuAPusPhHd7fOseEJsklxK1VtB81-6Gwh46rhTWDx7u2i_6IXrJ8OeqkvxJAso70uWDAdcAZxCrhNVxlKRe53gWRgLI8y4GpNZP5HnDEtapd4_KUVOS2KrkHAP86MLRvVhvb97d-yzMOAZ8vnInOvnM83CYZb6TYkpFKs0TfcMMvHu0OVlQYGGdWqKC3LkvvXJSe0jPpe1VX19-je_kfxBfP8__-n51sE23XT7TJxgbyKAK7ThEoMgMalh2BEzNGDb1q89kn-uE3U9M7XSvwG9gxnH9M_1H9k31Zeuuy9Oea06u6Y8-OKlklo8Q1d1JCONuZPwMx3r-g7MKkt9luH-OkOXPfhp253Pzx-T679a6ufgGovzVl/dz/d5/L2dBISEvZ0FBIS9nQSEh/ ",null,"Positive","Financing for the construction of 12 windmill parks on a total of 370.8 MW sufficient for 840 thousand residences.","26.10.2020","BRL",243.407708,{"$f":"IFERROR(Q780/VLOOKUP(P780,'Exchange rates to USD'!$L$2:$N$225,3,FALSE()),\"\")","v":81.4077467918341}]
["BRA29","BRA","Fiscal","Sectoral","Energy",42190670,"Climate Mitigation",null,null,"The stimulus aims to diversify the Brazilian energy matrix and to help economic recovery after the coronavirus pandemic. ","https://web.archive.org/save/, https://www.bndes.gov.br/wps/portal/site/home/imprensa/noticias/conteudo/bndes-aprova-financiamento-a-implantacao-de-parque-eolico-no-rio-grande-do-norte/!ut/p/z1/zVTBjpswFPyWPXB0_BZDQnpDuyRpQxq13TQLl8gYA26DTYwD27-vSXOoVk1W1Xal-mL56b2Z8ZgBp_gRp5J2oqRGKEn39pyk4108XUYLbw0x-A8ehPdk4m0mESwDF29PDXBhhYDTy_PeDPBXnOKUSdOYCieZzHm7E7I1whzZSYEDlaq5A6JuNJctdUAqI5igrQNMScOPuXLgNIhoo1VHUSEklbaj5tIoRJEd3VNpKKMK5Rw1VB-OHHG1F0whqZAWCpWaWgiUDwVt-CCqYSLHyRimGWM5Q8GtS5A3JlMUeBlFxCekANf3Cc_OJlxxKb3u0Xbg-x1hfh-7EMb-DGafPs6j0H3esH5PIggXd7HvRcvb-ZScG66QJFbk5LJIgred4D3eWANq-_Jf_tKDxUsMa_eVDC_A-28LP3lTeM97JfyHa0EbPkGbZFev7lalhaWmQkIWCj_-8-BYGvHtcEhDm-ohnk_mTPJfxNq6VO5V9uvHFsqMBNYOzQuuuR4dtS1XxjTtOwcc6Pt-dBIwKlU3yrStNFZdY4EG_a0w_PIt_oRfqdaa8RwWN_WmDsgP9P1z0D8UVVnvVhHxz9u-i4uV8ZPw5uYn_0fGBQ!!/dz/d5/L2dBISEvZ0FBIS9nQSEh/",null,"Positive",null,"26.10.2020","BRL",42.19067,{"$f":"IFERROR(Q781/VLOOKUP(P781,'Exchange rates to USD'!$L$2:$N$225,3,FALSE()),\"\")","v":14.110676315714}]
["BRA30","BRA","Other or not specified","Sectoral","Energy",997971603,"Climate Mitigation",null,null,"The operation was organized to avoid major readjustments in electricity tariffs, which would have been caused by the effects foreseen in the distributors' next ordinary tariff process. With Conta-Covid, these amounts will be diluted in 60 months, reducing the readjustment indexes to be approved in 2020.","https://web.archive.org/save/, https://www.bndes.gov.br/wps/portal/site/home/imprensa/noticias/conteudo/bndes-fecha-com-bancos-a-operacao-da-conta-covid-destinada-ao-setor-eletrico/!ut/p/z1/xVTBcpswFPyWHDjKUpAo0BuTYLs1rqdt3AQuHiEJUGskImRo_77C9aGTqZ3ppJlygOHpaXe10goW8AEWig6yplZqRffuPy_e7LJ4lS7JBmUouCMoucUh2YYpWkU-vD82oDNPgmBxfj6ZI_gFFrBgyna2gXmpuOh3UvVW2gM7KvBQo1vhIdl2RqieekhpK5mkvYeYVlYcuPbQcSKoBGsoYLoFJVVM94AC3QlDGdWATwPKTu9BcuDarVTUVd1YL6w2QOyFNZLpSVDHJId5JDinPMCg5NcxIDwKAY1xDMoqrDiJI-oH-GTABYeKy_7cT3y_IyxuMx8lWTBH848fFmniP23YvMMpSpY3WUDS1fUixqeGCyS5ExmeF-lWMUgxwq3SpnW7_vkvPVg-x7DxX8jwDHzwuvDhq8IT8kL495dCNh1Bl2LfrG_WtYOltgFSVRo-_NPQOAr59fGxSFyap1h-tyeC_x5n50691-WvyyxRJY6cDUZUwggzOxhXbqzt-rce8tA4jrMj-azWw6w0rtI5ZZ02dtLeSyvOr-BP-I3unRFPYWHXbtsI_wDfPkXjXdXU7W6d4uD02Q9ZtbZBnlxd_QSwMBFD/dz/d5/L2dBISEvZ0FBIS9nQSEh/",null,"Indeterminate","Financing for the construction of windmill parks on a total of 508 MW and further expansion plans.","26.10.2020","BRL",997.971603,{"$f":"IFERROR(Q782/VLOOKUP(P782,'Exchange rates to USD'!$L$2:$N$225,3,FALSE()),\"\")","v":333.77176191341}]
["BRA31","BRA","Other or not specified","Sectoral","Surface transport",851926978,"Climate Mitigation","Biodiversity",null,"The purchase of biodiesel is intended to comply with the mandatory mixture of 12% biodiesel to the diesel sold for the months of July and August. ","eb.archive.org/web/20200701115203/, http://www.mme.gov.br/web/guest/todas-as-noticias/-/asset_publisher/pdAS9IcdBICN/content/73-leilao-de-biodiesel-negocia-1-19-bilhao-de-litros?inheritRedirect=false&redirect=, http%253A%252F%252Fwww.mme.gov.br%252Fweb%252Fguest%252Ftodas-as-noticias%253Fp_p_id%253D101_INSTANCE_pdAS9IcdBICN%2526p_p_lifecycle%253D0%2526p_p_state%253Dnormal%2526p_p_mode%253Dview%2526p_p_col_id%253Dcolumn-1%2526p_p_col_count%253D1","eb.archive.org/web/20200701115203/; http://www.mme.gov.br/web/guest/todas-as-noticias/-/asset_publisher/pdAS9IcdBICN/content/73-leilao-de-biodiesel-negocia-1-19-bilhao-de-litros?inheritRedirect=false&redirect=","Mixed",null,"2021-03-12","BRL",851.926978,{"$f":"IFERROR(Q783/VLOOKUP(P783,'Exchange rates to USD'!$L$2:$N$225,3,FALSE()),\"\")","v":284.927113771419},"Mixed to positive",null,"changed back to mixed (all biofuels are mixed)"]
["BRA32","BRA","Fiscal","Sectoral","Energy",41987830,"Climate Mitigation",null,null,"Strengthen the electricity sector's liquidity amid the COVID-19 pandemic scenario.","https://web.archive.org/save/, https://www.aneel.gov.br/sala-de-imprensa-exibicao-2/-/asset_publisher/zXQREz8EVlZ6/content/covid-19-aneel-e-ccee-liberam-r-207-milhoes-para-distribuidoras-e-consumidores-livres/656877",null,"Positive",null,"26.10.2020","BRL",41.98783,{"$f":"IFERROR(Q784/VLOOKUP(P784,'Exchange rates to USD'!$L$2:$N$225,3,FALSE()),\"\")","v":14.042836445338}]
["BRA33","BRA","Fiscal","Sectoral","Surface transport",304259635,"Climate Mitigation","Biodiversity",null,"The international oil price reduction made biofuels less competitive compared to gasoline, thus increasing the COVID-19 crisis impact on the biofuel industry. The program aims to support the sector, incentivize the maintenance of jobs, and reduce the risk of fuel shortages during the period of economic recovery.","https://web.archive.org/web/0/, https://www.bndes.gov.br/wps/portal/site/home/imprensa/noticias/conteudo/setor-sucroalcooleiro-tera-apoio-do-bndes-para-enfrentar-pandemia",null,"Mixed",null,"2021-03-12","BRL",304.259635,{"$f":"IFERROR(Q785/VLOOKUP(P785,'Exchange rates to USD'!$L$2:$N$225,3,FALSE()),\"\")","v":101.759683489793},"Mixed to positive",null,"changed back to mixed (all biofuels are mixed)"]
["BRA34","BRA","Fiscal","Sectoral","Energy",182555781,"Climate Mitigation",null,null,"Exempts all beneficiaries of the Social Tariff Program (2002) from paying electric bills from April 8th to June 30th aiming to provide support to low income families.","https://web.archive.org/save/, http://www.planalto.gov.br/ccivil_03/_ato2019-2022/2020/Mpv/mpv950.htm; https://www.camara.leg.br/noticias/652787-MEDIDA-PROVISORIA-ISENTA-CONSUMIDOR-DE-BAIXA-RENDA-DE-PAGAR-CONTA-DE-LUZ",null,"Indeterminate",null,"2021-03-12","BRL",182.555781,{"$f":"IFERROR(Q786/VLOOKUP(P786,'Exchange rates to USD'!$L$2:$N$225,3,FALSE()),\"\")","v":61.0558100938756},"Negative to positive",null,"chanted to indeterminate"]
["BRA35","BRA","Other or not specified","Sectoral","Energy",0,"Climate Mitigation",null,null,"The presidential decree aims to maintain the renewable power mix (83% renewable), attract foreign investments, reduce consumer tariffs and generate employment. The discussion about green bonds in Brazil has been led by CBI to introduce this green finance mechanism for Brazilian infrastructure projects.","https://web.archive.org/web/20200707221455/, http://www.mme.gov.br/web/guest/todas-as-noticias/-/asset_publisher/pdAS9IcdBICN/content/decreto-cria-novas-perspectivas-para-fontes-renovaveis?inheritRedirect=false&redirect=, http%3A%2F%2Fwww.mme.gov.br%2Fweb%2Fguest%2Ftodas-as-noticias%3Fp_p_id%3D101_INSTANCE_pdAS9IcdBICN%26p_p_lifecycle%3D0%26p_p_state%3Dnormal%26p_p_mode%3Dview%26p_p_col_id%3Dcolumn-1%26p_p_col_count%3D1","https://www.in.gov.br/en/web/dou/-/decreto-n-10.387-de-5-de-junho-de-2020-260391759; https://www.tauilchequer.com.br/en/perspectives-events/publications/2020/06/decreto-n-1038720","Positive",null,"2021-03-12"]
["BRA36","BRA","Grant/Loan (including interest-free loans)",null,"Multiple or economy-wide",null,"Water",null,null,"Law No. 14.026/2020, also called as Brazil’s New Sanitation Legal Framework. This measure regulates the investment on water treatment and sewage systems, making it possible to enhance investments in clean water and sewage facilities in order to achieve 100% coverage in the country by 2033 (today 50%).",null,null,"Positive",null,"2021-03-12"]
["BRA37","BRA","Other or not specified","Sectoral","Multiple or economy-wide",null,"Biodiversity",null,null,"Dec. Law n. 10.623/2021, called Adopt a Park Programme to fosters investment by the private sector in public conservation units",null,null,"Positive",null,"2021-03-12"]
["BRA38","BRA","Other or not specified","Sectoral","Forestry",null,"Biodiversity",null,null,"Floresta+ Program aims to regulate payments for environmental services and the conservation of native forests.","https://www.gov.br/mma/pt-br/noticias/mma-institui-programa-floresta-para-remunerar-quem-protege-a-mata-nativa",null,"Positive",null,"2021-03-12"]
["BRA39","BRA","Other or not specified","Sectoral","Energy",null,"Climate Mitigation","Air Pollution",null,"Priority project in the National Congress, on the modernization of the electric sector, discussed in Senate Law Project no. 232/2016. Incentives to develop new sources of clean energy and improve efficiency on the grid.","https://www25.senado.leg.br/web/atividade/materias/-/materia/126049",null,"Positive",null,"2021-03-12"]
["BRA40","BRA","Other or not specified","Sectoral","Multiple or economy-wide",null,"Water","Biodiversity","Adaptation","Approval on the modifications of the law number 12,344/2010 on the national policy for the safety on dams. This measure focusses on more environmental and social protection by prioritization of resources in recovery degraded areas by environmental disasters. It increases business responsibility in order to assure urgency and preventing measures as well as obligations to repair damages. (Law n. 14.066/2020)","http://www.planalto.gov.br/ccivil_03/_Ato2019-2022/2020/Lei/L14066.htm#art2 \nhttps://www12.senado.leg.br/noticias/materias/2020/10/01/brasil-tem-nova-lei-de-seguranca-de-barragens\n",null,"Positive",null,"2021-03-12"]
["BRA41","BRA","Other or not specified","Sectoral","Multiple or economy-wide",null,"Biodiversity","Climate Mitigation","Water","Approval of the law number 14,119/2021 on payment for environmental services. This measure creates economic incentives and market instruments to mitigate climate change, conserve biodiversity, protect the Environment and increase local water quality. It focuses on supporting landowners to comply with environmental regulations which helps them to adopt sustainable practices. ","https://www.camara.leg.br/noticias/721368-sancionada-lei-de-pagamento-por-servicos-ambientais/#:~:text=O%20presidente%20Jair%20Bolsonaro%20sancionou,em%20troca%20do%20bem%20preservado.",null,"Positive",null,"2021-03-12"]
["BRA42","BRA","Other or not specified","Sectoral","Energy",null,"Climate Mitigation","Air Pollution",null,"Priority Project in the National Congress about the legal framework for gas, on the Law Project number 4476/2020 known as “Gas Law” aiming to help push forward a green recovery, create new jobs, support energy supply across the country, providing secure, affordable, and lower-carbon energy and products.","https://www.euractiv.com/section/energy-environment/news/eu-does-not-exclude-funding-gas-highways-under-green-recovery-plan/",null,"Mixed","The grants and loans provided to EU countries under the bloc’s €750 billion recovery plan will not automatically exclude funding for gas infrastructure or highways, as long as these are part of a coherent national decarbonization strategy with clear milestones, EU officials have said","2021-03-12",null,null,null,null,null,"Mixed because of gas focus"]
["BRA43","BRA","Other or not specified","Economy-wide","Multiple or economy-wide",null,"Other",null,null,"Priority project in the National Congress, on infrastructure debentures to attract financing to projects, discussed in Law Project number 2,646 / 2020. Law Project number 2,646 / 2020 expands the list of infrastructure projects that can be classified as priorities, in addition to including partnership contracts subject to extension or re-bidding. The expansion and modernization of the infrastructure reduces negative externalities to the environment. The measure attracts investments in projects aimed at sustainable development, with tax benefits for application in sustainable projects, with direct impacts on the environment and regional development.","https://www.gov.br/casacivil/pt-br/assuntos/noticias/2020/junho/debentures-verdes-governo-federal-publica-decreto-que-incentiva-projetos-de-infraestrutura-ambientalmente-sustentaveis\nhttps://congressoemfoco.uol.com.br/opiniao/forum/debentures-de-infraestrutura-e-crescimento-economico/\n",null,"Mixed",null,"2021-03-12",null,null,null,null,null,"Mixed because general infra"]
["BRA44","BRA","Grant/Loan (including interest-free loans)","Sectoral","Maritime transport",null,"Water",null,null,"Priority project in the National Congress, on incentives to cabotage navigation, discussed in Law Project no. 4,199 / 2020. Maritime transport is comparatively more efficient and less costly than the road or rail modal. In addition, it provides greater security for the users, reduces the volume of traffic congestions and accidents (less human and animal victims). Cabotage transport has lower fuel consumption and emission of pollutants as well as it generates less environmental impact","https://www.gov.br/infraestrutura/pt-br/brdomar\nhttps://www.marinha.mil.br/economia-azul/noticias/br-do-mar-como-e-o-projeto-do-governo-para-aumentar-o-transporte-entre-os-portos\n",null,"Positive",null,"2021-03-12"]
["BRA45","BRA","Other or not specified","Economy-wide","Multiple or economy-wide",null,"Climate Mitigation",null,null,"Edition of Decree no. 10,531 / 2020, on the Federal Development Strategy for Brazil from 2020 to 2031. Brazil has adopted an institutional long-term plan for economic recovery with specific commitments towards a resilient and low-carbon economy.","https://www.gov.br/casacivil/pt-br/assuntos/noticias/2020/outubro/decreto-institui-a-estrategia-federal-de-desenvolvimento-para-o-brasil-ate-2031",null,"Positive",null,"2021-03-12"]
["BRA46","BRA","Other or not specified","Economy-wide","Multiple or economy-wide",null,"Other",null,null,"Priority project in the National Congress, on advances for environmental licensing, discussed in Law Project no. 3729/2004. Predictability, legal assurance for investments, management of environmental and social risks and new instruments for environmental assessment","https://www.camara.leg.br/proposicoesWeb/fichadetramitacao?idProposicao=257161#:~:text=PL%203729%2F2004%20Inteiro%20teor&text=Disp%C3%B5e%20sobre%20o%20licenciamento%20ambiental,Federal%2C%20e%20d%C3%A1%20outras%20provid%C3%AAncias.",null,"Positive",null,"2021-03-12"]
["BRA47","BRA","Tax reduction / other subsidy","Sectoral","Surface transport",null,"Air Pollution","Climate Mitigation",null,"Priority project in the National Congress, on the toll-free system, discussed in Complementary Law Project no. 8/2013. Reduces negative externalities to the environment due to the reduction of traffic jams and travel times, with direct impacts on the reduction of pollution and the quality of the urban environment","https://www25.senado.leg.br/web/atividade/materias/-/materia/111929",null,"Mixed",null,"2021-03-12",null,null,null,null,null,"Mixed because of increased travel"]
["CHN1","CHN","Regulatory change","Economy-wide","Multiple or economy-wide",null,"Biodiversity",null,null,"On 26 January 2020 three government agencies issued “Notification regarding prohibition of trade in wildlife”. Temporarily required captive wildlife facilities to quarantine, and stated “all business operations…shall strictly prohibit trade of wildlife in any form”. The notice was issued “in order to strictly guard against the epidemic in the new-type coronavirus and obstruct possible sources and routes of transmission”. ",null,null,"Positive",null,null,null,null,{"$f":"IFERROR(Q800/VLOOKUP(P800,'Exchange rates to USD'!$L$2:$N$225,3,FALSE()),\"\")","v":""}]
["CHN2","CHN","Regulatory change","Economy-wide","Multiple or economy-wide",null,"Biodiversity",null,null,"On 24 February 2020 Decisions adopted by the Standing Committee of the National People’s Congress prohibited commercial breeding and trade in most terrestrial wild animal species for the purposes of consumption as food. There are still critical loopholes in China’s legislation though e.g. trade in threatened species is still allowed for traditional medicine and decorative purposes just not consumption. ","Decisions adopted by the Standing Committee of the National People’s Congress ",null,"Positive",null,null,null,null,{"$f":"IFERROR(Q801/VLOOKUP(P801,'Exchange rates to USD'!$L$2:$N$225,3,FALSE()),\"\")","v":""}]
["CHN3","CHN","Regulatory change","Economy-wide","Multiple or economy-wide",null,"Biodiversity",null,null,"One of China’s most significant legislation for biodiversity – the Wildlife protection law / wild animal law (N.B. does not cover flora) – is due to be revised this year. This is an opportunity to amend provisions that currently legitimise commercial trade in and the use of threatened species. China needs a newly precautionary approach to wildlife trade and consumption, and to ensure a coherent approach to risk mitigation for human health. ",null,null,"Indeterminate",null,null,null,null,{"$f":"IFERROR(Q802/VLOOKUP(P802,'Exchange rates to USD'!$L$2:$N$225,3,FALSE()),\"\")","v":""}]
["CHN4","CHN","Grant/Loan (including interest-free loans)","Sectoral","Buildings",7730637814,"Climate Mitigation",null,null,"As part of a wider Â¥ 4.35 trillion package, China will begin the renovation of 39,000 old urban residential communities and support the upgrading of plumbing and wiring and the installation of elevators in old residential buildings; it will also encourage the development of community services such as elderly home care, the provision of meals, and cleaning services. According to the recent document, the government provided 53.4 billion RMB to local governments for encouraging their fiscal spending on the renovation of old urban residential communities. This spending encourages some green investments, such as the Energy-saving improvement on old buildings and the installation of charging stations . ","http://www.gov.cn/xinwen/2020-07/21/content_5528678.htm",null,"Mixed",null,null,"USD",7730.637814,{"$f":"IFERROR(Q803/VLOOKUP(P803,'Exchange rates to USD'!$L$2:$N$225,3,FALSE()),\"\")","v":7730.637814}]
["CHN5","CHN","Other or not specified","Economy-wide","Multiple or economy-wide",1423690206,"Climate Mitigation","Air Pollution","Biodiversity","The investment of the fund focuses on environmental protection and pollution control, ecological restoration and land and space greening, energy conservation and utilization, green transportation, clean energy and other fields. The final size of the fund was 88.5 billion yuan, of which the central government contributed 10 billion yuan. Other contributors include provincial  and municipal governments along the Yangtze River Economic Belt, some financial institutions and enterprises.","https://web.archive.org/web/20200721140317/, https://finance.sina.com.cn/money/bank/bank_hydt/2020-07-15/doc-iivhvpwx5599537.shtml",null,"Positive",null,null,"USD",1423.690206,{"$f":"IFERROR(Q804/VLOOKUP(P804,'Exchange rates to USD'!$L$2:$N$225,3,FALSE()),\"\")","v":1423.690206}]
["CHN6","CHN","Grant/Loan (including interest-free loans)","Sectoral","Energy",8542141231,"Climate Mitigation",null,null,"China's new round of UHV projects will include 12 lines, involving a total investment of over 150 billion yuan. Among them, three lines planned to start construction in 2020 will involve an investment of about 60 billion yuan._x000D_\n_x000D_\nWhether it is for 5G, big data centers, industrial Internet or new energy vehicle charging , the construction and operation of these technologies are inseparable from the power network. _x000D_\n_x000D_\nThe ultra-high-voltage project could also improve the power transmission efficiency and increase the transmission from inland areas with massive renewable energy production to coastal regions.","https://web.archive.org/web/20200721105821/, https://finance.sina.com.cn/chanjing/cyxw/2020-03-19/doc-iimxyqwa1774230.shtml",null,"Positive",null,null,"USD",8542.141231,{"$f":"IFERROR(Q805/VLOOKUP(P805,'Exchange rates to USD'!$L$2:$N$225,3,FALSE()),\"\")","v":8542.141231}]
["CHN7","CHN","Other or not specified","Sectoral","Energy",0,"Climate Mitigation","Air Pollution",null,"China is approving plans for new coal power plant capacity at the fastest rate since 2015. Survey data from the Global Energy Monitor and the Centre for Research on Energy and Clean Air  shows that China approved the construction of more coal power plants in the period to mid-June than in all of 2018 and 2019 combined. Many of the plants are built by regional authorities in efforts to stimulate their economies. Projects proposed this year, if approved, would add more than 40 GW of capacity. ",null,null,"Negative",null,null,null,0,{"$f":"IFERROR(Q806/VLOOKUP(P806,'Exchange rates to USD'!$L$2:$N$225,3,FALSE()),\"\")","v":""}]
["CHN8","CHN","Tax reduction / Other subsidy","Sectoral","Surface transport",0,"Climate Mitigation",null,null," While China has increased subsidies to electric vehicles at the provincial level subsidies to conventional cars have also been rolled out. in Shangai for example, as part of its subsidy program for auto-replacement 40,000 cars will be supported and a subsidy of 4000 yuan will be provided to consumers who purchase a gasoline vehicle that meets the VI vehicle emission standards. Similar cash for clunker schemes are in place in Zhejiang, Shanghai, Nanjing, Changchun, Guangzhou and Foshan to name only a few._x000D_\n_x000D_\nSimilarly, local governments in China are loosening restrictions on new vehicle license plate allocations to spur an increase in vehicle sales.",null,null,"Negative",null,null,null,0,{"$f":"IFERROR(Q807/VLOOKUP(P807,'Exchange rates to USD'!$L$2:$N$225,3,FALSE()),\"\")","v":""}]
["CHN9","CHN","Other or not specified","Sectoral","Energy",0,"Climate Mitigation",null,null,"The Government increased the wind and solar energy targets for 2020 compared to what was set in its 13th five year plan. The latter was initially set at 210 GW and the later at 110GW and both have been increased to 240GW which means China will expand its solar and wind capacity by 66GW this year given its installed capacity at the end of 2019. ","https://web.archive.org/web/20200708095915/, https://www.ndrc.gov.cn/xxgk/zcfb/tz/202006/t20200618_1231501.html",null,"Positive",null,null,null,0,{"$f":"IFERROR(Q808/VLOOKUP(P808,'Exchange rates to USD'!$L$2:$N$225,3,FALSE()),\"\")","v":""}]
["CHN10","CHN","Tax reduction / Other subsidy","Sectoral","Surface transport",0,"Climate Mitigation",null,null,"From May 1 to the end of 2023, VAT levied on second-hand car dealers selling old cars will be reduced to 0.5% from an original 3% rate.","https://web.archive.org/save/, http://www.chinatax.gov.cn/chinatax/n810341/n810755/c5148182/content.html",null,"Negative",null,null,null,0,{"$f":"IFERROR(Q809/VLOOKUP(P809,'Exchange rates to USD'!$L$2:$N$225,3,FALSE()),\"\")","v":""}]
["CHN11","CHN","Other or not specified","Sectoral","Energy",465119590,"Climate Mitigation",null,null,"Approval of a coal mine and coal preparation plant in Pingliang Municilality, Gansu province by the national energy agency. The proposed investment is of 3.267 billion RMB with an output of 2.4 million tons per year.",null,null,"Negative",null,null,"USD",465.11959,{"$f":"IFERROR(Q810/VLOOKUP(P810,'Exchange rates to USD'!$L$2:$N$225,3,FALSE()),\"\")","v":465.11959}]
["CHN12","CHN","Grant/Loan (including interest-free loans)","Sectoral","Air transport",3522535194,"Climate Mitigation",null,null,"The company will go through a HK$40 billion capital restructuring process. The Hong Kong government will offer a HK$7.8 billion loan to the airline, and will create a new company, Aviation 2020, to buy HK$19.5 billion (US$2.5 billion) in preferential shares without full boardroom status, with two observers on the board. The government will also acquire warrants for another HK$1.95 billion purchase of shares later; if exercised, Aviation 2020 will have a 6.08% stake in the company. ","ttps://www.scmp.com/news/hong-kong/hong-kong-economy/article/3088130/trading-cathay-pacific-halted-hong-kong-stock",null,"Negative",null,null,"USD",3522.535194,{"$f":"IFERROR(Q811/VLOOKUP(P811,'Exchange rates to USD'!$L$2:$N$225,3,FALSE()),\"\")","v":3522.535194}]
["CHN13","CHN","Regulatory change","Sectoral","Energy",0,"Climate Mitigation",null,null,"With the economic impacts of C-19 China is not setting an energy efficiency (energy consumption per unit of GDP) target for this year, in contrast to what it has done since 2014. ","https://www.jwnenergy.com/article/2020/5/china-drops-key-environmental-target-coronavirus-hits-growth/",null,"Negative",null,null,null,0,{"$f":"IFERROR(Q812/VLOOKUP(P812,'Exchange rates to USD'!$L$2:$N$225,3,FALSE()),\"\")","v":""}]
["CHN14","CHN","Regulatory change","Sectoral","Industry",0,"Climate Mitigation",null,null,"The measure involves relaxing some environmental requirements and extending compliance deadlines for firms in order to increase production after the pandemic. Some firms that have low emissions levels for example will be exempt from on site environmental checks. It is expected that 300,000 firms and 55,000 projects will benefit form this policy. ","https://www.reuters.com/article/us-health-coronavirus-china-environment/china-to-modify-environmental-supervision-of-firms-to-boost-post-coronavirus-recovery-idUSKBN20X0AG",null,"Negative",null,null,null,0,{"$f":"IFERROR(Q813/VLOOKUP(P813,'Exchange rates to USD'!$L$2:$N$225,3,FALSE()),\"\")","v":""}]
["CHN15","CHN","Grant/Loan (including interest-free loans)","Sectoral","Surface transport",14236902051,"Climate Mitigation","Water",null,"As part of a wider Â¥ 4.35 trillion package China will redouble efforts to develop major transportation and water conservancy projects, and increase national railway development capital by 100 billion yuan. ","http://english.www.gov.cn/premier/news/202005/30/content_WS5ed197f3c6d0b3f0e94990da.html",null,"Positive",null,null,"USD",14236.902051,{"$f":"IFERROR(Q814/VLOOKUP(P814,'Exchange rates to USD'!$L$2:$N$225,3,FALSE()),\"\")","v":14236.902051}]
["CHN16","CHN","Tax reduction / Other subsidy","Sectoral","Surface transport",0,"Climate Mitigation","Air Pollution",null,"The government extended  the automobile tax exemption program for new electric vehicles for two years in order to increase the sales of electric vehicles. Vehicles exempted include pure electric vehicles, plug in hybrids and fuel cell vehicles.","http://www.gov.cn/zhengce/zhengceku/2020-04/22/content_5505188.htm_x000D_\n, http://www.miit.gov.cn/n1146295/n1652858/n1652930/n4509607/c7885632/content.html",null,"Positive",null,null,null,0,{"$f":"IFERROR(Q815/VLOOKUP(P815,'Exchange rates to USD'!$L$2:$N$225,3,FALSE()),\"\")","v":""}]
["CHN17","CHN","Tax reduction / Other subsidy","Sectoral","Surface transport",1608769932,"Climate Mitigation","Air Pollution",null,"China extended the electric vehicle subsidy policy, which was due to end in 2020, for two years in order to increase the sales of electric vehicles. EVs with a selling price of 300,000 yen or less will be supported and support will be provided to 2 million vehicles per year for a total of 6 million vehicles ","http://www.gov.cn/zhengce/zhengceku/2020-04/23/content_5505502.htm_x000D_\n, http://www.gov.cn/zhengce/2020-04/23/content_5505506.htm_x000D_\n, http://jjs.mof.gov.cn/zxzyzf/jnjpbzzj/202006/t20200622_3536951.htm ",null,"Positive",null,null,"USD",1608.769932,{"$f":"IFERROR(Q816/VLOOKUP(P816,'Exchange rates to USD'!$L$2:$N$225,3,FALSE()),\"\")","v":1608.769932}]
["CHN18","CHN","Tax reduction / Other subsidy","Sectoral","Surface transport",1423690206,"Climate Mitigation","Air Pollution",null,"This is a key stimulus measure to increase by 50 precent the electric vehicle charging network in China from its current level. This should enable 600,000 new charging points to be built in 2020. China is behind its original target of reaching 4.8 million charging points to accommodate 5 million EVs on the roads by 2020. Germany is also currently providing more subsidies to EVs than China in a bid to outrun it in the EV race.","https://technode.com/2020/04/10/china-is-investing-rmb-10-billion-in-ev-charging-infrastructure/",null,"Positive",null,null,"USD",1423.690206,{"$f":"IFERROR(Q817/VLOOKUP(P817,'Exchange rates to USD'!$L$2:$N$225,3,FALSE()),\"\")","v":1423.690206}]
["CHN19","CHN","Regulatory change","Sectoral","Multiple or economy-wide",null,"Adaptation",null,null,"The CPC Central Committee's proposals for formulating the 14th Five-Year Plan (2021-2025) for National Economic and Social Development and the Long-Range Objectives Through the Year 2035 were adopted at the fifth plenary session of the 19th CPC Central Committee which closed on Oct 29. Eco-friendly ways of work and life will be advanced to cover all areas of society. Carbon emission will steadily decline after reaching a peak, and there will be a fundamental improvement in the environment with the goal of building a Beautiful China basically reached;","http://english.www.gov.cn/policies/latestreleases/202011/03/content_WS5fa159efc6d0f7257693edc1.html",null,"Positive",null,null,null,0,{"$f":"IFERROR(Q818/VLOOKUP(P818,'Exchange rates to USD'!$L$2:$N$225,3,FALSE()),\"\")","v":""}]
["CHN20","CHN","R&D subsidies","Sectoral","Surface transport",null,"Climate Mitigation","Air Pollution",null,"The State Council on Nov 2 issued a circular aimed at boosting the high-quality development of new energy vehicles (NEV) from 2021 to 2035:According to the circular, the NEV industry should make groundbreaking achievements in batteries, driving motors, vehicle operating systems, and alike by 2025, with new car sales reaching 20 percent of total sales.\nThe core technology of the Chinese NEV industry should leapfrog to the international advanced level in the next 15 years with energy consumption per 100 kilometers dropping to 12 Kwh, it stated.\nIn addition, the development and commercial use of the solid power battery will also be accelerated.\nAdditionally, the NEV industry should actively take part in formulation of international rules and standards to facilitate the formation of an open, transparent, and inclusive international NEV market environment.",null,null,"Positive",null,null,null,0,{"$f":"IFERROR(Q819/VLOOKUP(P819,'Exchange rates to USD'!$L$2:$N$225,3,FALSE()),\"\")","v":""}]
["CHN21","CHN","Regulatory change","Sectoral","Agriculture",null,"Biodiversity",null,null,"The State Council issued a circular on Sept 27 to promote the high-quality development of the animal husbandry and ensure the security of livestock and poultry products.The self-sufficiency rate of hog products, beef and mutton, and dairy products should stay at about 95 percent, 85 percent, and 70 percent, respectively.The circular also set the goal that the rate of large-scale livestock and poultry breeding and comprehensive use of waste should reach beyond 70 percent and 80 percent, respectively, by 2025 and 75 percent and 85 percent by 2030.",null,null,"Mixed",null,null,null,0,{"$f":"IFERROR(Q820/VLOOKUP(P820,'Exchange rates to USD'!$L$2:$N$225,3,FALSE()),\"\")","v":""}]
["CHN22","CHN","Tax reduction / Other subsidy","Sectoral","Agriculture",null,"Biodiversity",null,null,"The General Office of the CPC Central Committee and the General Office of the State Council made the statement in Guidelines on Adjusting the Distribution of Land Transfer Revenues to Support Rural Rejuvenation on Sept 23, 2020.China will increase the share of revenue from land transfers diverted to agriculture and rural areas, in an effort to help finance rural rejuvenation.The guideline said that a national goal should be set based on overall consideration of fiscal capabilities, land transfer revenues and development demands in agriculture and rural areas across regions. And, local authorities should decide their own yearly goals and implementation steps, and carry out the reform at a proper pace.According to the guideline, the revenues will be mainly used to build high-quality farmlands, farming and water resource facilities; improve the living environment, and protect farmlands.","http://english.www.gov.cn/policies/latestreleases/202009/23/content_WS5f7c3098c6d0f7257693d201.html",null,"Indeterminate",null,null,null,0,{"$f":"IFERROR(Q821/VLOOKUP(P821,'Exchange rates to USD'!$L$2:$N$225,3,FALSE()),\"\")","v":""}]
["CHN23","CHN","Regulatory change","City/regional","Multiple or economy-wide",null,"Climate Mitigation",null,null,"The General Office of the State Council issued a circular on Sept 21, approving the tourism development plan for Taihang Mountain (2020-2035).\nAdhering to new development concepts and high-quality development, the plan complies with major national strategies, and gives full play to the role of tourism in poverty alleviation and rural revitalization in the Taihang Mountain area, as well as transformation and development of the resource-based areas, the circular said.\nThe circular also stresses prioritizing ecological development and urges adherence to environmental protection in Taihang Mountain.","http://english.www.gov.cn/policies/latestreleases/202009/21/content_WS5f689095c6d0f7257693c5e1.html",null,"Indeterminate",null,null,null,0,{"$f":"IFERROR(Q822/VLOOKUP(P822,'Exchange rates to USD'!$L$2:$N$225,3,FALSE()),\"\")","v":""}]
["CHN24","CHN","Regulatory change","Sectoral","Agriculture",null,"Other",null,null,"The General Office of the State Council issued a circular on Sept 15 requiring efforts to implement the strictest farmland protection to prevent non-agricultural activities on farmlands and resolutely defend the red line.\nAccording to the circular, the following acts are strictly prohibited on farmlands, especially on permanent, basic farmlands: illegal afforestation, building green channels beyond standards, digging lakes or building scenic spots, expanding nature reserve areas, as well as non-agricultural construction.\nLand approval and usage against laws and regulations are also strictly banned, according to the document.\nRelated departments across regions are required to assume responsibilities for protecting farmlands, and conduct overall inspections on farmland protection.\nThe Ministry of Natural Resources, the Ministry of Agriculture and Rural Affairs and other departments should supervise and inspect the implementation of the circular.","http://english.www.gov.cn/policies/latestreleases/202009/15/content_WS5f60c43cc6d0f7257693c077.html",null,"Negative",null,null,null,0,{"$f":"IFERROR(Q823/VLOOKUP(P823,'Exchange rates to USD'!$L$2:$N$225,3,FALSE()),\"\")","v":""}]
["CHN25","CHN","Regulatory change","Sectoral","Buildings",null,"Climate Mitigation",null,null,"The State Council on July 20 issued a guideline, aimed at pushing forward work in renovating old urban residential areas. According to the guideline, 39,000 old urban housing estates should be renovated in 2020, involving nearly 7 million households. A basic renovation system frame, policy system, and work mechanism for obsolete urban housing estates should take shape by 2022. The renovation will focus on old residential areas built before the end of 2000, and most of the work will be completed by the end of the 14th Five-Year Plan.","http://english.www.gov.cn/policies/latestreleases/202007/20/content_WS5f156515c6d00bd0989c642d.html",null,"Positive",null,null,null,0,{"$f":"IFERROR(Q824/VLOOKUP(P824,'Exchange rates to USD'!$L$2:$N$225,3,FALSE()),\"\")","v":""}]
["CHN26","CHN","Regulatory change","Economy-wide","Multiple or economy-wide",null,"Biodiversity",null,null,"The General Office of the State Council issued a reform guideline on July 10, clarifying fiscal powers and expenditure responsibilities between the central government and local governments in the field of natural resources.The assignment covers surveying and monitoring, property rights management, and security of natural resources, national territorial spatial planning and control over utilization of national land, ecological protection and restoration, disaster prevention and mitigation in the natural resource field, among other aspects.","http://english.www.gov.cn/policies/latestreleases/202007/10/content_WS5f09812ec6d06c4091250c2e.html",null,"Indeterminate",null,null,null,0,{"$f":"IFERROR(Q825/VLOOKUP(P825,'Exchange rates to USD'!$L$2:$N$225,3,FALSE()),\"\")","v":""}]
["CHN27","CHN","Regulatory change","Economy-wide","Multiple or economy-wide",null,"Climate Mitigation","Water","Air Pollution","The State Council released a reform guideline on the allocation of duties of central and local finance in ecological environment.\n\nAccording to the guideline, national and cross-regional ecological environment planning, and that of key drainage basins, sea areas, and key areas with huge influence, as well as the national plan formulation to tackle climate change, are the responsibility of central finance, which should undertake expenditures in these areas.\n\nLocal finance should assume responsibilities in ecological environment monitoring, law enforcement, inspection, and supervision at the local level, covering expenditures in these areas.\n\nDealing with cross-border water contamination will rest on the fiscal authority of the central government.\n\nPrevention and control of radioactive pollution, air pollution in influential regions and water pollution in major regions including the drainage areas of the Yangtze and Yellow Rivers is the shared responsibility of central and regional finance.\n\nPrevention and control of soil contamination, agricultural and rural pollution, solid waste pollution, chemical pollution, groundwater pollution and regional air and water pollution are defined as the responsibility of regional finance.","http://english.www.gov.cn/policies/latestreleases/202006/12/content_WS5ee3890fc6d0a6946639bf84.html",null,"Indeterminate",null,null,null,0,{"$f":"IFERROR(Q826/VLOOKUP(P826,'Exchange rates to USD'!$L$2:$N$225,3,FALSE()),\"\")","v":""}]
["CHN28","CHN","Regulatory change","Economy-wide","Multiple or economy-wide",null,"Adaptation","Water",null,"The State Council released a circular on June 8 on the decision to conduct the first general survey project on composite natural disaster risks, which cover 2020 to 2022, in an effort to beef up national comprehensive capabilities to prevent natural disasters.\n\nAccording to the circular, 2020 marks the preliminary preparation and pilot phase of the natural disaster general survey, which calls for the establishment of a general survey work mechanism at all levels, organization of an exclusive team, related training, development of a special online-platform, and implementation of pilot work.\n\n2021 and 2022 will see a composite general survey falling into place, with corresponding assessment and division work completed. And the general survey on national disaster risks and related assessment will come into fruition, with a detailed zoning map and results gathered, the circular said.","http://english.www.gov.cn/policies/latestreleases/202006/08/content_WS5f17e41fc6d029c1c26367a0.html",null,"Positive",null,null,null,0,{"$f":"IFERROR(Q827/VLOOKUP(P827,'Exchange rates to USD'!$L$2:$N$225,3,FALSE()),\"\")","v":""}]
["CHN29","CHN","Tax reduction / Other subsidy","Economy-wide","Multiple or economy-wide",18280000,"Adaptation","Water",null,"The State Council has decided to adjust the staffing of the National Committee for Disaster Reduction in light of institutional setup, personnel turnover and work requirements, said a circular released by the General Office of the State Council on May 13. China's Ministry of Finance and Ministry of Emergency Management (MEM) have allocated emergency funding of 130 million yuan (about $18.38 million) for flood control and drought relief in two provincial-level regions.\n\nOf the total, 100 million yuan will be used in Yunnan province for drought relief due to serious water shortage in some areas of the province, the MEM said.\n\nIn addition, 30 million yuan of the funds will be channeled to the Inner Mongolia autonomous region for flood control, according to the MEM. ","http://english.www.gov.cn/statecouncil/ministries/202004/17/content_WS5e999f6dc6d0b3f0e9495bec.html",null,"Positive",null,null,"USD",18.28,{"$f":"IFERROR(Q828/VLOOKUP(P828,'Exchange rates to USD'!$L$2:$N$225,3,FALSE()),\"\")","v":18.28}]
["CHN30","CHN","Regulatory change","Sectoral","Energy",8623,"Climate Mitigation","Air Pollution",null,"New coal mine, the Cocoa Coal Mine Project within the northern area of ​​Shaanxi Yuheng mining area approved by NDRC","https://www.ndrc.gov.cn/xxgk/zcfb/tz/202103/t20210304_1268929.html",null,"Negative",null,null,"CNY",8.623,{"$f":"IFERROR(Q829/VLOOKUP(P829,'Exchange rates to USD'!$L$2:$N$225,3,FALSE()),\"\")","v":1.24998050392408}]
["IND1","IND","Grant/Loan (including interest-free loans)","Economy-wide","Energy","90000 crore R","Air Pollution","Climate Mitigation",null,"A one-time emergency liquidity injection of Rs 90,000 crore for DISCOMS (Power distributers) against all their receivables\n\n\n\n","https://www.ndtv.com/india-news/coronavirus-india-covid-19-economic-package-worth-rs-20-97-053-crore-see-breakup-here-2230244, ","https://economictimes.indiatimes.com/news/economy/policy/summing-up-modis-covid-stimulus-takeaways-so-far-from-the-mother-of-all-incentives/articleshow/75758840.cms?utm_source=contentofinterest&utm_medium=text&utm_campaign=cppst","Mixed",null,null,"INR",900000,{"$f":"IFERROR(Q830/VLOOKUP(P830,'Exchange rates to USD'!$L$2:$N$225,3,FALSE()),\"\")","v":13460.8079465287}]
["IND2","IND","Regulatory change","Sectoral","Energy","NA","Air Pollution","Climate Mitigation",null,"Government is introducing the commercial mining of coal. There will be a revenue share arrangement between the\ngovernment and private companies to\npromote the mining and gasification of coal.  Promoting coal gasification through revenue share rebate, auctioning 50 new coal and 500 mineral blocks and liberalising entry norms were among the reforms announced in the energy sector.\n\n\n\n","https://www.vivideconomics.com/wp-content/uploads/2020/07/GreenStimulusIndex14July.pdf ","https://www.livemint.com/news/india/fm-sitharaman-fast-tracks-industrial-reforms-to-aid-growth-recovery-11589639649764.html","Negative",null,null,"INR",null,{"$f":"IFERROR(Q831/VLOOKUP(P831,'Exchange rates to USD'!$L$2:$N$225,3,FALSE()),\"\")","v":0}]
["IND3","IND","Grant/Loan (including interest-free loans)","Sectoral","Surface transport","50000 crore R","Air Pollution","Climate Mitigation",null,"Investment  will be made for creating transportation infrastructure for evacuating 1 billion tonnes of coal from state run Coal India Ltd.’s (CIL) mines.",null,null,"Negative",null,null,"INR",500000,{"$f":"IFERROR(Q832/VLOOKUP(P832,'Exchange rates to USD'!$L$2:$N$225,3,FALSE()),\"\")","v":7478.22663696037}]
["IND4","IND","Tax reduction / Other subsidy","City/regional","Multiple or economy-wide","6000 crore R","Biodiversity",null,null,"Tribal people will get employment in forest management, wildlife protection/management and other forest related activities.\n\n",null,null,"Positive",null,null,"INR",60000,{"$f":"IFERROR(Q833/VLOOKUP(P833,'Exchange rates to USD'!$L$2:$N$225,3,FALSE()),\"\")","v":897.387196435245}]
["IND5","IND","Grant/Loan (including interest-free loans)","Sectoral","Multiple or economy-wide","200000 crore R","Biodiversity","Other",null,"Concessional credit for farming activities, animal husbandry and Fisheries\n",null,null,"Mixed",null,null,"INR",2000000,{"$f":"IFERROR(Q834/VLOOKUP(P834,'Exchange rates to USD'!$L$2:$N$225,3,FALSE()),\"\")","v":29912.9065478415}]
["IND6","IND","Grant/Loan (including interest-free loans)","Sectoral","Multiple or economy-wide","20000 crore R","Biodiversity",null,null,"Development of marine and inland fisheries. This will lead to an additional fish production of 70 lakh tons in next five years and provide employment to 55 lakh people.\n",null,null,"Indeterminate",null,null,"INR",200000,{"$f":"IFERROR(Q835/VLOOKUP(P835,'Exchange rates to USD'!$L$2:$N$225,3,FALSE()),\"\")","v":2991.29065478415}]
["IND7","IND","Regulatory change","Economy-wide","Multiple or economy-wide","NA","Climate Mitigation","Other",null,"India has  fast-tracked the environmental\nassessment of site clean-ups on projects in\norder to increase the speed of project development.\n. This increase in the speed of assessments\nfor environmental performance spans\nacross different industrial sectors","https://qz.com/india/1851634/india-fast-tracks-green-clearance-to-spur-coronavirus-hit-economy/",null,"Negative",null,null,"INR",null,{"$f":"IFERROR(Q836/VLOOKUP(P836,'Exchange rates to USD'!$L$2:$N$225,3,FALSE()),\"\")","v":0}]
["IND8","IND","Tax reduction / Other subsidy","Sectoral","Energy","9700 crore R","Air Pollution","Other",null,"Free LPG cylinders under Pradhan Mantri Garib Kalyan Yojana to 8,00,00,000 beneficiaries of Pradhan Mantri Ujjwala Yojna.  The objective is to help consumers cope with the economic impacts of Covid-19","https://pib.gov.in/PressReleasePage.aspx?PRID=1618345",null,"Mixed",null,null,"INR",97000,{"$f":"IFERROR(Q837/VLOOKUP(P837,'Exchange rates to USD'!$L$2:$N$225,3,FALSE()),\"\")","v":1450.77596757031}]
["IND9","IND","Tax reduction / Other subsidy","Economy-wide","Surface transport","NA","Air Pollution",null,null,"Excise duty hiked on retail sale of gasoline and diesel","https://energy.economictimes.indiatimes.com/news/oil-and-gas/excise-duty-hike-on-petrol-diesel-govt-to-garner-rs-39000-crore/74633623 Accessed 6 April 2020",null,"Positive",null,null,null,null,{"$f":"IFERROR(Q838/VLOOKUP(P838,'Exchange rates to USD'!$L$2:$N$225,3,FALSE()),\"\")","v":""}]
["IND10","IND","Regulatory change","Sectoral","Energy","NA","Climate Mitigation","Air Pollution",null,"Extension on waiver of interstate transmission charges granted for power generated from solar and wind power projects until June 30, 2023. This Order had superseded the earlier orders issued in 2016 and 2017. Further, the MoP in its order dated November 2019, had extended the waiver date from date March 31, 2022, to December 31, 2022. No ISTS charges would be levied for 25 years from the date of commissioning of the power plants for the supply and sale to entities having renewable purchase obligations (RPO)","https://energy.economictimes.indiatimes.com/news/renewable/govt-grants-ists-waiver-extension-for-solar-wind-projects-until-june-2023/77390466 Accessed 11 August 2020",null,"Positive",null,null,null,null,{"$f":"IFERROR(Q839/VLOOKUP(P839,'Exchange rates to USD'!$L$2:$N$225,3,FALSE()),\"\")","v":""}]
["IND11","IND","Regulatory change","Sectoral","Industry","NA","Climate Mitigation","Air Pollution",null,"The policy focuses on which fuel will be allowed as far as industries are concerned. Petroleum coke and furnace oil are likely to be banned in the state by March 2024. Though initially, the plan was to roll out the ban of these pollutants over the next two years, the industry associations demanded relief for an additional two years because of the economic downturn induced by the ongoing COVID-19 pandemic. SFP allows the use of coal, wood, pine needle, and agricultural waste.","https://www.hindustantimes.com/india-news/ueppcb-approves-state-fuel-policy-petcoke-to-be-banned-as-fuel-in-state-by-march-2024/story-JdWXVPlRVgAURolTFEBacK.html",null,"Negative",null,null,null,null,{"$f":"IFERROR(Q840/VLOOKUP(P840,'Exchange rates to USD'!$L$2:$N$225,3,FALSE()),\"\")","v":""}]
["IDN1","IDN","Tax reduction / Other subsidy","Sectoral","Energy","IDR 110 trillion","Climate Mitigation",null,null," \"President Joko “Jokowi” Widodo has announced that Indonesia's poorest households will receive free electricity and\n discounts to help them cope with the economic shocks caused by the COVID-19 pandemic. This will be targetted at the 24 million customers using 450 KVa and the 7 million customers using 900 KVa.\"\n\n","https://www.thejakartapost.com/news/2020/03/31/indonesia-announces-rp-405-trillion-covid-19-budget-anticipates-5-deficit-in-historic-move.html?utm_source=newsletter&utm_medium=mailchimp&utm_campaign=mailchimp-april&utm_term=covid-budget\n\nhttps://www.thejakartapost.com/news/2020/03/31/jokowi-announces-free-electricity-discounts-for-households-hardest-hit-by-covid-19-impacts.html\n\nhttps://www.oecd.org/coronavirus/en/#country-profiles\n\nhttps://www.eco-business.com/news/how-green-are-asias-post-covid-economic-recovery-plans/?utm_medium=email&utm_campaign=Daily%20Digest%2029062020&utm_content=Daily%20Digest%2029062020+CID_7205dcfba2d84818873df402844a32bb&utm_source=Campaign%20Monitor&utm_term=How%20green%20are%20Asias%20post-Covid%20economic%20recovery%20plans",null,"Negative",null,null,"IDR",110000000,{"$f":"IFERROR(Q841/VLOOKUP(P841,'Exchange rates to USD'!$L$2:$N$225,3,FALSE()),\"\")","v":8052.9441038887}]
["IDN2","IDN","Regulatory change","Economy-wide","Multiple or economy-wide",null,"Climate Mitigation","Other",null,"Under the Omnibus Bill, Indonesia intends to reform the environmental permitting process using a risk-based approach whereby projects will be classified by risk-category. Only projects in the high-risk category will be required to undergo an environmental impact assessment or public consultation with local communities. ","https://www.nytimes.com/2020/11/03/world/asia/indonesia-stimulus-bill-signed.html",null,"Mixed","More details shall be provided in the implementing regulations",null,null,null,{"$f":"IFERROR(Q842/VLOOKUP(P842,'Exchange rates to USD'!$L$2:$N$225,3,FALSE()),\"\")","v":""}]
["ZAF1","ZAF","Grant/Loan (including interest-free loans)","Economy-wide","Multiple or economy-wide",null,"Climate Mitigation","Waste & recycling","Water","23 June 2020.\nThe government announces a massive infrastructure investment plan conceptualised as part of the country’s strategy to revitalize the economy and reduce rampant unemployment. The COVID-19 pandemic and the downgrading of the economy already before the pandemic increased the urgent need for infrastructure investment. \nThe \"greenness\" of the measure has not been explicitly defined. Among the sectors of intervention - energy, water and sanitation, transport, digital infrastructure, human settlements, and agriculture and agroprocessing, energy is the one that most explicitly refers to sustainable resources with the continuation of the Integrated Resource Plan (project started in 2019). ","https://pmg.org.za/committee-meeting/30523/","https://www.tralac.org/documents/news/3777-sustainable-infrastructure-development-symposium-south-africa-sidssa-23-june-2020/file.html","Mixed",null,null,"ZAR",null,null,null,null,{"$f":"R843/SUM(R1:R1020)","v":0}]
["ZAF2","ZAF","Other or not specified","Sectoral","Energy",null,"Climate Mitigation","Other",null,"23 June 2020.\nIn the infrastructure investment plan, the Integrated Resource Plan (project started in 2019) is explicitly considered to be continued, with a total of 25 projects approved. When the IRP is implemented in full, coal-fired generationwill fall from 70% of the current installed capacity to 43% by 2030 with renewables (excluding hydro) increasing from 7% to 34% over the same period. ","https://www.tralac.org/documents/news/3777-sustainable-infrastructure-development-symposium-south-africa-sidssa-23-june-2020/file.html \n(page 20)",null,"Positive","Whie indigenous coal is still the main source of primary energy (69%), renewables are increasingly growing in national energy policy, and this plan is a great accelerator",null,null,null,{"$f":"IFERROR(Q844/VLOOKUP(P844,'Exchange rates to USD'!$L$2:$N$225,3,FALSE()),\"\")","v":""},null,null,{"$f":"SUM(R844:R856)/SUM(R1:R1020)","v":0.00120184945771418}]
["ZAF3","ZAF","Other or not specified","Economy-wide",null,"3.5 million","Climate Mitigation","Other",null,"13 September 2020\nCabinet approved key actions that will contribute to the environment:\n1. Establishment of the Presidential Climate Change Coordinating Commission (PCCCC) to coordinate the Just Transition. One of its first tasks will be to focus on understanding the impact of climate change on jobs, both positive and negative, and climate change responses by sector and location. This will require the urgent finalisation of the National Employment Vulnerability Assessment (NEVA) and thereafter, Sector Job Resilient Plans (SJRPs). The Commission will also explore opportunities for new upstream and downstream green jobs and green industries that should be exploited, and climate resilience interventions that need to be expanded.\n2. South Africa’s Low Emissions Development Strategy (LEDS), also approved by Cabinet, will be deposited with the United Nations Framework Convention on Climate Change (UNFCCC) Secretariat.  This is further to the country’s NDC deposited with the UNFCCC ahead of the signing of the Paris Agreement on Climate Change in which countries committed to limited the increase in global average temperatures to below 1.5°C above pre-industrial levels.\n\n","https://www.sanews.gov.za/south-africa/cabinet-approves-climate-change-plans","https://www.environment.gov.za/mediarelease/climatechange_emissionsreduction_wastemanagementplans","Positive",null,null,"USD",3.5,{"$f":"IFERROR(Q845/VLOOKUP(P845,'Exchange rates to USD'!$L$2:$N$225,3,FALSE()),\"\")","v":3.5}]
["ZAF4","ZAF","Regulatory change","Economy-wide","Waste management",null,"Waste & recycling",null,null,"13 September 2020\nCabinet has approved another key action, the National Waste Management Strategy 2020, developed in terms of the National Environmental Management: Waste Act. This strategy is a revision and update of the 2011 strategy and builds on the successes and lessons from the implementation of that strategy. The NWMS 2020 is focused on preventing waste and diverting waste from landfill by leveraging the concept of the Circular Economy to drive sustainable, inclusive economic growth and development in the waste sector, while reducing the social and environmental impacts of waste. Its implementation plan will create jobs in the waste sector and increase awareness and compliance around waste.","https://www.eapasa.org/images/documents/Costing_Framework_for_the_National_Waste_Management_Strategy_2020._18_June_2020.pdf",null,"Positive",null,null,null,null,{"$f":"IFERROR(Q846/VLOOKUP(P846,'Exchange rates to USD'!$L$2:$N$225,3,FALSE()),\"\")","v":""}]
["ZAF5","ZAF","Regulatory change","Sectoral","Industry",null,"Air Pollution","Climate Mitigation",null,"1 October 2020\nAfter a deferral in March due to the already demaged eeconomic downturn of the industrial sector, the government  has re-opened the period of submission of the carbon tax from 1 to 31 October for the period 2019","https://www.sars.gov.za/ClientSegments/Customs-Excise/Excise/Environmental-Levy-Products/Pages/Carbon-Tax.aspx",null,"Positive","The measure had been approved before Covid crisis broke up, but it was only postponed to give some relief to industries ",null,null,null,{"$f":"IFERROR(Q847/VLOOKUP(P847,'Exchange rates to USD'!$L$2:$N$225,3,FALSE()),\"\")","v":""}]
["ZAF6","ZAF","Grant/Loan (including interest-free loans)","Sector-specific","Multiple or economy-wide","56 million","Water","Air Pollution",null,"16 October 2020\nIntervention by the Department of Water and Sanitation (DWS) in the Vaal River pollution. To solve the sewer challenge, the Department committed this fund for work that includes the building of additional wastewater treatment capacity and associated pump stations. In addition, 26 work packages will be advertised in the coming weeks for competent contractors to be part of solving the protracted sewer challenge. In this regard, departmental checks and balances had to be followed to ensure compliance with procurement processes. This thoroughness on the part of the department caused delays but was necessary to ensure processes were done in a completely honest and straightforward manner.","https://www.sanews.gov.za/south-africa/funds-allocated-solve-vaal-river-pollution",null,"Positive",null,null,"USD",56,{"$f":"IFERROR(Q848/VLOOKUP(P848,'Exchange rates to USD'!$L$2:$N$225,3,FALSE()),\"\")","v":56}]
["ZAF7","ZAF","Regulatory change","Economy-wide","Multiple or economy-wide",null,"Air Pollution",null,null,"The Minister of the Environment, Forestry and Fisheries, Barbara Creecy, published SO2 air pollution standards twice as low as previous standards at the start of the Covid-19 emergency lockdown.","https://www.iol.co.za/saturday-star/news/government-locks-sa-into-deadly-air-pollution-amid-covid-19-pandemic-45895850 Accessed 18 May 2020_x000D_\n, https://www.iol.co.za/saturday-star/news/government-locks-sa-into-deadly-air-pollution-amid-covid-19-pandemic-45895850 Accessed 18 May 2020",null,"negative"]
["ZAF8","ZAF","Grant/Loan (including interest-free loans)","Sector-specific","Surface transport","R6.75 billion","Climate Mitigation","Air Pollution",null,"Improved public transport network infrastructure and services that function optimally and are accessible, safe, convenient, affordable,well managed and maintained","IMPLEMENTATION PLAN FOR THE SOUTH AFRICAN ECONOMIC RECONSTRUCTION AND RECOVERY PLAN (ERRP)",null,"Positive",null,"2021-01-08","ZAR",6750,{"$f":"IFERROR(Q850/VLOOKUP(P850,'Exchange rates to USD'!$L$2:$N$225,3,FALSE()),\"\")","v":535.252508875138}]
["ZAF9","ZAF","Other or not specified","Sector-specific","Forestry","R1.983 billion","Climate Mitigation","Biodiversity",null,"Create 50,311 new opportunities in environmental programmes and 14,000 new opportunities in community forestry","IMPLEMENTATION PLAN FOR THE SOUTH AFRICAN ECONOMIC RECONSTRUCTION AND RECOVERY PLAN (ERRP)","Employment Stimulus programme (quoted in Cambridge Econometric, Modelling an inclusive Green Econoomy COVID19 Recovery Programme for SA ","Positive",null,null,"ZAR",1983,{"$f":"IFERROR(Q851/VLOOKUP(P851,'Exchange rates to USD'!$L$2:$N$225,3,FALSE()),\"\")","v":157.245292607318}]
["ZAF10","ZAF","Tax reduction / other subsidy","Economy-wide","Multiple or economy-wide","R 2 billion","Climate Mitigation","Air Pollution",null,"Deferral of carbon tax payments (3-month) for filing and first payment of carbon tax liabilities. The filing and payment date will be delayed to 31 October 2020, providing cash flow relief of close to ZAR2 billion.","Global Recovery Observatory","http://www.treasury.gov.za/comm_media/press/2020/20200423%20Media%20statement%20-%20Further%20tax%20measures%20to%20combat%20COVID-19.pdf ; ","Mixed",null,"2021-03-31","ZAR",2000,{"$f":"IFERROR(Q852/VLOOKUP(P852,'Exchange rates to USD'!$L$2:$N$225,3,FALSE()),\"\")","v":158.593335963004}]
["ZAF11","ZAF","Grant/Loan (including interest-free loans)","Sectoral","Energy","R26 bln","Climate Mitigation","Air Pollution",null,"Bailout of coal-fired power utility (Eskom) which generates almost all electricity in ZAF (On the top of annual R 23 bln for the next 3 years that had been committed before the pandemic)","Global Recovery Observatory","http://www.treasury.gov.za/documents/National%20Budget/2020/review/FullBR.pdf","Negative",null,"2021-03-31","ZAR",26000,{"$f":"IFERROR(Q853/VLOOKUP(P853,'Exchange rates to USD'!$L$2:$N$225,3,FALSE()),\"\")","v":2061.71336751905}]
["ZAF12","ZAF","Grant/Loan (including interest-free loans)","City/regional","Multiple or economy-wide","R10 m","Water",null,null,"Delivery of water tanks to areas in the Eastern Cape affected by drought. Additional funds to be committed later.","Global Recovery Observatory","https://www.gov.za/speeches/update-drought-interventions-eastern-cape-28-sep-2020-0000","Positive",null,"2021-03-31","ZAR",10,{"$f":"IFERROR(Q854/VLOOKUP(P854,'Exchange rates to USD'!$L$2:$N$225,3,FALSE()),\"\")","v":0.79296667981502}]
["ZAF13","ZAF","Grant/Loan (including interest-free loans)",null,"Buildings","R 600 m","Other",null,null,"Social housing spending to provide affordable rental housing financed through Social Housing Re gulation Authority ","Global Recovery Observatory","http://www.treasury.gov.za/documents/national%20budget/2020S/review/FullSBR.pdf","Positive",null,"2021-03-31","ZAR",600,{"$f":"IFERROR(Q855/VLOOKUP(P855,'Exchange rates to USD'!$L$2:$N$225,3,FALSE()),\"\")","v":47.5780007889012}]
["ZAF14","ZAF","Grant/Loan (including interest-free loans)","City/regional","Energy","R 135 m","Climate Mitigation","Air Pollution",null,"Installation of a bespoke solar carport by Ford SA at its assembly plant in Silverton, Tshwane.This 13,5 MW, 31 000 PV panel, solution will be one of the largest solar carports in the world and will create over 5000 new jobs","https://www.environment.gov.za/speech/sotyu_onlinesustainabilitysummit2020",null,"Positive",null,"2021-03-31","ZAR",135,{"$f":"IFERROR(Q856/VLOOKUP(P856,'Exchange rates to USD'!$L$2:$N$225,3,FALSE()),\"\")","v":10.7050501775028}]
["ZAF15","ZAF","Grant/Loan (including interest-free loans)","City/regional","Energy","n/a","Climate Mitigation","Air Pollution",null,"Construction of Kangnas Wind Farm (Springbok -Northern Cape) as part of government’s Renewable Energy Independent Power Producer Procurement Programme (REI4P). The project will generate enough clean energy to satisfy the needs of 154 625 average South African households,513 GWh of renewable energy each year, during its 20-year operations period.Kangnas Wind Farm, most recently, provided support to the local healthcare centre in Springbok through the provision of Oxygen machines and other equipment to assist with COVID-19 relief","https://www.environment.gov.za/speech/sotyu_onlinesustainabilitysummit2020",null,"Positive",null,"2021-03-31","ZAR"]
["ZAF16","ZAF","Regulatory change","Sectoral","Energy","n/a","Water","Biodiversity","Other","Reduce current timeframes for mining, prospecting, water and environmental licenses by 50%","Government of SA, Highlights of the RRP",null,"Positive",null,"2021-03-31","ZAR"]

{"sheet":"Exchange rates to USD","index":2,"n_rows":46,"n_cols":14,"rows_kept":46,"cut":false,"hidden":false,"merged":[]}
[null,null,null,null,null,null,"2019 EXCHANGE RATES",null,null,"ISO","COUNTRY","natcurrency_code","y2019","y2020"]
[null,null,null,null,null,null,null,null,null,"AUS","Australia","AUD",1.43850696086884,1.41438508033752]
[null,null,null,null,null,null,null,null,null,"AUT","Austria","EUR",0.89327597618103,0.906890511512756]
[null,null,null,null,null,null,null,null,null,"BEL","Belgium","EUR",0.89327597618103,0.906890511512756]
[null,null,null,null,null,null,null,null,null,"CAN","Canada","CAD",1.32685399055481,1.30981767177582]
[null,null,null,null,null,null,null,null,null,"CHE","Switzerland","CHF",0.993840992450714,1.0495491027832]
[null,null,null,null,null,null,null,null,null,"CHL","Chile","CLP",702.897399902344,622.558776855469]
[null,null,null,null,null,null,null,null,null,"COL","Colombia","COP",3280.83154296875,2880.34448242187]
[null,null,null,null,null,null,null,null,null,"CZE","Czech Republic","CZK",22.9322490692139,22.510705947876]
[null,null,null,null,null,null,null,null,null,"DEU","Germany","EUR",0.89327597618103,0.906890511512756]
[null,null,null,null,null,null,null,null,null,"DNK","Denmark","DKK",6.66944694519043,6.77768421173096]
[null,null,null,null,null,null,null,null,null,"ESP","Spain","EUR",0.89327597618103,0.906890511512756]
[null,null,null,null,null,null,null,null,null,"EST","Estonia","EUR",0.89327597618103,0.906890511512756]
[null,null,null,null,null,null,null,null,null,"FIN","Finland","EUR",0.89327597618103,0.906890511512756]
[null,null,null,null,null,null,null,null,null,"FRA","France","EUR",0.89327597618103,0.906890511512756]
[null,null,null,null,null,null,null,null,null,"GBR","United Kingdom","GBP",0.783445000648499,0.784878492355347]
[null,null,null,null,null,null,null,null,null,"GRC","Greece","EUR",0.89327597618103,0.906890511512756]
[null,null,null,null,null,null,null,null,null,"HUN","Hungary","HUF",290.660003662109,272.606903076172]
[null,null,null,null,null,null,null,null,null,"IRL","Ireland","EUR",0.89327597618103,0.906890511512756]
[null,null,null,null,null,null,null,null,null,"ISL","Iceland","ISK",122.606773376465,110.013572692871]
[null,null,null,null,null,null,null,null,null,"ISR","Israel","ILS",3.56452703475952,3.67140197753906]
[null,null,null,null,null,null,null,null,null,"ITA","Italy","EUR",0.89327597618103,0.906890511512756]
[null,null,null,null,null,null,null,null,null,"JPN","Japan","JPY",109.009666442871,111.220710754395]
[null,null,null,null,null,null,null,null,null,"KOR","Korea","KRW",1165.49890136719,1146.26000976563]
[null,null,null,null,null,null,null,null,null,"LTU","Lithuania","EUR",0.89327597618103,0.906890511512756]
[null,null,null,null,null,null,null,null,null,"LUX","Luxembourg","EUR",0.89327597618103,0.906890511512756]
[null,null,null,null,null,null,null,null,null,"LVA","Latvia","EUR",0.89327597618103,0.906890511512756]
[null,null,null,null,null,null,null,null,null,"MEX","Mexico","MXN",19.2636337280273,17.2222442626953]
[null,null,null,null,null,null,null,null,null,"NLD","Netherlands","EUR",0.89327597618103,0.906890511512756]
[null,null,null,null,null,null,null,null,null,"NOR","Norway","NOK",8.80000019073486,8.15642166137695]
[null,null,null,null,null,null,null,null,null,"NZL","New Zealand","NZD",1.51787495613098,1.48677265644074]
[null,null,null,null,null,null,null,null,null,"POL","Poland","PLN",3.83937501907349,3.75617933273315]
[null,null,null,null,null,null,null,null,null,"PRT","Portugal","EUR",0.89327597618103,0.906890511512756]
[null,null,null,null,null,null,null,null,null,"SVK","Slovak Republic","EUR",0.89327597618103,0.906890511512756]
[null,null,null,null,null,null,null,null,null,"SVN","Slovenia","EUR",0.89327597618103,0.906890511512756]
[null,null,null,null,null,null,null,null,null,"SWE","Sweden","SEK",9.45834922790527,9.66104030609131]
[null,null,null,null,null,null,null,null,null,"TUR","Turkey","TRY",5.67381906509399,4.57300615310669]
[null,null,null,null,null,null,null,null,null,"USA","United States","USD",1,1]
[null,null,null,null,null,null,null,null,null,"CRI","Costa Rica","CRC",587.294616699219,{"$f":"M39","v":587.294616699219}]
[null,null,null,null,null,null,null,null,null,"BRA","Brazil","BRL",3.9273419380188,2.98998212814331]
[null,null,null,null,null,null,null,null,null,"CHN","China (People’s Republic of)","CNY",6.90838479995728,6.89850759506226]
[null,null,null,null,null,null,null,null,null,"IND","India","INR",70.4199676513672,66.8607711791992]
[null,null,null,null,null,null,null,null,null,"IDN","Indonesia","IDR",14147.6708984375,13659.6005859375]
[null,null,null,null,null,null,null,null,null,"RUS","Russia","RUB",64.7376556396484,57.6037368774414]
[null,null,null,null,null,null,null,null,null,"ZAF","South Africa","ZAR",14.4484272003174,12.6108703613281]
[null,null,null,null,null,null,null,null,null,"ARG","Argentina","ARS",48.147891998291,32.531078338623]

{"sheet":"selection lists","index":3,"n_rows":11,"n_cols":14,"rows_kept":11,"cut":false,"hidden":false,"merged":[]}
["Type of measure",null,"Sub-type of measure",null,"Scope",null,null,"Sector",null,"Yes/No",null,"Environmental focus 1",null,"Positive/Negative/Indeterminate"]
["Policy",null,"Tax reduction / other subsidy",null,"Sectoral",null,null,"Energy",null,"No",null,"Climate",null,"Indeterminate"]
["Fiscal",null,"Grant/Loan (including interest-free loans)",null,"Economy-wide",null,null,"Surface transport",null,"Yes",null,"Air Pollution",null,"Mixed"]
["Monetary",null,"Regulatory change",null,"City/regional",null,null,"Multiple or n.a.",null,"n/a",null,"Biodiversity",null,"Negative"]
[null,null,"Other or not specified",null,"Sector-specific",null,null,"Agriculture",null,null,null,"Water",null,"Positive"]
[null,null,"Skills training",null,null,null,null,"Industry",null,null,null,"Other"]
[null,null,"R&D subsidies",null,null,null,null,"Buildings",null,null,null,"Waste & recycling"]
[null,null,null,null,null,null,null,"Air transport",null,null,null,"Plastics"]
[null,null,null,null,null,null,null,"Forestry",null,null,null,"Adaptation"]
[null,null,null,null,null,null,null,"Maritime transport"]
[null,null,null,null,null,null,null,"Waste management"]